{"id":1291,"date":"2024-01-28T20:31:10","date_gmt":"2024-01-28T19:31:10","guid":{"rendered":"https:\/\/www.mtv-in.de\/fechten\/?page_id=1291"},"modified":"2025-08-31T10:19:42","modified_gmt":"2025-08-31T08:19:42","slug":"bm-degen-2024","status":"publish","type":"page","link":"https:\/\/www.mtv-in.de\/fechten\/turniere\/bm-degen-2024\/","title":{"rendered":"BM Degen 2024"},"content":{"rendered":"\n<p class=\"fly-in fly-in-delay-1\">Die bayerische Meisterschaft Fechten Degen hat am <strong><mark style=\"background-color:rgba(0, 0, 0, 0)\" class=\"has-inline-color has-vivid-red-color\">16. und 17. M\u00e4rz<\/mark> <\/strong>2024 in der Halle der Willhelm-Ernst Grundschule (Feselenstra\u00dfe 42, 85053 Ingolstadt) stattgefunden.<\/p>\n\n\n\n<p class=\"fly-in fly-in-delay-1\">Die Schirmherrschaft \u00fcbernahm Ingolstadts Sport-B\u00fcrgermeisterin Dr. jur. Dorothea Deneke-Stoll.<\/p>\n\n\n\n<p class=\"fly-in fly-in-delay-1\">Danke an alle Helfer und Beteiligten, ein unvergessliches Wochenende.<\/p>\n\n\n\n<div style=\"height:20px\" aria-hidden=\"true\" class=\"wp-block-spacer\"><\/div>\n\n\n\n<figure class=\"wp-block-gallery has-nested-images columns-default is-cropped wp-block-gallery-1 is-layout-flex wp-block-gallery-is-layout-flex\">\n<figure class=\"wp-block-image size-large fly-in fly-in-delay-1\"><a href=\"https:\/\/www.mtv-in.de\/fechten\/files\/2024\/03\/Kopie-von-DSC01830-scaled.jpg\"><img loading=\"lazy\" decoding=\"async\" width=\"1024\" height=\"728\" data-id=\"1372\" src=\"https:\/\/www.mtv-in.de\/fechten\/files\/2024\/03\/Kopie-von-DSC01830-1024x728.jpg\" alt=\"\" class=\"wp-image-1372\" srcset=\"https:\/\/www.mtv-in.de\/fechten\/files\/2024\/03\/Kopie-von-DSC01830-1024x728.jpg 1024w, https:\/\/www.mtv-in.de\/fechten\/files\/2024\/03\/Kopie-von-DSC01830-300x213.jpg 300w, https:\/\/www.mtv-in.de\/fechten\/files\/2024\/03\/Kopie-von-DSC01830-768x546.jpg 768w, https:\/\/www.mtv-in.de\/fechten\/files\/2024\/03\/Kopie-von-DSC01830-1536x1092.jpg 1536w, https:\/\/www.mtv-in.de\/fechten\/files\/2024\/03\/Kopie-von-DSC01830-2048x1456.jpg 2048w\" sizes=\"auto, (max-width: 1024px) 100vw, 1024px\" \/><\/a><\/figure>\n\n\n\n<figure class=\"wp-block-image size-large fly-in fly-in-delay-2\"><a href=\"https:\/\/www.mtv-in.de\/fechten\/files\/2024\/03\/Kopie-von-DSC00877-scaled.jpg\"><img loading=\"lazy\" decoding=\"async\" width=\"1024\" height=\"612\" data-id=\"1371\" src=\"https:\/\/www.mtv-in.de\/fechten\/files\/2024\/03\/Kopie-von-DSC00877-1024x612.jpg\" alt=\"\" class=\"wp-image-1371\" srcset=\"https:\/\/www.mtv-in.de\/fechten\/files\/2024\/03\/Kopie-von-DSC00877-1024x612.jpg 1024w, https:\/\/www.mtv-in.de\/fechten\/files\/2024\/03\/Kopie-von-DSC00877-300x179.jpg 300w, https:\/\/www.mtv-in.de\/fechten\/files\/2024\/03\/Kopie-von-DSC00877-768x459.jpg 768w, https:\/\/www.mtv-in.de\/fechten\/files\/2024\/03\/Kopie-von-DSC00877-1536x917.jpg 1536w, https:\/\/www.mtv-in.de\/fechten\/files\/2024\/03\/Kopie-von-DSC00877-2048x1223.jpg 2048w\" sizes=\"auto, (max-width: 1024px) 100vw, 1024px\" \/><\/a><\/figure>\n\n\n\n<figure class=\"wp-block-image size-large fly-in fly-in-delay-3\"><a href=\"https:\/\/www.mtv-in.de\/fechten\/files\/2024\/03\/Kopie-von-DSC00908-scaled.jpg\"><img loading=\"lazy\" decoding=\"async\" width=\"1024\" height=\"723\" data-id=\"1370\" src=\"https:\/\/www.mtv-in.de\/fechten\/files\/2024\/03\/Kopie-von-DSC00908-1024x723.jpg\" alt=\"\" class=\"wp-image-1370\" srcset=\"https:\/\/www.mtv-in.de\/fechten\/files\/2024\/03\/Kopie-von-DSC00908-1024x723.jpg 1024w, https:\/\/www.mtv-in.de\/fechten\/files\/2024\/03\/Kopie-von-DSC00908-300x212.jpg 300w, https:\/\/www.mtv-in.de\/fechten\/files\/2024\/03\/Kopie-von-DSC00908-768x542.jpg 768w, https:\/\/www.mtv-in.de\/fechten\/files\/2024\/03\/Kopie-von-DSC00908-1536x1084.jpg 1536w, https:\/\/www.mtv-in.de\/fechten\/files\/2024\/03\/Kopie-von-DSC00908-2048x1445.jpg 2048w\" sizes=\"auto, (max-width: 1024px) 100vw, 1024px\" \/><\/a><\/figure>\n<\/figure>\n\n\n\n<div style=\"height:10px\" aria-hidden=\"true\" class=\"wp-block-spacer\"><\/div>\n\n\n<div class=\"wp-block-image fly-in fly-in-delay-1\">\n<figure class=\"aligncenter size-large is-resized\"><a href=\"https:\/\/www.mtv-in.de\/fechten\/files\/2024\/03\/Kopie-von-DSC01622-scaled.jpg\"><img loading=\"lazy\" decoding=\"async\" width=\"1024\" height=\"585\" src=\"https:\/\/www.mtv-in.de\/fechten\/files\/2024\/03\/Kopie-von-DSC01622-1024x585.jpg\" alt=\"\" class=\"wp-image-1366\" style=\"aspect-ratio:1.7504273504273504;width:1097px;height:auto\" srcset=\"https:\/\/www.mtv-in.de\/fechten\/files\/2024\/03\/Kopie-von-DSC01622-1024x585.jpg 1024w, https:\/\/www.mtv-in.de\/fechten\/files\/2024\/03\/Kopie-von-DSC01622-300x171.jpg 300w, https:\/\/www.mtv-in.de\/fechten\/files\/2024\/03\/Kopie-von-DSC01622-768x439.jpg 768w, https:\/\/www.mtv-in.de\/fechten\/files\/2024\/03\/Kopie-von-DSC01622-1536x877.jpg 1536w, https:\/\/www.mtv-in.de\/fechten\/files\/2024\/03\/Kopie-von-DSC01622-2048x1170.jpg 2048w\" sizes=\"auto, (max-width: 1024px) 100vw, 1024px\" \/><\/a><\/figure>\n<\/div>\n\n\n<div style=\"height:30px\" aria-hidden=\"true\" class=\"wp-block-spacer\"><\/div>\n\n\n\n<h2 class=\"wp-block-heading has-text-align-center fly-in fly-in-delay-1\">Zu den Fotos und Ergebnissen:<\/h2>\n\n\n\n<div class=\"wp-block-columns is-layout-flex wp-container-core-columns-is-layout-9d6595d7 wp-block-columns-is-layout-flex\">\n<div class=\"wp-block-column is-layout-flow wp-block-column-is-layout-flow\">\n<div class=\"wp-block-buttons is-content-justification-center is-layout-flex wp-container-core-buttons-is-layout-16018d1d wp-block-buttons-is-layout-flex\">\n<div class=\"wp-block-button fly-in fly-in-delay-1\"><a class=\"wp-block-button__link has-white-color has-vivid-purple-background-color has-text-color has-background has-link-color wp-element-button\" href=\"https:\/\/drive.google.com\/drive\/folders\/1pcZ4h6CWklPxh03DzGXNiYDOlowBorFS?usp=drive_link\">Google Drive<\/a><\/div>\n<\/div>\n<\/div>\n\n\n\n<div class=\"wp-block-column is-layout-flow wp-block-column-is-layout-flow\">\n<div class=\"wp-block-buttons is-content-justification-center is-layout-flex wp-container-core-buttons-is-layout-16018d1d wp-block-buttons-is-layout-flex\">\n<div class=\"wp-block-button fly-in fly-in-delay-2\"><a class=\"wp-block-button__link has-white-color has-vivid-purple-background-color has-text-color has-background has-link-color wp-element-button\" href=\"https:\/\/www.kbumm.de\/bilder?id=14037\">KBUMM<\/a><\/div>\n<\/div>\n<\/div>\n\n\n\n<div class=\"wp-block-column is-layout-flow wp-block-column-is-layout-flow\">\n<div class=\"wp-block-buttons is-content-justification-center is-layout-flex wp-container-core-buttons-is-layout-16018d1d wp-block-buttons-is-layout-flex\">\n<div class=\"wp-block-button fly-in fly-in-delay-3\"><a class=\"wp-block-button__link has-text-align-center wp-element-button\" href=\"https:\/\/fencing.ophardt.online\/de\/search\/results\/29264\">Ergebnisse<\/a><\/div>\n<\/div>\n<\/div>\n<\/div>\n\n\n\n<p><\/p>\n","protected":false},"excerpt":{"rendered":"<p>Die bayerische Meisterschaft Fechten Degen hat am 16. und 17. M\u00e4rz 2024 in der Halle der Willhelm-Ernst Grundschule (Feselenstra\u00dfe 42, 85053 Ingolstadt) stattgefunden. Die Schirmherrschaft \u00fcbernahm Ingolstadts Sport-B\u00fcrgermeisterin Dr. jur. Dorothea Deneke-Stoll. Danke an alle Helfer und Beteiligten, ein unvergessliches Wochenende. Zu den Fotos und Ergebnissen:<\/p>\n","protected":false},"author":1,"featured_media":0,"parent":1524,"menu_order":1,"comment_status":"closed","ping_status":"closed","template":"","meta":{"footnotes":""},"class_list":["post-1291","page","type-page","status-publish","hentry"],"_links":{"self":[{"href":"https:\/\/www.mtv-in.de\/fechten\/wp-json\/wp\/v2\/pages\/1291","targetHints":{"allow":["GET"]}}],"collection":[{"href":"https:\/\/www.mtv-in.de\/fechten\/wp-json\/wp\/v2\/pages"}],"about":[{"href":"https:\/\/www.mtv-in.de\/fechten\/wp-json\/wp\/v2\/types\/page"}],"author":[{"embeddable":true,"href":"https:\/\/www.mtv-in.de\/fechten\/wp-json\/wp\/v2\/users\/1"}],"replies":[{"embeddable":true,"href":"https:\/\/www.mtv-in.de\/fechten\/wp-json\/wp\/v2\/comments?post=1291"}],"version-history":[{"count":12,"href":"https:\/\/www.mtv-in.de\/fechten\/wp-json\/wp\/v2\/pages\/1291\/revisions"}],"predecessor-version":[{"id":1932,"href":"https:\/\/www.mtv-in.de\/fechten\/wp-json\/wp\/v2\/pages\/1291\/revisions\/1932"}],"up":[{"embeddable":true,"href":"https:\/\/www.mtv-in.de\/fechten\/wp-json\/wp\/v2\/pages\/1524"}],"wp:attachment":[{"href":"https:\/\/www.mtv-in.de\/fechten\/wp-json\/wp\/v2\/media?parent=1291"}],"curies":[{"name":"wp","href":"https:\/\/api.w.org\/{rel}","templated":true}]}}

<p class="fly-in fly-in-delay-1">Die bayerische Meisterschaft Fechten Degen hat am <strong><mark style="background-color:rgba(0, 0, 0, 0)" class="has-inline-color has-vivid-red-color">16. und 17. März</mark> </strong>2024 in der Halle der Willhelm-Ernst Grundschule (Feselenstraße 42, 85053 Ingolstadt) stattgefunden.</p>



<p class="fly-in fly-in-delay-1">Die Schirmherrschaft übernahm Ingolstadts Sport-Bürgermeisterin Dr. jur. Dorothea Deneke-Stoll.</p>



<p class="fly-in fly-in-delay-1">Danke an alle Helfer und Beteiligten, ein unvergessliches Wochenende.</p>



<div style="height:20px" aria-hidden="true" class="wp-block-spacer"></div>



<figure class="wp-block-gallery has-nested-images columns-default is-cropped wp-block-gallery-1 is-layout-flex wp-block-gallery-is-layout-flex">
<figure class="wp-block-image size-large fly-in fly-in-delay-1"><a href="https://www.mtv-in.de/fechten/files/2024/03/Kopie-von-DSC01830-scaled.jpg"><img loading="lazy" decoding="async" width="1024" height="728" data-id="1372" src="https://www.mtv-in.de/fechten/files/2024/03/Kopie-von-DSC01830-1024x728.jpg" alt="" class="wp-image-1372" srcset="https://www.mtv-in.de/fechten/files/2024/03/Kopie-von-DSC01830-1024x728.jpg 1024w, https://www.mtv-in.de/fechten/files/2024/03/Kopie-von-DSC01830-300x213.jpg 300w, https://www.mtv-in.de/fechten/files/2024/03/Kopie-von-DSC01830-768x546.jpg 768w, https://www.mtv-in.de/fechten/files/2024/03/Kopie-von-DSC01830-1536x1092.jpg 1536w, https://www.mtv-in.de/fechten/files/2024/03/Kopie-von-DSC01830-2048x1456.jpg 2048w" sizes="auto, (max-width: 1024px) 100vw, 1024px" /></a></figure>



<figure class="wp-block-image size-large fly-in fly-in-delay-2"><a href="https://www.mtv-in.de/fechten/files/2024/03/Kopie-von-DSC00877-scaled.jpg"><img loading="lazy" decoding="async" width="1024" height="612" data-id="1371" src="https://www.mtv-in.de/fechten/files/2024/03/Kopie-von-DSC00877-1024x612.jpg" alt="" class="wp-image-1371" srcset="https://www.mtv-in.de/fechten/files/2024/03/Kopie-von-DSC00877-1024x612.jpg 1024w, https://www.mtv-in.de/fechten/files/2024/03/Kopie-von-DSC00877-300x179.jpg 300w, https://www.mtv-in.de/fechten/files/2024/03/Kopie-von-DSC00877-768x459.jpg 768w, https://www.mtv-in.de/fechten/files/2024/03/Kopie-von-DSC00877-1536x917.jpg 1536w, https://www.mtv-in.de/fechten/files/2024/03/Kopie-von-DSC00877-2048x1223.jpg 2048w" sizes="auto, (max-width: 1024px) 100vw, 1024px" /></a></figure>



<figure class="wp-block-image size-large fly-in fly-in-delay-3"><a href="https://www.mtv-in.de/fechten/files/2024/03/Kopie-von-DSC00908-scaled.jpg"><img loading="lazy" decoding="async" width="1024" height="723" data-id="1370" src="https://www.mtv-in.de/fechten/files/2024/03/Kopie-von-DSC00908-1024x723.jpg" alt="" class="wp-image-1370" srcset="https://www.mtv-in.de/fechten/files/2024/03/Kopie-von-DSC00908-1024x723.jpg 1024w, https://www.mtv-in.de/fechten/files/2024/03/Kopie-von-DSC00908-300x212.jpg 300w, https://www.mtv-in.de/fechten/files/2024/03/Kopie-von-DSC00908-768x542.jpg 768w, https://www.mtv-in.de/fechten/files/2024/03/Kopie-von-DSC00908-1536x1084.jpg 1536w, https://www.mtv-in.de/fechten/files/2024/03/Kopie-von-DSC00908-2048x1445.jpg 2048w" sizes="auto, (max-width: 1024px) 100vw, 1024px" /></a></figure>
</figure>



<div style="height:10px" aria-hidden="true" class="wp-block-spacer"></div>


<div class="wp-block-image fly-in fly-in-delay-1">
<figure class="aligncenter size-large is-resized"><a href="https://www.mtv-in.de/fechten/files/2024/03/Kopie-von-DSC01622-scaled.jpg"><img loading="lazy" decoding="async" width="1024" height="585" src="https://www.mtv-in.de/fechten/files/2024/03/Kopie-von-DSC01622-1024x585.jpg" alt="" class="wp-image-1366" style="aspect-ratio:1.7504273504273504;width:1097px;height:auto" srcset="https://www.mtv-in.de/fechten/files/2024/03/Kopie-von-DSC01622-1024x585.jpg 1024w, https://www.mtv-in.de/fechten/files/2024/03/Kopie-von-DSC01622-300x171.jpg 300w, https://www.mtv-in.de/fechten/files/2024/03/Kopie-von-DSC01622-768x439.jpg 768w, https://www.mtv-in.de/fechten/files/2024/03/Kopie-von-DSC01622-1536x877.jpg 1536w, https://www.mtv-in.de/fechten/files/2024/03/Kopie-von-DSC01622-2048x1170.jpg 2048w" sizes="auto, (max-width: 1024px) 100vw, 1024px" /></a></figure>
</div>


<div style="height:30px" aria-hidden="true" class="wp-block-spacer"></div>



<h2 class="wp-block-heading has-text-align-center fly-in fly-in-delay-1">Zu den Fotos und Ergebnissen:</h2>



<div class="wp-block-columns is-layout-flex wp-container-core-columns-is-layout-9d6595d7 wp-block-columns-is-layout-flex">
<div class="wp-block-column is-layout-flow wp-block-column-is-layout-flow">
<div class="wp-block-buttons is-content-justification-center is-layout-flex wp-container-core-buttons-is-layout-16018d1d wp-block-buttons-is-layout-flex">
<div class="wp-block-button fly-in fly-in-delay-1"><a class="wp-block-button__link has-white-color has-vivid-purple-background-color has-text-color has-background has-link-color wp-element-button" href="https://drive.google.com/drive/folders/1pcZ4h6CWklPxh03DzGXNiYDOlowBorFS?usp=drive_link">Google Drive</a></div>
</div>
</div>



<div class="wp-block-column is-layout-flow wp-block-column-is-layout-flow">
<div class="wp-block-buttons is-content-justification-center is-layout-flex wp-container-core-buttons-is-layout-16018d1d wp-block-buttons-is-layout-flex">
<div class="wp-block-button fly-in fly-in-delay-2"><a class="wp-block-button__link has-white-color has-vivid-purple-background-color has-text-color has-background has-link-color wp-element-button" href="https://www.kbumm.de/bilder?id=14037">KBUMM</a></div>
</div>
</div>



<div class="wp-block-column is-layout-flow wp-block-column-is-layout-flow">
<div class="wp-block-buttons is-content-justification-center is-layout-flex wp-container-core-buttons-is-layout-16018d1d wp-block-buttons-is-layout-flex">
<div class="wp-block-button fly-in fly-in-delay-3"><a class="wp-block-button__link has-text-align-center wp-element-button" href="https://fencing.ophardt.online/de/search/results/29264">Ergebnisse</a></div>
</div>
</div>
</div>



<p></p>

<p>Die bayerische Meisterschaft Fechten Degen hat am 16. und 17. März 2024 in der Halle der Willhelm-Ernst Grundschule (Feselenstraße 42, 85053 Ingolstadt) stattgefunden. Die Schirmherrschaft übernahm Ingolstadts Sport-Bürgermeisterin Dr. jur. Dorothea Deneke-Stoll. Danke an alle Helfer und Beteiligten, ein unvergessliches Wochenende. Zu den Fotos und Ergebnissen:</p>
