{"id":1526,"date":"2024-09-12T22:12:23","date_gmt":"2024-09-12T20:12:23","guid":{"rendered":"https:\/\/www.mtv-in.de\/fechten\/?page_id=1526"},"modified":"2025-08-31T10:06:51","modified_gmt":"2025-08-31T08:06:51","slug":"schanzer-fechtcup","status":"publish","type":"page","link":"https:\/\/www.mtv-in.de\/fechten\/turniere\/schanzer-fechtcup\/","title":{"rendered":"Schanzer Fechtcup"},"content":{"rendered":"\n<h2 class=\"wp-block-heading has-text-align-center\" id=\"fly-in-fly-in-delay-1\">N\u00e4chster Termin: 07. &amp; 08. Februar 2026<\/h2>\n\n\n\n<div style=\"height:20px\" aria-hidden=\"true\" class=\"wp-block-spacer\"><\/div>\n\n\n\n<p class=\"fly-in-fly-in-delay-1\">Unser Schanzer Fechtcup ist ein Jugend-Degen-Turnier, veranstaltet vom MTV Ingolstadt Fechten.<\/p>\n\n\n\n<p class=\"fly-in-fly-in-delay-1\">Im Jahr 2025 z\u00e4hlen die Jahrg\u00e4nge U15 und U20 f\u00fcr die <a href=\"https:\/\/fencing.ophardt.online\/de\/search\/rankings\/25\">bayerische Rangliste<\/a>.<\/p>\n\n\n\n<p class=\"fly-in-fly-in-delay-1\">Ein besonderer Dank geht an alle Helfer vom MTV sowie unseren Partnern <a href=\"https:\/\/www.herrnbraeu.de\/\">Herrnbr\u00e4u <\/a>und <a href=\"https:\/\/comin-glasfaser.de\/\">COMIN Glasfaser<\/a>.<\/p>\n\n\n\n<p class=\"fly-in-fly-in-delay-1\">Erfreulich aus MTV Sicht sind die zahlreichen TOP 8 Platzierungen sowie 2x Bronze von Anastasia \ud83d\ude42 <\/p>\n\n\n\n<p class=\"fly-in-fly-in-delay-1\">Hier ein paar Impressionen.<\/p>\n\n\n\n<div class=\"wp-block-columns is-layout-flex wp-container-core-columns-is-layout-9d6595d7 wp-block-columns-is-layout-flex\">\n<div class=\"wp-block-column is-layout-flow wp-block-column-is-layout-flow\">\n<figure class=\"wp-block-image size-large fly-in fly-in-delay-1\"><a href=\"https:\/\/www.mtv-in.de\/fechten\/files\/2025\/03\/Kopie-von-DSC03071-scaled.jpg\"><img loading=\"lazy\" decoding=\"async\" width=\"1024\" height=\"712\" src=\"https:\/\/www.mtv-in.de\/fechten\/files\/2025\/03\/Kopie-von-DSC03071-1024x712.jpg\" alt=\"\" class=\"wp-image-1646\" style=\"aspect-ratio:4\/3;object-fit:cover\" srcset=\"https:\/\/www.mtv-in.de\/fechten\/files\/2025\/03\/Kopie-von-DSC03071-1024x712.jpg 1024w, https:\/\/www.mtv-in.de\/fechten\/files\/2025\/03\/Kopie-von-DSC03071-300x208.jpg 300w, https:\/\/www.mtv-in.de\/fechten\/files\/2025\/03\/Kopie-von-DSC03071-768x534.jpg 768w, https:\/\/www.mtv-in.de\/fechten\/files\/2025\/03\/Kopie-von-DSC03071-1536x1067.jpg 1536w, https:\/\/www.mtv-in.de\/fechten\/files\/2025\/03\/Kopie-von-DSC03071-2048x1423.jpg 2048w\" sizes=\"auto, (max-width: 1024px) 100vw, 1024px\" \/><\/a><\/figure>\n<\/div>\n\n\n\n<div class=\"wp-block-column is-layout-flow wp-block-column-is-layout-flow\">\n<figure class=\"wp-block-image size-large fly-in fly-in-delay-2\"><a href=\"https:\/\/www.mtv-in.de\/fechten\/files\/2025\/03\/Kopie-von-DSC00620-scaled.jpg\"><img loading=\"lazy\" decoding=\"async\" width=\"1024\" height=\"464\" src=\"https:\/\/www.mtv-in.de\/fechten\/files\/2025\/03\/Kopie-von-DSC00620-1024x464.jpg\" alt=\"\" class=\"wp-image-1647\" style=\"aspect-ratio:4\/3;object-fit:cover\" srcset=\"https:\/\/www.mtv-in.de\/fechten\/files\/2025\/03\/Kopie-von-DSC00620-1024x464.jpg 1024w, https:\/\/www.mtv-in.de\/fechten\/files\/2025\/03\/Kopie-von-DSC00620-300x136.jpg 300w, https:\/\/www.mtv-in.de\/fechten\/files\/2025\/03\/Kopie-von-DSC00620-768x348.jpg 768w, https:\/\/www.mtv-in.de\/fechten\/files\/2025\/03\/Kopie-von-DSC00620-1536x696.jpg 1536w, https:\/\/www.mtv-in.de\/fechten\/files\/2025\/03\/Kopie-von-DSC00620-2048x928.jpg 2048w\" sizes=\"auto, (max-width: 1024px) 100vw, 1024px\" \/><\/a><\/figure>\n<\/div>\n\n\n\n<div class=\"wp-block-column is-layout-flow wp-block-column-is-layout-flow\">\n<figure class=\"wp-block-image size-large fly-in fly-in-delay-3\"><a href=\"https:\/\/www.mtv-in.de\/fechten\/files\/2025\/03\/Kopie-von-DSC01107-scaled.jpg\"><img loading=\"lazy\" decoding=\"async\" width=\"1024\" height=\"670\" src=\"https:\/\/www.mtv-in.de\/fechten\/files\/2025\/03\/Kopie-von-DSC01107-1024x670.jpg\" alt=\"\" class=\"wp-image-1648\" style=\"aspect-ratio:4\/3;object-fit:cover\" srcset=\"https:\/\/www.mtv-in.de\/fechten\/files\/2025\/03\/Kopie-von-DSC01107-1024x670.jpg 1024w, https:\/\/www.mtv-in.de\/fechten\/files\/2025\/03\/Kopie-von-DSC01107-300x196.jpg 300w, https:\/\/www.mtv-in.de\/fechten\/files\/2025\/03\/Kopie-von-DSC01107-768x503.jpg 768w, https:\/\/www.mtv-in.de\/fechten\/files\/2025\/03\/Kopie-von-DSC01107-1536x1005.jpg 1536w, https:\/\/www.mtv-in.de\/fechten\/files\/2025\/03\/Kopie-von-DSC01107-2048x1341.jpg 2048w\" sizes=\"auto, (max-width: 1024px) 100vw, 1024px\" \/><\/a><\/figure>\n<\/div>\n<\/div>\n\n\n\n<div class=\"wp-block-columns is-layout-flex wp-container-core-columns-is-layout-9d6595d7 wp-block-columns-is-layout-flex\">\n<div class=\"wp-block-column is-layout-flow wp-block-column-is-layout-flow\">\n<figure class=\"wp-block-image size-large fly-in fly-in-delay-1\"><a href=\"https:\/\/www.mtv-in.de\/fechten\/files\/2025\/03\/Kopie-von-DSC03202-scaled.jpg\"><img loading=\"lazy\" decoding=\"async\" width=\"1024\" height=\"605\" src=\"https:\/\/www.mtv-in.de\/fechten\/files\/2025\/03\/Kopie-von-DSC03202-1024x605.jpg\" alt=\"\" class=\"wp-image-1649\" style=\"aspect-ratio:4\/3;object-fit:cover\" srcset=\"https:\/\/www.mtv-in.de\/fechten\/files\/2025\/03\/Kopie-von-DSC03202-1024x605.jpg 1024w, https:\/\/www.mtv-in.de\/fechten\/files\/2025\/03\/Kopie-von-DSC03202-300x177.jpg 300w, https:\/\/www.mtv-in.de\/fechten\/files\/2025\/03\/Kopie-von-DSC03202-768x453.jpg 768w, https:\/\/www.mtv-in.de\/fechten\/files\/2025\/03\/Kopie-von-DSC03202-1536x907.jpg 1536w, https:\/\/www.mtv-in.de\/fechten\/files\/2025\/03\/Kopie-von-DSC03202-2048x1209.jpg 2048w\" sizes=\"auto, (max-width: 1024px) 100vw, 1024px\" \/><\/a><\/figure>\n<\/div>\n\n\n\n<div class=\"wp-block-column is-layout-flow wp-block-column-is-layout-flow\">\n<figure class=\"wp-block-image size-large fly-in fly-in-delay-2\"><a href=\"https:\/\/www.mtv-in.de\/fechten\/files\/2025\/03\/Kopie-von-DSC01605-scaled.jpg\"><img loading=\"lazy\" decoding=\"async\" width=\"1024\" height=\"578\" src=\"https:\/\/www.mtv-in.de\/fechten\/files\/2025\/03\/Kopie-von-DSC01605-1024x578.jpg\" alt=\"\" class=\"wp-image-1650\" style=\"aspect-ratio:4\/3;object-fit:cover\" srcset=\"https:\/\/www.mtv-in.de\/fechten\/files\/2025\/03\/Kopie-von-DSC01605-1024x578.jpg 1024w, https:\/\/www.mtv-in.de\/fechten\/files\/2025\/03\/Kopie-von-DSC01605-300x169.jpg 300w, https:\/\/www.mtv-in.de\/fechten\/files\/2025\/03\/Kopie-von-DSC01605-768x434.jpg 768w, https:\/\/www.mtv-in.de\/fechten\/files\/2025\/03\/Kopie-von-DSC01605-1536x867.jpg 1536w, https:\/\/www.mtv-in.de\/fechten\/files\/2025\/03\/Kopie-von-DSC01605-2048x1157.jpg 2048w\" sizes=\"auto, (max-width: 1024px) 100vw, 1024px\" \/><\/a><\/figure>\n<\/div>\n\n\n\n<div class=\"wp-block-column is-layout-flow wp-block-column-is-layout-flow\">\n<figure class=\"wp-block-image size-large fly-in fly-in-delay-3\"><a href=\"https:\/\/www.mtv-in.de\/fechten\/files\/2025\/03\/Kopie-von-DSC01526-scaled.jpg\"><img loading=\"lazy\" decoding=\"async\" width=\"1024\" height=\"730\" src=\"https:\/\/www.mtv-in.de\/fechten\/files\/2025\/03\/Kopie-von-DSC01526-1024x730.jpg\" alt=\"\" class=\"wp-image-1651\" style=\"aspect-ratio:4\/3;object-fit:cover\" srcset=\"https:\/\/www.mtv-in.de\/fechten\/files\/2025\/03\/Kopie-von-DSC01526-1024x730.jpg 1024w, https:\/\/www.mtv-in.de\/fechten\/files\/2025\/03\/Kopie-von-DSC01526-300x214.jpg 300w, https:\/\/www.mtv-in.de\/fechten\/files\/2025\/03\/Kopie-von-DSC01526-768x547.jpg 768w, https:\/\/www.mtv-in.de\/fechten\/files\/2025\/03\/Kopie-von-DSC01526-1536x1095.jpg 1536w, https:\/\/www.mtv-in.de\/fechten\/files\/2025\/03\/Kopie-von-DSC01526-2048x1460.jpg 2048w\" sizes=\"auto, (max-width: 1024px) 100vw, 1024px\" \/><\/a><\/figure>\n<\/div>\n<\/div>\n\n\n\n<div style=\"height:30px\" aria-hidden=\"true\" class=\"wp-block-spacer\"><\/div>\n\n\n\n<h2 class=\"wp-block-heading has-text-align-center fly-in fly-in-delay-1\">Zu den Fotos und Ergebnissen:<\/h2>\n\n\n\n<div style=\"height:30px\" aria-hidden=\"true\" class=\"wp-block-spacer\"><\/div>\n\n\n\n<div class=\"wp-block-columns is-layout-flex wp-container-core-columns-is-layout-9d6595d7 wp-block-columns-is-layout-flex\">\n<div class=\"wp-block-column is-layout-flow wp-block-column-is-layout-flow\">\n<div class=\"wp-block-buttons is-content-justification-center is-layout-flex wp-container-core-buttons-is-layout-16018d1d wp-block-buttons-is-layout-flex\">\n<div class=\"wp-block-button has-custom-width wp-block-button__width-75 fly-in fly-in-delay-1\"><a class=\"wp-block-button__link has-white-color has-vivid-purple-background-color has-text-color has-background has-link-color wp-element-button\" href=\"https:\/\/drive.google.com\/drive\/folders\/1pcZ4h6CWklPxh03DzGXNiYDOlowBorFS?usp=drive_link\">Google Drive<\/a><\/div>\n<\/div>\n<\/div>\n\n\n\n<div class=\"wp-block-column is-layout-flow wp-block-column-is-layout-flow\">\n<div class=\"wp-block-buttons is-content-justification-center is-layout-flex wp-container-core-buttons-is-layout-16018d1d wp-block-buttons-is-layout-flex\">\n<div class=\"wp-block-button fly-in fly-in-delay-2\"><a class=\"wp-block-button__link has-white-color has-vivid-purple-background-color has-text-color has-background has-link-color wp-element-button\" href=\"https:\/\/www.kbumm.de\/bilder?id=14389\">KBUMM<\/a><\/div>\n<\/div>\n<\/div>\n\n\n\n<div class=\"wp-block-column is-layout-flow wp-block-column-is-layout-flow\">\n<div class=\"wp-block-buttons is-content-justification-center is-layout-flex wp-container-core-buttons-is-layout-16018d1d wp-block-buttons-is-layout-flex\">\n<div class=\"wp-block-button fly-in fly-in-delay-3\"><a class=\"wp-block-button__link wp-element-button\" href=\"https:\/\/fencing.ophardt.online\/de\/widget\/event\/31409\/1\">Ergebnisse<\/a><\/div>\n<\/div>\n<\/div>\n<\/div>\n\n\n\n<p><\/p>\n","protected":false},"excerpt":{"rendered":"<p>N\u00e4chster Termin: 07. &amp; 08. Februar 2026 Unser Schanzer Fechtcup ist ein Jugend-Degen-Turnier, veranstaltet vom MTV Ingolstadt Fechten. Im Jahr 2025 z\u00e4hlen die Jahrg\u00e4nge U15 und U20 f\u00fcr die bayerische Rangliste. Ein besonderer Dank geht an alle Helfer vom MTV sowie unseren Partnern Herrnbr\u00e4u und COMIN Glasfaser. Erfreulich aus MTV Sicht sind die zahlreichen TOP [&hellip;]<\/p>\n","protected":false},"author":1,"featured_media":0,"parent":1524,"menu_order":0,"comment_status":"closed","ping_status":"closed","template":"","meta":{"footnotes":""},"class_list":["post-1526","page","type-page","status-publish","hentry"],"_links":{"self":[{"href":"https:\/\/www.mtv-in.de\/fechten\/wp-json\/wp\/v2\/pages\/1526","targetHints":{"allow":["GET"]}}],"collection":[{"href":"https:\/\/www.mtv-in.de\/fechten\/wp-json\/wp\/v2\/pages"}],"about":[{"href":"https:\/\/www.mtv-in.de\/fechten\/wp-json\/wp\/v2\/types\/page"}],"author":[{"embeddable":true,"href":"https:\/\/www.mtv-in.de\/fechten\/wp-json\/wp\/v2\/users\/1"}],"replies":[{"embeddable":true,"href":"https:\/\/www.mtv-in.de\/fechten\/wp-json\/wp\/v2\/comments?post=1526"}],"version-history":[{"count":26,"href":"https:\/\/www.mtv-in.de\/fechten\/wp-json\/wp\/v2\/pages\/1526\/revisions"}],"predecessor-version":[{"id":1924,"href":"https:\/\/www.mtv-in.de\/fechten\/wp-json\/wp\/v2\/pages\/1526\/revisions\/1924"}],"up":[{"embeddable":true,"href":"https:\/\/www.mtv-in.de\/fechten\/wp-json\/wp\/v2\/pages\/1524"}],"wp:attachment":[{"href":"https:\/\/www.mtv-in.de\/fechten\/wp-json\/wp\/v2\/media?parent=1526"}],"curies":[{"name":"wp","href":"https:\/\/api.w.org\/{rel}","templated":true}]}}

<h2 class="wp-block-heading has-text-align-center" id="fly-in-fly-in-delay-1">Nächster Termin: 07. &amp; 08. Februar 2026</h2>



<div style="height:20px" aria-hidden="true" class="wp-block-spacer"></div>



<p class="fly-in-fly-in-delay-1">Unser Schanzer Fechtcup ist ein Jugend-Degen-Turnier, veranstaltet vom MTV Ingolstadt Fechten.</p>



<p class="fly-in-fly-in-delay-1">Im Jahr 2025 zählen die Jahrgänge U15 und U20 für die <a href="https://fencing.ophardt.online/de/search/rankings/25">bayerische Rangliste</a>.</p>



<p class="fly-in-fly-in-delay-1">Ein besonderer Dank geht an alle Helfer vom MTV sowie unseren Partnern <a href="https://www.herrnbraeu.de/">Herrnbräu </a>und <a href="https://comin-glasfaser.de/">COMIN Glasfaser</a>.</p>



<p class="fly-in-fly-in-delay-1">Erfreulich aus MTV Sicht sind die zahlreichen TOP 8 Platzierungen sowie 2x Bronze von Anastasia 🙂 </p>



<p class="fly-in-fly-in-delay-1">Hier ein paar Impressionen.</p>



<div class="wp-block-columns is-layout-flex wp-container-core-columns-is-layout-9d6595d7 wp-block-columns-is-layout-flex">
<div class="wp-block-column is-layout-flow wp-block-column-is-layout-flow">
<figure class="wp-block-image size-large fly-in fly-in-delay-1"><a href="https://www.mtv-in.de/fechten/files/2025/03/Kopie-von-DSC03071-scaled.jpg"><img loading="lazy" decoding="async" width="1024" height="712" src="https://www.mtv-in.de/fechten/files/2025/03/Kopie-von-DSC03071-1024x712.jpg" alt="" class="wp-image-1646" style="aspect-ratio:4/3;object-fit:cover" srcset="https://www.mtv-in.de/fechten/files/2025/03/Kopie-von-DSC03071-1024x712.jpg 1024w, https://www.mtv-in.de/fechten/files/2025/03/Kopie-von-DSC03071-300x208.jpg 300w, https://www.mtv-in.de/fechten/files/2025/03/Kopie-von-DSC03071-768x534.jpg 768w, https://www.mtv-in.de/fechten/files/2025/03/Kopie-von-DSC03071-1536x1067.jpg 1536w, https://www.mtv-in.de/fechten/files/2025/03/Kopie-von-DSC03071-2048x1423.jpg 2048w" sizes="auto, (max-width: 1024px) 100vw, 1024px" /></a></figure>
</div>



<div class="wp-block-column is-layout-flow wp-block-column-is-layout-flow">
<figure class="wp-block-image size-large fly-in fly-in-delay-2"><a href="https://www.mtv-in.de/fechten/files/2025/03/Kopie-von-DSC00620-scaled.jpg"><img loading="lazy" decoding="async" width="1024" height="464" src="https://www.mtv-in.de/fechten/files/2025/03/Kopie-von-DSC00620-1024x464.jpg" alt="" class="wp-image-1647" style="aspect-ratio:4/3;object-fit:cover" srcset="https://www.mtv-in.de/fechten/files/2025/03/Kopie-von-DSC00620-1024x464.jpg 1024w, https://www.mtv-in.de/fechten/files/2025/03/Kopie-von-DSC00620-300x136.jpg 300w, https://www.mtv-in.de/fechten/files/2025/03/Kopie-von-DSC00620-768x348.jpg 768w, https://www.mtv-in.de/fechten/files/2025/03/Kopie-von-DSC00620-1536x696.jpg 1536w, https://www.mtv-in.de/fechten/files/2025/03/Kopie-von-DSC00620-2048x928.jpg 2048w" sizes="auto, (max-width: 1024px) 100vw, 1024px" /></a></figure>
</div>



<div class="wp-block-column is-layout-flow wp-block-column-is-layout-flow">
<figure class="wp-block-image size-large fly-in fly-in-delay-3"><a href="https://www.mtv-in.de/fechten/files/2025/03/Kopie-von-DSC01107-scaled.jpg"><img loading="lazy" decoding="async" width="1024" height="670" src="https://www.mtv-in.de/fechten/files/2025/03/Kopie-von-DSC01107-1024x670.jpg" alt="" class="wp-image-1648" style="aspect-ratio:4/3;object-fit:cover" srcset="https://www.mtv-in.de/fechten/files/2025/03/Kopie-von-DSC01107-1024x670.jpg 1024w, https://www.mtv-in.de/fechten/files/2025/03/Kopie-von-DSC01107-300x196.jpg 300w, https://www.mtv-in.de/fechten/files/2025/03/Kopie-von-DSC01107-768x503.jpg 768w, https://www.mtv-in.de/fechten/files/2025/03/Kopie-von-DSC01107-1536x1005.jpg 1536w, https://www.mtv-in.de/fechten/files/2025/03/Kopie-von-DSC01107-2048x1341.jpg 2048w" sizes="auto, (max-width: 1024px) 100vw, 1024px" /></a></figure>
</div>
</div>



<div class="wp-block-columns is-layout-flex wp-container-core-columns-is-layout-9d6595d7 wp-block-columns-is-layout-flex">
<div class="wp-block-column is-layout-flow wp-block-column-is-layout-flow">
<figure class="wp-block-image size-large fly-in fly-in-delay-1"><a href="https://www.mtv-in.de/fechten/files/2025/03/Kopie-von-DSC03202-scaled.jpg"><img loading="lazy" decoding="async" width="1024" height="605" src="https://www.mtv-in.de/fechten/files/2025/03/Kopie-von-DSC03202-1024x605.jpg" alt="" class="wp-image-1649" style="aspect-ratio:4/3;object-fit:cover" srcset="https://www.mtv-in.de/fechten/files/2025/03/Kopie-von-DSC03202-1024x605.jpg 1024w, https://www.mtv-in.de/fechten/files/2025/03/Kopie-von-DSC03202-300x177.jpg 300w, https://www.mtv-in.de/fechten/files/2025/03/Kopie-von-DSC03202-768x453.jpg 768w, https://www.mtv-in.de/fechten/files/2025/03/Kopie-von-DSC03202-1536x907.jpg 1536w, https://www.mtv-in.de/fechten/files/2025/03/Kopie-von-DSC03202-2048x1209.jpg 2048w" sizes="auto, (max-width: 1024px) 100vw, 1024px" /></a></figure>
</div>



<div class="wp-block-column is-layout-flow wp-block-column-is-layout-flow">
<figure class="wp-block-image size-large fly-in fly-in-delay-2"><a href="https://www.mtv-in.de/fechten/files/2025/03/Kopie-von-DSC01605-scaled.jpg"><img loading="lazy" decoding="async" width="1024" height="578" src="https://www.mtv-in.de/fechten/files/2025/03/Kopie-von-DSC01605-1024x578.jpg" alt="" class="wp-image-1650" style="aspect-ratio:4/3;object-fit:cover" srcset="https://www.mtv-in.de/fechten/files/2025/03/Kopie-von-DSC01605-1024x578.jpg 1024w, https://www.mtv-in.de/fechten/files/2025/03/Kopie-von-DSC01605-300x169.jpg 300w, https://www.mtv-in.de/fechten/files/2025/03/Kopie-von-DSC01605-768x434.jpg 768w, https://www.mtv-in.de/fechten/files/2025/03/Kopie-von-DSC01605-1536x867.jpg 1536w, https://www.mtv-in.de/fechten/files/2025/03/Kopie-von-DSC01605-2048x1157.jpg 2048w" sizes="auto, (max-width: 1024px) 100vw, 1024px" /></a></figure>
</div>



<div class="wp-block-column is-layout-flow wp-block-column-is-layout-flow">
<figure class="wp-block-image size-large fly-in fly-in-delay-3"><a href="https://www.mtv-in.de/fechten/files/2025/03/Kopie-von-DSC01526-scaled.jpg"><img loading="lazy" decoding="async" width="1024" height="730" src="https://www.mtv-in.de/fechten/files/2025/03/Kopie-von-DSC01526-1024x730.jpg" alt="" class="wp-image-1651" style="aspect-ratio:4/3;object-fit:cover" srcset="https://www.mtv-in.de/fechten/files/2025/03/Kopie-von-DSC01526-1024x730.jpg 1024w, https://www.mtv-in.de/fechten/files/2025/03/Kopie-von-DSC01526-300x214.jpg 300w, https://www.mtv-in.de/fechten/files/2025/03/Kopie-von-DSC01526-768x547.jpg 768w, https://www.mtv-in.de/fechten/files/2025/03/Kopie-von-DSC01526-1536x1095.jpg 1536w, https://www.mtv-in.de/fechten/files/2025/03/Kopie-von-DSC01526-2048x1460.jpg 2048w" sizes="auto, (max-width: 1024px) 100vw, 1024px" /></a></figure>
</div>
</div>



<div style="height:30px" aria-hidden="true" class="wp-block-spacer"></div>



<h2 class="wp-block-heading has-text-align-center fly-in fly-in-delay-1">Zu den Fotos und Ergebnissen:</h2>



<div style="height:30px" aria-hidden="true" class="wp-block-spacer"></div>



<div class="wp-block-columns is-layout-flex wp-container-core-columns-is-layout-9d6595d7 wp-block-columns-is-layout-flex">
<div class="wp-block-column is-layout-flow wp-block-column-is-layout-flow">
<div class="wp-block-buttons is-content-justification-center is-layout-flex wp-container-core-buttons-is-layout-16018d1d wp-block-buttons-is-layout-flex">
<div class="wp-block-button has-custom-width wp-block-button__width-75 fly-in fly-in-delay-1"><a class="wp-block-button__link has-white-color has-vivid-purple-background-color has-text-color has-background has-link-color wp-element-button" href="https://drive.google.com/drive/folders/1pcZ4h6CWklPxh03DzGXNiYDOlowBorFS?usp=drive_link">Google Drive</a></div>
</div>
</div>



<div class="wp-block-column is-layout-flow wp-block-column-is-layout-flow">
<div class="wp-block-buttons is-content-justification-center is-layout-flex wp-container-core-buttons-is-layout-16018d1d wp-block-buttons-is-layout-flex">
<div class="wp-block-button fly-in fly-in-delay-2"><a class="wp-block-button__link has-white-color has-vivid-purple-background-color has-text-color has-background has-link-color wp-element-button" href="https://www.kbumm.de/bilder?id=14389">KBUMM</a></div>
</div>
</div>



<div class="wp-block-column is-layout-flow wp-block-column-is-layout-flow">
<div class="wp-block-buttons is-content-justification-center is-layout-flex wp-container-core-buttons-is-layout-16018d1d wp-block-buttons-is-layout-flex">
<div class="wp-block-button fly-in fly-in-delay-3"><a class="wp-block-button__link wp-element-button" href="https://fencing.ophardt.online/de/widget/event/31409/1">Ergebnisse</a></div>
</div>
</div>
</div>



<p></p>

<p>Nächster Termin: 07. &amp; 08. Februar 2026 Unser Schanzer Fechtcup ist ein Jugend-Degen-Turnier, veranstaltet vom MTV Ingolstadt Fechten. Im Jahr 2025 zählen die Jahrgänge U15 und U20 für die bayerische Rangliste. Ein besonderer Dank geht an alle Helfer vom MTV sowie unseren Partnern Herrnbräu und COMIN Glasfaser. Erfreulich aus MTV Sicht sind die zahlreichen TOP [&hellip;]</p>
