{"id":1528,"date":"2024-09-12T22:15:19","date_gmt":"2024-09-12T20:15:19","guid":{"rendered":"https:\/\/www.mtv-in.de\/fechten\/?page_id=1528"},"modified":"2025-08-31T10:13:22","modified_gmt":"2025-08-31T08:13:22","slug":"oberbayerische-meisterschaft-2025","status":"publish","type":"page","link":"https:\/\/www.mtv-in.de\/fechten\/turniere\/oberbayerische-meisterschaft-2025\/","title":{"rendered":"Oberbayerische Meisterschaft 2025"},"content":{"rendered":"\n<p class=\"has-text-align-left fly-in fly-in-delay-1\">Mitte Juli 2025 durften wir 350 Starter in den Waffen Florett, Degen &amp; S\u00e4bel begr\u00fc\u00dfen.<br>17 Bahnen aufgeteilt in 2 Hallen in der Kombination mit unserem geilen Team sorgten f\u00fcr einen reibungslosen Ablauf.<\/p>\n\n\n\n<p class=\"fly-in fly-in-delay-1\">Ganz besonders stolz sind wir auf drei Meistertitel, die unsere Sportler geholt haben.<br>Gl\u00fcckwunsch an Luisa (U17), Anastasia (U20) und Marco (U13).<\/p>\n\n\n\n<div class=\"wp-block-buttons fly-in-fly-in-delay-1 is-content-justification-center is-layout-flex wp-container-core-buttons-is-layout-16018d1d wp-block-buttons-is-layout-flex\">\n<div class=\"wp-block-button fly-in fly-in-delay-1\"><a class=\"wp-block-button__link has-vivid-purple-background-color has-background wp-element-button\" href=\"https:\/\/fencing.ophardt.online\/de\/search\/results\/31247\">Ergebnisse<\/a><\/div>\n<\/div>\n\n\n\n<div style=\"height:50px\" aria-hidden=\"true\" class=\"wp-block-spacer\"><\/div>\n\n\n\n<div class=\"wp-block-columns is-layout-flex wp-container-core-columns-is-layout-9d6595d7 wp-block-columns-is-layout-flex\">\n<div class=\"wp-block-column is-layout-flow wp-block-column-is-layout-flow\"><div class=\"wp-block-image fly-in fly-in-delay-1\">\n<figure class=\"alignright size-full\"><a href=\"https:\/\/www.mtv-in.de\/fechten\/files\/2025\/07\/IMG-20250714-WA0002-1.jpg\"><img loading=\"lazy\" decoding=\"async\" width=\"1024\" height=\"768\" src=\"https:\/\/www.mtv-in.de\/fechten\/files\/2025\/07\/IMG-20250714-WA0002-1.jpg\" alt=\"\" class=\"wp-image-1699\" style=\"aspect-ratio:4\/3;object-fit:cover\" srcset=\"https:\/\/www.mtv-in.de\/fechten\/files\/2025\/07\/IMG-20250714-WA0002-1.jpg 1024w, https:\/\/www.mtv-in.de\/fechten\/files\/2025\/07\/IMG-20250714-WA0002-1-300x225.jpg 300w, https:\/\/www.mtv-in.de\/fechten\/files\/2025\/07\/IMG-20250714-WA0002-1-768x576.jpg 768w\" sizes=\"auto, (max-width: 1024px) 100vw, 1024px\" \/><\/a><\/figure>\n<\/div><\/div>\n\n\n\n<div class=\"wp-block-column is-layout-flow wp-block-column-is-layout-flow\">\n<figure class=\"wp-block-image size-large fly-in fly-in-delay-2\"><a href=\"https:\/\/www.mtv-in.de\/fechten\/files\/2025\/07\/DSC09625-1.jpg\"><img loading=\"lazy\" decoding=\"async\" width=\"1024\" height=\"608\" src=\"https:\/\/www.mtv-in.de\/fechten\/files\/2025\/07\/DSC09625-1-1024x608.jpg\" alt=\"\" class=\"wp-image-1700\" style=\"aspect-ratio:4\/3;object-fit:cover\" srcset=\"https:\/\/www.mtv-in.de\/fechten\/files\/2025\/07\/DSC09625-1-1024x608.jpg 1024w, https:\/\/www.mtv-in.de\/fechten\/files\/2025\/07\/DSC09625-1-300x178.jpg 300w, https:\/\/www.mtv-in.de\/fechten\/files\/2025\/07\/DSC09625-1-768x456.jpg 768w, https:\/\/www.mtv-in.de\/fechten\/files\/2025\/07\/DSC09625-1.jpg 1237w\" sizes=\"auto, (max-width: 1024px) 100vw, 1024px\" \/><\/a><\/figure>\n<\/div>\n\n\n\n<div class=\"wp-block-column is-layout-flow wp-block-column-is-layout-flow\">\n<figure class=\"wp-block-image size-large fly-in fly in-delay-3\"><a href=\"https:\/\/www.mtv-in.de\/fechten\/files\/2025\/07\/DSC09309.jpg\"><img loading=\"lazy\" decoding=\"async\" width=\"1024\" height=\"542\" src=\"https:\/\/www.mtv-in.de\/fechten\/files\/2025\/07\/DSC09309-1024x542.jpg\" alt=\"\" class=\"wp-image-1701\" style=\"aspect-ratio:4\/3;object-fit:cover\" srcset=\"https:\/\/www.mtv-in.de\/fechten\/files\/2025\/07\/DSC09309-1024x542.jpg 1024w, https:\/\/www.mtv-in.de\/fechten\/files\/2025\/07\/DSC09309-300x159.jpg 300w, https:\/\/www.mtv-in.de\/fechten\/files\/2025\/07\/DSC09309-768x407.jpg 768w, https:\/\/www.mtv-in.de\/fechten\/files\/2025\/07\/DSC09309.jpg 1401w\" sizes=\"auto, (max-width: 1024px) 100vw, 1024px\" \/><\/a><\/figure>\n<\/div>\n<\/div>\n\n\n\n<div class=\"wp-block-columns is-layout-flex wp-container-core-columns-is-layout-9d6595d7 wp-block-columns-is-layout-flex\">\n<div class=\"wp-block-column is-layout-flow wp-block-column-is-layout-flow\">\n<figure class=\"wp-block-image size-full fly-in fly-in-delay-1\"><a href=\"https:\/\/www.mtv-in.de\/fechten\/files\/2025\/07\/DSC00168.jpg\"><img loading=\"lazy\" decoding=\"async\" width=\"700\" height=\"467\" src=\"https:\/\/www.mtv-in.de\/fechten\/files\/2025\/07\/DSC00168.jpg\" alt=\"\" class=\"wp-image-1702\" style=\"aspect-ratio:4\/3;object-fit:cover\" srcset=\"https:\/\/www.mtv-in.de\/fechten\/files\/2025\/07\/DSC00168.jpg 700w, https:\/\/www.mtv-in.de\/fechten\/files\/2025\/07\/DSC00168-300x200.jpg 300w\" sizes=\"auto, (max-width: 700px) 100vw, 700px\" \/><\/a><\/figure>\n<\/div>\n\n\n\n<div class=\"wp-block-column is-layout-flow wp-block-column-is-layout-flow\">\n<figure class=\"wp-block-image size-full fly-in fly-in-delay-2\"><a href=\"https:\/\/www.mtv-in.de\/fechten\/files\/2025\/07\/DSC09526.jpg\"><img loading=\"lazy\" decoding=\"async\" width=\"539\" height=\"353\" src=\"https:\/\/www.mtv-in.de\/fechten\/files\/2025\/07\/DSC09526.jpg\" alt=\"\" class=\"wp-image-1703\" style=\"aspect-ratio:4\/3;object-fit:cover\" srcset=\"https:\/\/www.mtv-in.de\/fechten\/files\/2025\/07\/DSC09526.jpg 539w, https:\/\/www.mtv-in.de\/fechten\/files\/2025\/07\/DSC09526-300x196.jpg 300w\" sizes=\"auto, (max-width: 539px) 100vw, 539px\" \/><\/a><\/figure>\n<\/div>\n\n\n\n<div class=\"wp-block-column is-layout-flow wp-block-column-is-layout-flow\">\n<figure class=\"wp-block-image size-full fly-in fly-in-delay-3\"><a href=\"https:\/\/www.mtv-in.de\/fechten\/files\/2025\/07\/DSC09300.jpg\"><img loading=\"lazy\" decoding=\"async\" width=\"700\" height=\"311\" src=\"https:\/\/www.mtv-in.de\/fechten\/files\/2025\/07\/DSC09300.jpg\" alt=\"\" class=\"wp-image-1704\" style=\"aspect-ratio:4\/3;object-fit:cover\" srcset=\"https:\/\/www.mtv-in.de\/fechten\/files\/2025\/07\/DSC09300.jpg 700w, https:\/\/www.mtv-in.de\/fechten\/files\/2025\/07\/DSC09300-300x133.jpg 300w\" sizes=\"auto, (max-width: 700px) 100vw, 700px\" \/><\/a><\/figure>\n<\/div>\n<\/div>\n","protected":false},"excerpt":{"rendered":"<p>Mitte Juli 2025 durften wir 350 Starter in den Waffen Florett, Degen &amp; S\u00e4bel begr\u00fc\u00dfen.17 Bahnen aufgeteilt in 2 Hallen in der Kombination mit unserem geilen Team sorgten f\u00fcr einen reibungslosen Ablauf. Ganz besonders stolz sind wir auf drei Meistertitel, die unsere Sportler geholt haben.Gl\u00fcckwunsch an Luisa (U17), Anastasia (U20) und Marco (U13).<\/p>\n","protected":false},"author":1,"featured_media":0,"parent":1524,"menu_order":0,"comment_status":"closed","ping_status":"closed","template":"","meta":{"footnotes":""},"class_list":["post-1528","page","type-page","status-publish","hentry"],"_links":{"self":[{"href":"https:\/\/www.mtv-in.de\/fechten\/wp-json\/wp\/v2\/pages\/1528","targetHints":{"allow":["GET"]}}],"collection":[{"href":"https:\/\/www.mtv-in.de\/fechten\/wp-json\/wp\/v2\/pages"}],"about":[{"href":"https:\/\/www.mtv-in.de\/fechten\/wp-json\/wp\/v2\/types\/page"}],"author":[{"embeddable":true,"href":"https:\/\/www.mtv-in.de\/fechten\/wp-json\/wp\/v2\/users\/1"}],"replies":[{"embeddable":true,"href":"https:\/\/www.mtv-in.de\/fechten\/wp-json\/wp\/v2\/comments?post=1528"}],"version-history":[{"count":15,"href":"https:\/\/www.mtv-in.de\/fechten\/wp-json\/wp\/v2\/pages\/1528\/revisions"}],"predecessor-version":[{"id":1930,"href":"https:\/\/www.mtv-in.de\/fechten\/wp-json\/wp\/v2\/pages\/1528\/revisions\/1930"}],"up":[{"embeddable":true,"href":"https:\/\/www.mtv-in.de\/fechten\/wp-json\/wp\/v2\/pages\/1524"}],"wp:attachment":[{"href":"https:\/\/www.mtv-in.de\/fechten\/wp-json\/wp\/v2\/media?parent=1528"}],"curies":[{"name":"wp","href":"https:\/\/api.w.org\/{rel}","templated":true}]}}

<p class="has-text-align-left fly-in fly-in-delay-1">Mitte Juli 2025 durften wir 350 Starter in den Waffen Florett, Degen &amp; Säbel begrüßen.<br>17 Bahnen aufgeteilt in 2 Hallen in der Kombination mit unserem geilen Team sorgten für einen reibungslosen Ablauf.</p>



<p class="fly-in fly-in-delay-1">Ganz besonders stolz sind wir auf drei Meistertitel, die unsere Sportler geholt haben.<br>Glückwunsch an Luisa (U17), Anastasia (U20) und Marco (U13).</p>



<div class="wp-block-buttons fly-in-fly-in-delay-1 is-content-justification-center is-layout-flex wp-container-core-buttons-is-layout-16018d1d wp-block-buttons-is-layout-flex">
<div class="wp-block-button fly-in fly-in-delay-1"><a class="wp-block-button__link has-vivid-purple-background-color has-background wp-element-button" href="https://fencing.ophardt.online/de/search/results/31247">Ergebnisse</a></div>
</div>



<div style="height:50px" aria-hidden="true" class="wp-block-spacer"></div>



<div class="wp-block-columns is-layout-flex wp-container-core-columns-is-layout-9d6595d7 wp-block-columns-is-layout-flex">
<div class="wp-block-column is-layout-flow wp-block-column-is-layout-flow"><div class="wp-block-image fly-in fly-in-delay-1">
<figure class="alignright size-full"><a href="https://www.mtv-in.de/fechten/files/2025/07/IMG-20250714-WA0002-1.jpg"><img loading="lazy" decoding="async" width="1024" height="768" src="https://www.mtv-in.de/fechten/files/2025/07/IMG-20250714-WA0002-1.jpg" alt="" class="wp-image-1699" style="aspect-ratio:4/3;object-fit:cover" srcset="https://www.mtv-in.de/fechten/files/2025/07/IMG-20250714-WA0002-1.jpg 1024w, https://www.mtv-in.de/fechten/files/2025/07/IMG-20250714-WA0002-1-300x225.jpg 300w, https://www.mtv-in.de/fechten/files/2025/07/IMG-20250714-WA0002-1-768x576.jpg 768w" sizes="auto, (max-width: 1024px) 100vw, 1024px" /></a></figure>
</div></div>



<div class="wp-block-column is-layout-flow wp-block-column-is-layout-flow">
<figure class="wp-block-image size-large fly-in fly-in-delay-2"><a href="https://www.mtv-in.de/fechten/files/2025/07/DSC09625-1.jpg"><img loading="lazy" decoding="async" width="1024" height="608" src="https://www.mtv-in.de/fechten/files/2025/07/DSC09625-1-1024x608.jpg" alt="" class="wp-image-1700" style="aspect-ratio:4/3;object-fit:cover" srcset="https://www.mtv-in.de/fechten/files/2025/07/DSC09625-1-1024x608.jpg 1024w, https://www.mtv-in.de/fechten/files/2025/07/DSC09625-1-300x178.jpg 300w, https://www.mtv-in.de/fechten/files/2025/07/DSC09625-1-768x456.jpg 768w, https://www.mtv-in.de/fechten/files/2025/07/DSC09625-1.jpg 1237w" sizes="auto, (max-width: 1024px) 100vw, 1024px" /></a></figure>
</div>



<div class="wp-block-column is-layout-flow wp-block-column-is-layout-flow">
<figure class="wp-block-image size-large fly-in fly in-delay-3"><a href="https://www.mtv-in.de/fechten/files/2025/07/DSC09309.jpg"><img loading="lazy" decoding="async" width="1024" height="542" src="https://www.mtv-in.de/fechten/files/2025/07/DSC09309-1024x542.jpg" alt="" class="wp-image-1701" style="aspect-ratio:4/3;object-fit:cover" srcset="https://www.mtv-in.de/fechten/files/2025/07/DSC09309-1024x542.jpg 1024w, https://www.mtv-in.de/fechten/files/2025/07/DSC09309-300x159.jpg 300w, https://www.mtv-in.de/fechten/files/2025/07/DSC09309-768x407.jpg 768w, https://www.mtv-in.de/fechten/files/2025/07/DSC09309.jpg 1401w" sizes="auto, (max-width: 1024px) 100vw, 1024px" /></a></figure>
</div>
</div>



<div class="wp-block-columns is-layout-flex wp-container-core-columns-is-layout-9d6595d7 wp-block-columns-is-layout-flex">
<div class="wp-block-column is-layout-flow wp-block-column-is-layout-flow">
<figure class="wp-block-image size-full fly-in fly-in-delay-1"><a href="https://www.mtv-in.de/fechten/files/2025/07/DSC00168.jpg"><img loading="lazy" decoding="async" width="700" height="467" src="https://www.mtv-in.de/fechten/files/2025/07/DSC00168.jpg" alt="" class="wp-image-1702" style="aspect-ratio:4/3;object-fit:cover" srcset="https://www.mtv-in.de/fechten/files/2025/07/DSC00168.jpg 700w, https://www.mtv-in.de/fechten/files/2025/07/DSC00168-300x200.jpg 300w" sizes="auto, (max-width: 700px) 100vw, 700px" /></a></figure>
</div>



<div class="wp-block-column is-layout-flow wp-block-column-is-layout-flow">
<figure class="wp-block-image size-full fly-in fly-in-delay-2"><a href="https://www.mtv-in.de/fechten/files/2025/07/DSC09526.jpg"><img loading="lazy" decoding="async" width="539" height="353" src="https://www.mtv-in.de/fechten/files/2025/07/DSC09526.jpg" alt="" class="wp-image-1703" style="aspect-ratio:4/3;object-fit:cover" srcset="https://www.mtv-in.de/fechten/files/2025/07/DSC09526.jpg 539w, https://www.mtv-in.de/fechten/files/2025/07/DSC09526-300x196.jpg 300w" sizes="auto, (max-width: 539px) 100vw, 539px" /></a></figure>
</div>



<div class="wp-block-column is-layout-flow wp-block-column-is-layout-flow">
<figure class="wp-block-image size-full fly-in fly-in-delay-3"><a href="https://www.mtv-in.de/fechten/files/2025/07/DSC09300.jpg"><img loading="lazy" decoding="async" width="700" height="311" src="https://www.mtv-in.de/fechten/files/2025/07/DSC09300.jpg" alt="" class="wp-image-1704" style="aspect-ratio:4/3;object-fit:cover" srcset="https://www.mtv-in.de/fechten/files/2025/07/DSC09300.jpg 700w, https://www.mtv-in.de/fechten/files/2025/07/DSC09300-300x133.jpg 300w" sizes="auto, (max-width: 700px) 100vw, 700px" /></a></figure>
</div>
</div>

<p>Mitte Juli 2025 durften wir 350 Starter in den Waffen Florett, Degen &amp; Säbel begrüßen.17 Bahnen aufgeteilt in 2 Hallen in der Kombination mit unserem geilen Team sorgten für einen reibungslosen Ablauf. Ganz besonders stolz sind wir auf drei Meistertitel, die unsere Sportler geholt haben.Glückwunsch an Luisa (U17), Anastasia (U20) und Marco (U13).</p>
