{"id":576,"date":"2018-01-10T19:49:29","date_gmt":"2018-01-10T18:49:29","guid":{"rendered":"http:\/\/www.mtv-in.de\/fechten\/?page_id=576"},"modified":"2025-07-24T23:16:07","modified_gmt":"2025-07-24T21:16:07","slug":"trainer","status":"publish","type":"page","link":"https:\/\/www.mtv-in.de\/fechten\/training\/trainer\/","title":{"rendered":"Trainer"},"content":{"rendered":"\n<p><strong>Erfahrung und Engagement<\/strong><\/p>\n\n\n\n<p>Unsere Abteilung f\u00fcr Fechten verdankt einen Gro\u00dfteil ihres Erfolgs und ihrer Entwicklung den talentierten und engagierten Trainern, die unsere Trainingseinheiten leiten. Wir sind stolz darauf, ein Team von Fachleuten zu haben, die nicht nur eine Leidenschaft f\u00fcr den Fechtsport haben, sondern auch die F\u00e4higkeit besitzen, unsere Mitglieder zu inspirieren, zu motivieren und zu f\u00f6rdern. Um noch mehr Wissen \u00fcber die allgemeine sportliche Leistungsf\u00e4higkeit und Fechtspezifisches zu bekommen, bilden sich unsere Trainer regelm\u00e4\u00dfig intern und extern weiter.<\/p>\n\n\n\n<p>Hier sind unsere herausragenden Trainer:<\/p>\n\n\n\n<hr class=\"wp-block-separator has-alpha-channel-opacity\"\/>\n\n\n\n<h1 class=\"wp-block-heading\"><strong><span style=\"color: #ff0000;\">B-Trainer<\/span><\/strong><\/h1>\n\n\n\n<h1 class=\"wp-block-heading\"><figure><img loading=\"lazy\" decoding=\"async\" class=\"wp-image-591 aligncenter\" src=\"https:\/\/www.mtv-in.de\/fechten\/files\/2018\/01\/Stefan-Koppenhofer.jpg\" alt=\"\" width=\"177\" height=\"313\"><\/figure><\/h1>\n\n\n\n<p class=\"has-text-align-center\"><strong>Stefan Koppenhofer<\/strong><br>Im Verein seit: 2008<\/p>\n\n\n\n<p class=\"has-text-align-center\"><strong>Trainingsmotto:<\/strong><br>Wachse mit jeder neuen Herausforderung!<\/p>\n\n\n\n<hr class=\"wp-block-separator has-alpha-channel-opacity\"\/>\n\n\n\n<h1 class=\"wp-block-heading\"><strong><span style=\"color: #ff0000;\">C-Trainer<\/span><\/strong><\/h1>\n\n\n\n<h1 class=\"wp-block-heading\"><figure><img loading=\"lazy\" decoding=\"async\" class=\"wp-image-601 aligncenter\" src=\"https:\/\/www.mtv-in.de\/fechten\/files\/2018\/01\/Sven-Godau_1-498x1024.jpg\" alt=\"\" width=\"180\" height=\"359\"><\/figure><\/h1>\n\n\n\n<p class=\"has-text-align-center\"><strong>Sven Godau<\/strong><\/p>\n\n\n\n<p class=\"has-text-align-center\">Im Verein seit: 1965<\/p>\n\n\n\n<p class=\"has-text-align-center\">Trainingsmotto:<br>\u201eJugendliche und Erwachsene zu guten Fechtern trainieren\u201c<\/p>\n\n\n<div class=\"wp-block-image\">\n<figure class=\"aligncenter\"><a href=\"https:\/\/www.mtv-in.de\/fechten\/files\/2018\/01\/41d15b58-d884-4562-a77b-68e79ec91557.jpg\"><img decoding=\"async\" src=\"https:\/\/www.mtv-in.de\/fechten\/files\/2018\/01\/41d15b58-d884-4562-a77b-68e79ec91557-678x1024.jpg\" alt=\"\" class=\"wp-image-720\"\/><\/a><\/figure>\n<\/div>\n\n\n<p><\/p>\n\n\n\n<p class=\"has-text-align-center\"><strong>Dirk Marko<\/strong><\/p>\n\n\n\n<p class=\"has-text-align-center\">Im Verein seit: 2016<\/p>\n\n\n\n<p class=\"has-text-align-center\">Trainingsmotto: \u201eNach dem Spiel ist vor dem Spiel.\u201c<\/p>\n\n\n\n<h1 class=\"wp-block-heading\">&nbsp;<\/h1>\n\n\n<div class=\"wp-block-image\">\n<figure class=\"aligncenter\"><a href=\"https:\/\/www.mtv-in.de\/fechten\/files\/2018\/01\/4768e2b1-d958-43f7-b723-b987712be51e.jpg\"><img loading=\"lazy\" decoding=\"async\" width=\"242\" height=\"300\" src=\"https:\/\/www.mtv-in.de\/fechten\/files\/2018\/01\/4768e2b1-d958-43f7-b723-b987712be51e-242x300.jpg\" alt=\"\" class=\"wp-image-1061\" srcset=\"https:\/\/www.mtv-in.de\/fechten\/files\/2018\/01\/4768e2b1-d958-43f7-b723-b987712be51e-242x300.jpg 242w, https:\/\/www.mtv-in.de\/fechten\/files\/2018\/01\/4768e2b1-d958-43f7-b723-b987712be51e-768x953.jpg 768w, https:\/\/www.mtv-in.de\/fechten\/files\/2018\/01\/4768e2b1-d958-43f7-b723-b987712be51e-825x1024.jpg 825w, https:\/\/www.mtv-in.de\/fechten\/files\/2018\/01\/4768e2b1-d958-43f7-b723-b987712be51e.jpg 1289w\" sizes=\"auto, (max-width: 242px) 100vw, 242px\" \/><\/a><\/figure>\n<\/div>\n\n\n<p><\/p>\n\n\n\n<p class=\"has-text-align-center\"><strong>Veronika Heinle<\/strong><\/p>\n\n\n\n<p class=\"has-text-align-center\">Im Verein seit: 2012<\/p>\n\n\n\n<p class=\"has-text-align-center\">Trainingsmotto: \u201eNur wer sein Ziel kennt, findet den Weg.\u201c<\/p>\n\n\n\n<h1 class=\"wp-block-heading\">&nbsp;<\/h1>\n\n\n<div class=\"wp-block-image\">\n<figure class=\"aligncenter\"><a href=\"https:\/\/www.mtv-in.de\/fechten\/files\/2018\/01\/2a75088b-decd-476d-bc06-61bd03c5073d.jpg\"><img loading=\"lazy\" decoding=\"async\" width=\"228\" height=\"300\" src=\"https:\/\/www.mtv-in.de\/fechten\/files\/2018\/01\/2a75088b-decd-476d-bc06-61bd03c5073d-228x300.jpg\" alt=\"\" class=\"wp-image-1063\" srcset=\"https:\/\/www.mtv-in.de\/fechten\/files\/2018\/01\/2a75088b-decd-476d-bc06-61bd03c5073d-228x300.jpg 228w, https:\/\/www.mtv-in.de\/fechten\/files\/2018\/01\/2a75088b-decd-476d-bc06-61bd03c5073d-768x1009.jpg 768w, https:\/\/www.mtv-in.de\/fechten\/files\/2018\/01\/2a75088b-decd-476d-bc06-61bd03c5073d-780x1024.jpg 780w, https:\/\/www.mtv-in.de\/fechten\/files\/2018\/01\/2a75088b-decd-476d-bc06-61bd03c5073d.jpg 1218w\" sizes=\"auto, (max-width: 228px) 100vw, 228px\" \/><\/a><\/figure>\n<\/div>\n\n\n<p><\/p>\n\n\n\n<p class=\"has-text-align-center\"><strong>Gwen Ress<\/strong><\/p>\n\n\n\n<p class=\"has-text-align-center\">Im Verein seit: 2016<\/p>\n\n\n\n<p class=\"has-text-align-center\">Trainingsmotto: \u201eDu kennst deine Grenzen erst, wenn du sie \u00fcberschritten hast.\u201c<\/p>\n\n\n\n<ul class=\"wp-block-list\">\n<li>Anne Engel<\/li>\n\n\n\n<li>Cedric Arzul<\/li>\n\n\n\n<li>Marc Lubin<\/li>\n<\/ul>\n\n\n\n<hr class=\"wp-block-separator has-alpha-channel-opacity\"\/>\n\n\n\n<h1 class=\"wp-block-heading\"><span style=\"color: #ff0000;\"><strong>Trainerassistent<\/strong><\/span><\/h1>\n\n\n\n<ul class=\"wp-block-list\">\n<li>Junsuh Yoon<\/li>\n\n\n\n<li>Zhenghe Luo<\/li>\n\n\n\n<li>Jakob Zey<\/li>\n<\/ul>\n\n\n\n<div style=\"height:50px\" aria-hidden=\"true\" class=\"wp-block-spacer\"><\/div>\n\n\n\n<div class=\"wp-block-buttons is-content-justification-center is-layout-flex wp-container-core-buttons-is-layout-16018d1d wp-block-buttons-is-layout-flex\">\n<div class=\"wp-block-button has-custom-width wp-block-button__width-50\"><a class=\"wp-block-button__link has-white-color has-vivid-purple-background-color has-text-color has-background has-link-color wp-element-button\" href=\"https:\/\/www.mtv-in.de\/fechten\/training\/ausruestung\/\">Ben\u00f6tige ich Fechtausr\u00fcstung?<\/a><\/div>\n<\/div>\n\n\n\n<p><\/p>\n","protected":false},"excerpt":{"rendered":"<p>Erfahrung und Engagement Unsere Abteilung f\u00fcr Fechten verdankt einen Gro\u00dfteil ihres Erfolgs und ihrer Entwicklung den talentierten und engagierten Trainern, die unsere Trainingseinheiten leiten. Wir sind stolz darauf, ein Team von Fachleuten zu haben, die nicht nur eine Leidenschaft f\u00fcr den Fechtsport haben, sondern auch die F\u00e4higkeit besitzen, unsere Mitglieder zu inspirieren, zu motivieren und [&hellip;]<\/p>\n","protected":false},"author":210,"featured_media":0,"parent":786,"menu_order":0,"comment_status":"closed","ping_status":"closed","template":"","meta":{"footnotes":""},"class_list":["post-576","page","type-page","status-publish","hentry"],"_links":{"self":[{"href":"https:\/\/www.mtv-in.de\/fechten\/wp-json\/wp\/v2\/pages\/576","targetHints":{"allow":["GET"]}}],"collection":[{"href":"https:\/\/www.mtv-in.de\/fechten\/wp-json\/wp\/v2\/pages"}],"about":[{"href":"https:\/\/www.mtv-in.de\/fechten\/wp-json\/wp\/v2\/types\/page"}],"author":[{"embeddable":true,"href":"https:\/\/www.mtv-in.de\/fechten\/wp-json\/wp\/v2\/users\/210"}],"replies":[{"embeddable":true,"href":"https:\/\/www.mtv-in.de\/fechten\/wp-json\/wp\/v2\/comments?post=576"}],"version-history":[{"count":35,"href":"https:\/\/www.mtv-in.de\/fechten\/wp-json\/wp\/v2\/pages\/576\/revisions"}],"predecessor-version":[{"id":1797,"href":"https:\/\/www.mtv-in.de\/fechten\/wp-json\/wp\/v2\/pages\/576\/revisions\/1797"}],"up":[{"embeddable":true,"href":"https:\/\/www.mtv-in.de\/fechten\/wp-json\/wp\/v2\/pages\/786"}],"wp:attachment":[{"href":"https:\/\/www.mtv-in.de\/fechten\/wp-json\/wp\/v2\/media?parent=576"}],"curies":[{"name":"wp","href":"https:\/\/api.w.org\/{rel}","templated":true}]}}

<p><strong>Erfahrung und Engagement</strong></p>



<p>Unsere Abteilung für Fechten verdankt einen Großteil ihres Erfolgs und ihrer Entwicklung den talentierten und engagierten Trainern, die unsere Trainingseinheiten leiten. Wir sind stolz darauf, ein Team von Fachleuten zu haben, die nicht nur eine Leidenschaft für den Fechtsport haben, sondern auch die Fähigkeit besitzen, unsere Mitglieder zu inspirieren, zu motivieren und zu fördern. Um noch mehr Wissen über die allgemeine sportliche Leistungsfähigkeit und Fechtspezifisches zu bekommen, bilden sich unsere Trainer regelmäßig intern und extern weiter.</p>



<p>Hier sind unsere herausragenden Trainer:</p>



<hr class="wp-block-separator has-alpha-channel-opacity"/>



<h1 class="wp-block-heading"><strong><span style="color: #ff0000;">B-Trainer</span></strong></h1>



<h1 class="wp-block-heading"><figure><img loading="lazy" decoding="async" class="wp-image-591 aligncenter" src="https://www.mtv-in.de/fechten/files/2018/01/Stefan-Koppenhofer.jpg" alt="" width="177" height="313"></figure></h1>



<p class="has-text-align-center"><strong>Stefan Koppenhofer</strong><br>Im Verein seit: 2008</p>



<p class="has-text-align-center"><strong>Trainingsmotto:</strong><br>Wachse mit jeder neuen Herausforderung!</p>



<hr class="wp-block-separator has-alpha-channel-opacity"/>



<h1 class="wp-block-heading"><strong><span style="color: #ff0000;">C-Trainer</span></strong></h1>



<h1 class="wp-block-heading"><figure><img loading="lazy" decoding="async" class="wp-image-601 aligncenter" src="https://www.mtv-in.de/fechten/files/2018/01/Sven-Godau_1-498x1024.jpg" alt="" width="180" height="359"></figure></h1>



<p class="has-text-align-center"><strong>Sven Godau</strong></p>



<p class="has-text-align-center">Im Verein seit: 1965</p>



<p class="has-text-align-center">Trainingsmotto:<br>„Jugendliche und Erwachsene zu guten Fechtern trainieren“</p>


<div class="wp-block-image">
<figure class="aligncenter"><a href="https://www.mtv-in.de/fechten/files/2018/01/41d15b58-d884-4562-a77b-68e79ec91557.jpg"><img decoding="async" src="https://www.mtv-in.de/fechten/files/2018/01/41d15b58-d884-4562-a77b-68e79ec91557-678x1024.jpg" alt="" class="wp-image-720"/></a></figure>
</div>


<p></p>



<p class="has-text-align-center"><strong>Dirk Marko</strong></p>



<p class="has-text-align-center">Im Verein seit: 2016</p>



<p class="has-text-align-center">Trainingsmotto: „Nach dem Spiel ist vor dem Spiel.“</p>



<h1 class="wp-block-heading">&nbsp;</h1>


<div class="wp-block-image">
<figure class="aligncenter"><a href="https://www.mtv-in.de/fechten/files/2018/01/4768e2b1-d958-43f7-b723-b987712be51e.jpg"><img loading="lazy" decoding="async" width="242" height="300" src="https://www.mtv-in.de/fechten/files/2018/01/4768e2b1-d958-43f7-b723-b987712be51e-242x300.jpg" alt="" class="wp-image-1061" srcset="https://www.mtv-in.de/fechten/files/2018/01/4768e2b1-d958-43f7-b723-b987712be51e-242x300.jpg 242w, https://www.mtv-in.de/fechten/files/2018/01/4768e2b1-d958-43f7-b723-b987712be51e-768x953.jpg 768w, https://www.mtv-in.de/fechten/files/2018/01/4768e2b1-d958-43f7-b723-b987712be51e-825x1024.jpg 825w, https://www.mtv-in.de/fechten/files/2018/01/4768e2b1-d958-43f7-b723-b987712be51e.jpg 1289w" sizes="auto, (max-width: 242px) 100vw, 242px" /></a></figure>
</div>


<p></p>



<p class="has-text-align-center"><strong>Veronika Heinle</strong></p>



<p class="has-text-align-center">Im Verein seit: 2012</p>



<p class="has-text-align-center">Trainingsmotto: „Nur wer sein Ziel kennt, findet den Weg.“</p>



<h1 class="wp-block-heading">&nbsp;</h1>


<div class="wp-block-image">
<figure class="aligncenter"><a href="https://www.mtv-in.de/fechten/files/2018/01/2a75088b-decd-476d-bc06-61bd03c5073d.jpg"><img loading="lazy" decoding="async" width="228" height="300" src="https://www.mtv-in.de/fechten/files/2018/01/2a75088b-decd-476d-bc06-61bd03c5073d-228x300.jpg" alt="" class="wp-image-1063" srcset="https://www.mtv-in.de/fechten/files/2018/01/2a75088b-decd-476d-bc06-61bd03c5073d-228x300.jpg 228w, https://www.mtv-in.de/fechten/files/2018/01/2a75088b-decd-476d-bc06-61bd03c5073d-768x1009.jpg 768w, https://www.mtv-in.de/fechten/files/2018/01/2a75088b-decd-476d-bc06-61bd03c5073d-780x1024.jpg 780w, https://www.mtv-in.de/fechten/files/2018/01/2a75088b-decd-476d-bc06-61bd03c5073d.jpg 1218w" sizes="auto, (max-width: 228px) 100vw, 228px" /></a></figure>
</div>


<p></p>



<p class="has-text-align-center"><strong>Gwen Ress</strong></p>



<p class="has-text-align-center">Im Verein seit: 2016</p>



<p class="has-text-align-center">Trainingsmotto: „Du kennst deine Grenzen erst, wenn du sie überschritten hast.“</p>



<ul class="wp-block-list">
<li>Anne Engel</li>



<li>Cedric Arzul</li>



<li>Marc Lubin</li>
</ul>



<hr class="wp-block-separator has-alpha-channel-opacity"/>



<h1 class="wp-block-heading"><span style="color: #ff0000;"><strong>Trainerassistent</strong></span></h1>



<ul class="wp-block-list">
<li>Junsuh Yoon</li>



<li>Zhenghe Luo</li>



<li>Jakob Zey</li>
</ul>



<div style="height:50px" aria-hidden="true" class="wp-block-spacer"></div>



<div class="wp-block-buttons is-content-justification-center is-layout-flex wp-container-core-buttons-is-layout-16018d1d wp-block-buttons-is-layout-flex">
<div class="wp-block-button has-custom-width wp-block-button__width-50"><a class="wp-block-button__link has-white-color has-vivid-purple-background-color has-text-color has-background has-link-color wp-element-button" href="https://www.mtv-in.de/fechten/training/ausruestung/">Benötige ich Fechtausrüstung?</a></div>
</div>



<p></p>

<p>Erfahrung und Engagement Unsere Abteilung für Fechten verdankt einen Großteil ihres Erfolgs und ihrer Entwicklung den talentierten und engagierten Trainern, die unsere Trainingseinheiten leiten. Wir sind stolz darauf, ein Team von Fachleuten zu haben, die nicht nur eine Leidenschaft für den Fechtsport haben, sondern auch die Fähigkeit besitzen, unsere Mitglieder zu inspirieren, zu motivieren und [&hellip;]</p>
