{"id":797,"date":"2019-01-31T16:40:25","date_gmt":"2019-01-31T15:40:25","guid":{"rendered":"http:\/\/www.mtv-in.de\/fechten\/?page_id=797"},"modified":"2025-09-01T12:46:09","modified_gmt":"2025-09-01T10:46:09","slug":"ausruestung","status":"publish","type":"page","link":"https:\/\/www.mtv-in.de\/fechten\/training\/ausruestung\/","title":{"rendered":"Ausr\u00fcstung"},"content":{"rendered":"\n<figure class=\"wp-block-image\"><a href=\"https:\/\/www.mtv-in.de\/fechten\/files\/2019\/01\/Homepage-Ausr\u00fcstung-1.png\"><img loading=\"lazy\" decoding=\"async\" width=\"2000\" height=\"1342\" src=\"https:\/\/www.mtv-in.de\/fechten\/files\/2019\/01\/Homepage-Ausr\u00fcstung-1.png\" alt=\"\" class=\"wp-image-935\" srcset=\"https:\/\/www.mtv-in.de\/fechten\/files\/2019\/01\/Homepage-Ausr\u00fcstung-1.png 2000w, https:\/\/www.mtv-in.de\/fechten\/files\/2019\/01\/Homepage-Ausr\u00fcstung-1-300x201.png 300w, https:\/\/www.mtv-in.de\/fechten\/files\/2019\/01\/Homepage-Ausr\u00fcstung-1-768x515.png 768w, https:\/\/www.mtv-in.de\/fechten\/files\/2019\/01\/Homepage-Ausr\u00fcstung-1-1024x687.png 1024w\" sizes=\"auto, (max-width: 2000px) 100vw, 2000px\" \/><\/a><\/figure>\n\n\n\n<div style=\"height:100px\" aria-hidden=\"true\" class=\"wp-block-spacer\"><\/div>\n\n\n\n<div class=\"wp-block-columns is-layout-flex wp-container-core-columns-is-layout-9d6595d7 wp-block-columns-is-layout-flex\">\n<div class=\"wp-block-column is-layout-flow wp-block-column-is-layout-flow\">\n<h3 class=\"wp-block-heading fly-in fly-in-delay-2\"><strong>Grundausstattung f\u00fcr Schnupperer<\/strong><\/h3>\n\n\n\n<ul class=\"wp-block-list\">\n<li class=\"fly-in fly-in-delay-3\">F\u00fcr die ersten Trainings wird die komplette Ausr\u00fcstung <strong>vom Verein gestellt<\/strong> (Maske, Jacke, Handschuh, Waffe).<\/li>\n\n\n\n<li class=\"fly-in fly-in-delay-3\">Mitbringen: <strong>Sportkleidung, Hallenschuhe, Getr\u00e4nk<\/strong>.<\/li>\n\n\n\n<li class=\"fly-in fly-in-delay-3\">Sicherheit wird gro\u00dfgeschrieben \u2013 alle Materialien sind gepr\u00fcft und gepflegt.<\/li>\n<\/ul>\n<\/div>\n\n\n\n<div class=\"wp-block-column is-layout-flow wp-block-column-is-layout-flow\">\n<figure class=\"wp-block-image size-large fly-in fly-in-delay-1 is-style-rounded\"><a href=\"https:\/\/www.mtv-in.de\/fechten\/files\/2018\/01\/Turnierreifepr\u00fcfung_3.jpg\"><img loading=\"lazy\" decoding=\"async\" width=\"1024\" height=\"576\" src=\"https:\/\/www.mtv-in.de\/fechten\/files\/2018\/01\/Turnierreifepr\u00fcfung_3-1024x576.jpg\" alt=\"\" class=\"wp-image-586\" style=\"aspect-ratio:16\/9;object-fit:cover\" srcset=\"https:\/\/www.mtv-in.de\/fechten\/files\/2018\/01\/Turnierreifepr\u00fcfung_3-1024x576.jpg 1024w, https:\/\/www.mtv-in.de\/fechten\/files\/2018\/01\/Turnierreifepr\u00fcfung_3-300x169.jpg 300w, https:\/\/www.mtv-in.de\/fechten\/files\/2018\/01\/Turnierreifepr\u00fcfung_3-768x432.jpg 768w, https:\/\/www.mtv-in.de\/fechten\/files\/2018\/01\/Turnierreifepr\u00fcfung_3.jpg 1280w\" sizes=\"auto, (max-width: 1024px) 100vw, 1024px\" \/><\/a><\/figure>\n<\/div>\n<\/div>\n\n\n\n<div style=\"height:100px\" aria-hidden=\"true\" class=\"wp-block-spacer\"><\/div>\n\n\n\n<div class=\"wp-block-columns is-layout-flex wp-container-core-columns-is-layout-9d6595d7 wp-block-columns-is-layout-flex\">\n<div class=\"wp-block-column is-layout-flow wp-block-column-is-layout-flow\">\n<figure class=\"wp-block-image size-large fly-in fly-in-delay-1 is-style-rounded\"><a href=\"https:\/\/www.mtv-in.de\/fechten\/files\/2024\/03\/Ostern.jpeg\"><img loading=\"lazy\" decoding=\"async\" width=\"801\" height=\"1024\" src=\"https:\/\/www.mtv-in.de\/fechten\/files\/2024\/03\/Ostern-801x1024.jpeg\" alt=\"\" class=\"wp-image-1362\" style=\"aspect-ratio:1.7777777777777777;object-fit:cover\" srcset=\"https:\/\/www.mtv-in.de\/fechten\/files\/2024\/03\/Ostern-801x1024.jpeg 801w, https:\/\/www.mtv-in.de\/fechten\/files\/2024\/03\/Ostern-235x300.jpeg 235w, https:\/\/www.mtv-in.de\/fechten\/files\/2024\/03\/Ostern-768x982.jpeg 768w, https:\/\/www.mtv-in.de\/fechten\/files\/2024\/03\/Ostern-1201x1536.jpeg 1201w, https:\/\/www.mtv-in.de\/fechten\/files\/2024\/03\/Ostern.jpeg 1601w\" sizes=\"auto, (max-width: 801px) 100vw, 801px\" \/><\/a><\/figure>\n<\/div>\n\n\n\n<div class=\"wp-block-column is-layout-flow wp-block-column-is-layout-flow\">\n<h3 class=\"wp-block-heading fly-in fly-in-delay-2\"><strong>Eigene Ausr\u00fcstung \u2013 wann und wie?<\/strong><\/h3>\n\n\n\n<ul class=\"wp-block-list\">\n<li class=\"fly-in fly-in-delay-3\">Nach dem Schnuppertraining empfehlen wir, eine eigene Maske und Handschuh zuzulegen.<\/li>\n\n\n\n<li class=\"fly-in fly-in-delay-3\">Beratung erfolgt durch die Trainer, damit alles passt und sicher ist.<\/li>\n\n\n\n<li class=\"fly-in fly-in-delay-3\">Die restliche Ausr\u00fcstung eignet sich perfekt f\u00fcr j\u00e4hrliche Geburtstags- und Weihnachtsw\u00fcnsche <\/li>\n\n\n\n<li class=\"fly-in fly-in-delay-3\">Bis dahin besteht die M\u00f6glichkeit gegen eine Monatspauschale von 4,20 \u20ac die restliche Ausr\u00fcstung auszuleihen<\/li>\n<\/ul>\n<\/div>\n<\/div>\n\n\n\n<div style=\"height:100px\" aria-hidden=\"true\" class=\"wp-block-spacer\"><\/div>\n\n\n\n<h1 class=\"wp-block-heading has-text-align-center fly-in fly-in-delay-1\">Wie sicher ist Fechten?<\/h1>\n\n\n\n<p class=\"has-text-align-center fly-in fly-in-delay-1\"><strong>Fechten geh\u00f6rt zu den sichersten Kampfsportarten \u00fcberhaupt<\/strong><\/p>\n\n\n\n<div style=\"height:20px\" aria-hidden=\"true\" class=\"wp-block-spacer\"><\/div>\n\n\n\n<h3 class=\"wp-block-heading fly-in fly-in-delay-1\">Warum Fechten sicher ist:<\/h3>\n\n\n\n<ul class=\"wp-block-list\">\n<li class=\"fly-in fly-in-delay-1\"><strong>Schutzausr\u00fcstung<\/strong>: Maske, Jacke, Handschuh und Plastron sind so konstruiert, dass sie St\u00f6\u00dfe zuverl\u00e4ssig abfangen.<\/li>\n\n\n\n<li class=\"fly-in fly-in-delay-1\"><strong>Gepr\u00fcfte Materialien<\/strong>: Alle Ausr\u00fcstungsteile entsprechen internationalen Sicherheitsnormen (CE\/FIE).<\/li>\n\n\n\n<li class=\"fly-in fly-in-delay-1\"><strong>Regeln &amp; Fairness<\/strong>: Fechten ist ein Sport mit strengen Regeln \u2013 Respekt vor dem Gegner und kontrollierte Bewegungen stehen im Mittelpunkt.<\/li>\n\n\n\n<li class=\"fly-in fly-in-delay-1\"><strong>Qualifizierte Trainer<\/strong>: Unsere \u00dcbungsleiter achten auf Technik, saubere Ausf\u00fchrung und einen verantwortungsvollen Umgang mit der Waffe.<\/li>\n<\/ul>\n\n\n\n<div style=\"height:50px\" aria-hidden=\"true\" class=\"wp-block-spacer\"><\/div>\n\n\n\n<p class=\"fly-in fly-in-delay-1\"><strong>Wer sich noch technisch versichern will:<\/strong><\/p>\n\n\n\n<p class=\"fly-in fly-in-delay-1\">&#8222;Jacke, Unterweste und Hose m\u00fcssen jeweils einer Kraft von 800,00 Newton pro Quadratzentimeter standhalten. Der Maskenlatz muss 1600,00 Newton, das Maskengitter 3000,00 Newton pro Quadratzentimeter standhalten. (9,81 Newton entsprechen einem Gewicht von einem Kilogramm.)<\/p>\n\n\n\n<p class=\"fly-in fly-in-delay-1\">Das Textilforschungs-Institut in Denkendorf (Kreis Esslingen bei Stuttgart) testet die Sto\u00dffestigkeit mit einem Dorn aus Stahl, der einen quadratischen Querschnitt von drei Millimeter Seitenl\u00e4nge hat &#8211; er ist also ungef\u00e4hr so dick wie ein Streichholz und hat zudem eine Spitze mit einem Winkel von 120 Grad. Dieser Dorn saust mit einem Gewicht von 19 Kilogramm aus einer H\u00f6he von 2,60 Metern auf das straff gespannte Textil. Dabei wird das Textil der Fechtkleidung nicht durchsto\u00dfen. Noch viel h\u00e4rteren Tests &#8211; Sto\u00dfen, Ziehen, Quetschen und anderes &#8211; m\u00fcssen die Masken standhalten.\u201c aus <a href=\"http:\/\/www.fechten.org\/fechten\/kleidung\/\">www.fechten.org\/fechten\/kleidung\/<\/a><\/p>\n\n\n\n<div style=\"height:100px\" aria-hidden=\"true\" class=\"wp-block-spacer\"><\/div>\n\n\n\n<div class=\"wp-block-buttons is-content-justification-center is-layout-flex wp-container-core-buttons-is-layout-16018d1d wp-block-buttons-is-layout-flex\">\n<div class=\"wp-block-button has-custom-width wp-block-button__width-50 fly-in fly-in-delay-1\"><a class=\"wp-block-button__link has-white-color has-vivid-purple-background-color has-text-color has-background has-link-color wp-element-button\">Zum Schnupperkurs<\/a><\/div>\n<\/div>\n","protected":false},"excerpt":{"rendered":"<p>Grundausstattung f\u00fcr Schnupperer Eigene Ausr\u00fcstung \u2013 wann und wie? Wie sicher ist Fechten? Fechten geh\u00f6rt zu den sichersten Kampfsportarten \u00fcberhaupt Warum Fechten sicher ist: Wer sich noch technisch versichern will: &#8222;Jacke, Unterweste und Hose m\u00fcssen jeweils einer Kraft von 800,00 Newton pro Quadratzentimeter standhalten. Der Maskenlatz muss 1600,00 Newton, das Maskengitter 3000,00 Newton pro Quadratzentimeter [&hellip;]<\/p>\n","protected":false},"author":305,"featured_media":0,"parent":786,"menu_order":0,"comment_status":"closed","ping_status":"closed","template":"","meta":{"footnotes":""},"class_list":["post-797","page","type-page","status-publish","hentry"],"_links":{"self":[{"href":"https:\/\/www.mtv-in.de\/fechten\/wp-json\/wp\/v2\/pages\/797","targetHints":{"allow":["GET"]}}],"collection":[{"href":"https:\/\/www.mtv-in.de\/fechten\/wp-json\/wp\/v2\/pages"}],"about":[{"href":"https:\/\/www.mtv-in.de\/fechten\/wp-json\/wp\/v2\/types\/page"}],"author":[{"embeddable":true,"href":"https:\/\/www.mtv-in.de\/fechten\/wp-json\/wp\/v2\/users\/305"}],"replies":[{"embeddable":true,"href":"https:\/\/www.mtv-in.de\/fechten\/wp-json\/wp\/v2\/comments?post=797"}],"version-history":[{"count":10,"href":"https:\/\/www.mtv-in.de\/fechten\/wp-json\/wp\/v2\/pages\/797\/revisions"}],"predecessor-version":[{"id":1976,"href":"https:\/\/www.mtv-in.de\/fechten\/wp-json\/wp\/v2\/pages\/797\/revisions\/1976"}],"up":[{"embeddable":true,"href":"https:\/\/www.mtv-in.de\/fechten\/wp-json\/wp\/v2\/pages\/786"}],"wp:attachment":[{"href":"https:\/\/www.mtv-in.de\/fechten\/wp-json\/wp\/v2\/media?parent=797"}],"curies":[{"name":"wp","href":"https:\/\/api.w.org\/{rel}","templated":true}]}}

Ausrüstung

<figure class="wp-block-image"><a href="https://www.mtv-in.de/fechten/files/2019/01/Homepage-Ausrüstung-1.png"><img loading="lazy" decoding="async" width="2000" height="1342" src="https://www.mtv-in.de/fechten/files/2019/01/Homepage-Ausrüstung-1.png" alt="" class="wp-image-935" srcset="https://www.mtv-in.de/fechten/files/2019/01/Homepage-Ausrüstung-1.png 2000w, https://www.mtv-in.de/fechten/files/2019/01/Homepage-Ausrüstung-1-300x201.png 300w, https://www.mtv-in.de/fechten/files/2019/01/Homepage-Ausrüstung-1-768x515.png 768w, https://www.mtv-in.de/fechten/files/2019/01/Homepage-Ausrüstung-1-1024x687.png 1024w" sizes="auto, (max-width: 2000px) 100vw, 2000px" /></a></figure>



<div style="height:100px" aria-hidden="true" class="wp-block-spacer"></div>



<div class="wp-block-columns is-layout-flex wp-container-core-columns-is-layout-9d6595d7 wp-block-columns-is-layout-flex">
<div class="wp-block-column is-layout-flow wp-block-column-is-layout-flow">
<h3 class="wp-block-heading fly-in fly-in-delay-2"><strong>Grundausstattung für Schnupperer</strong></h3>



<ul class="wp-block-list">
<li class="fly-in fly-in-delay-3">Für die ersten Trainings wird die komplette Ausrüstung <strong>vom Verein gestellt</strong> (Maske, Jacke, Handschuh, Waffe).</li>



<li class="fly-in fly-in-delay-3">Mitbringen: <strong>Sportkleidung, Hallenschuhe, Getränk</strong>.</li>



<li class="fly-in fly-in-delay-3">Sicherheit wird großgeschrieben – alle Materialien sind geprüft und gepflegt.</li>
</ul>
</div>



<div class="wp-block-column is-layout-flow wp-block-column-is-layout-flow">
<figure class="wp-block-image size-large fly-in fly-in-delay-1 is-style-rounded"><a href="https://www.mtv-in.de/fechten/files/2018/01/Turnierreifeprüfung_3.jpg"><img loading="lazy" decoding="async" width="1024" height="576" src="https://www.mtv-in.de/fechten/files/2018/01/Turnierreifeprüfung_3-1024x576.jpg" alt="" class="wp-image-586" style="aspect-ratio:16/9;object-fit:cover" srcset="https://www.mtv-in.de/fechten/files/2018/01/Turnierreifeprüfung_3-1024x576.jpg 1024w, https://www.mtv-in.de/fechten/files/2018/01/Turnierreifeprüfung_3-300x169.jpg 300w, https://www.mtv-in.de/fechten/files/2018/01/Turnierreifeprüfung_3-768x432.jpg 768w, https://www.mtv-in.de/fechten/files/2018/01/Turnierreifeprüfung_3.jpg 1280w" sizes="auto, (max-width: 1024px) 100vw, 1024px" /></a></figure>
</div>
</div>



<div style="height:100px" aria-hidden="true" class="wp-block-spacer"></div>



<div class="wp-block-columns is-layout-flex wp-container-core-columns-is-layout-9d6595d7 wp-block-columns-is-layout-flex">
<div class="wp-block-column is-layout-flow wp-block-column-is-layout-flow">
<figure class="wp-block-image size-large fly-in fly-in-delay-1 is-style-rounded"><a href="https://www.mtv-in.de/fechten/files/2024/03/Ostern.jpeg"><img loading="lazy" decoding="async" width="801" height="1024" src="https://www.mtv-in.de/fechten/files/2024/03/Ostern-801x1024.jpeg" alt="" class="wp-image-1362" style="aspect-ratio:1.7777777777777777;object-fit:cover" srcset="https://www.mtv-in.de/fechten/files/2024/03/Ostern-801x1024.jpeg 801w, https://www.mtv-in.de/fechten/files/2024/03/Ostern-235x300.jpeg 235w, https://www.mtv-in.de/fechten/files/2024/03/Ostern-768x982.jpeg 768w, https://www.mtv-in.de/fechten/files/2024/03/Ostern-1201x1536.jpeg 1201w, https://www.mtv-in.de/fechten/files/2024/03/Ostern.jpeg 1601w" sizes="auto, (max-width: 801px) 100vw, 801px" /></a></figure>
</div>



<div class="wp-block-column is-layout-flow wp-block-column-is-layout-flow">
<h3 class="wp-block-heading fly-in fly-in-delay-2"><strong>Eigene Ausrüstung – wann und wie?</strong></h3>



<ul class="wp-block-list">
<li class="fly-in fly-in-delay-3">Nach dem Schnuppertraining empfehlen wir, eine eigene Maske und Handschuh zuzulegen.</li>



<li class="fly-in fly-in-delay-3">Beratung erfolgt durch die Trainer, damit alles passt und sicher ist.</li>



<li class="fly-in fly-in-delay-3">Die restliche Ausrüstung eignet sich perfekt für jährliche Geburtstags- und Weihnachtswünsche </li>



<li class="fly-in fly-in-delay-3">Bis dahin besteht die Möglichkeit gegen eine Monatspauschale von 4,20 € die restliche Ausrüstung auszuleihen</li>
</ul>
</div>
</div>



<div style="height:100px" aria-hidden="true" class="wp-block-spacer"></div>



<h1 class="wp-block-heading has-text-align-center fly-in fly-in-delay-1">Wie sicher ist Fechten?</h1>



<p class="has-text-align-center fly-in fly-in-delay-1"><strong>Fechten gehört zu den sichersten Kampfsportarten überhaupt</strong></p>



<div style="height:20px" aria-hidden="true" class="wp-block-spacer"></div>



<h3 class="wp-block-heading fly-in fly-in-delay-1">Warum Fechten sicher ist:</h3>



<ul class="wp-block-list">
<li class="fly-in fly-in-delay-1"><strong>Schutzausrüstung</strong>: Maske, Jacke, Handschuh und Plastron sind so konstruiert, dass sie Stöße zuverlässig abfangen.</li>



<li class="fly-in fly-in-delay-1"><strong>Geprüfte Materialien</strong>: Alle Ausrüstungsteile entsprechen internationalen Sicherheitsnormen (CE/FIE).</li>



<li class="fly-in fly-in-delay-1"><strong>Regeln &amp; Fairness</strong>: Fechten ist ein Sport mit strengen Regeln – Respekt vor dem Gegner und kontrollierte Bewegungen stehen im Mittelpunkt.</li>



<li class="fly-in fly-in-delay-1"><strong>Qualifizierte Trainer</strong>: Unsere Übungsleiter achten auf Technik, saubere Ausführung und einen verantwortungsvollen Umgang mit der Waffe.</li>
</ul>



<div style="height:50px" aria-hidden="true" class="wp-block-spacer"></div>



<p class="fly-in fly-in-delay-1"><strong>Wer sich noch technisch versichern will:</strong></p>



<p class="fly-in fly-in-delay-1">&#8222;Jacke, Unterweste und Hose müssen jeweils einer Kraft von 800,00 Newton pro Quadratzentimeter standhalten. Der Maskenlatz muss 1600,00 Newton, das Maskengitter 3000,00 Newton pro Quadratzentimeter standhalten. (9,81 Newton entsprechen einem Gewicht von einem Kilogramm.)</p>



<p class="fly-in fly-in-delay-1">Das Textilforschungs-Institut in Denkendorf (Kreis Esslingen bei Stuttgart) testet die Stoßfestigkeit mit einem Dorn aus Stahl, der einen quadratischen Querschnitt von drei Millimeter Seitenlänge hat &#8211; er ist also ungefähr so dick wie ein Streichholz und hat zudem eine Spitze mit einem Winkel von 120 Grad. Dieser Dorn saust mit einem Gewicht von 19 Kilogramm aus einer Höhe von 2,60 Metern auf das straff gespannte Textil. Dabei wird das Textil der Fechtkleidung nicht durchstoßen. Noch viel härteren Tests &#8211; Stoßen, Ziehen, Quetschen und anderes &#8211; müssen die Masken standhalten.“ aus <a href="http://www.fechten.org/fechten/kleidung/">www.fechten.org/fechten/kleidung/</a></p>



<div style="height:100px" aria-hidden="true" class="wp-block-spacer"></div>



<div class="wp-block-buttons is-content-justification-center is-layout-flex wp-container-core-buttons-is-layout-16018d1d wp-block-buttons-is-layout-flex">
<div class="wp-block-button has-custom-width wp-block-button__width-50 fly-in fly-in-delay-1"><a class="wp-block-button__link has-white-color has-vivid-purple-background-color has-text-color has-background has-link-color wp-element-button">Zum Schnupperkurs</a></div>
</div>

<p>Grundausstattung für Schnupperer Eigene Ausrüstung – wann und wie? Wie sicher ist Fechten? Fechten gehört zu den sichersten Kampfsportarten überhaupt Warum Fechten sicher ist: Wer sich noch technisch versichern will: &#8222;Jacke, Unterweste und Hose müssen jeweils einer Kraft von 800,00 Newton pro Quadratzentimeter standhalten. Der Maskenlatz muss 1600,00 Newton, das Maskengitter 3000,00 Newton pro Quadratzentimeter [&hellip;]</p>
