{"id":806,"date":"2019-01-31T17:00:27","date_gmt":"2019-01-31T16:00:27","guid":{"rendered":"http:\/\/www.mtv-in.de\/fechten\/?page_id=806"},"modified":"2025-07-24T22:25:22","modified_gmt":"2025-07-24T20:25:22","slug":"funktionen","status":"publish","type":"page","link":"https:\/\/www.mtv-in.de\/fechten\/ueber-uns\/funktionen\/","title":{"rendered":"Abteilungsleitung"},"content":{"rendered":"\n<p><strong>Abteilungsleitung: Unser Team<\/strong><\/p>\n\n\n\n<p>Unsere Abteilungsleitung besteht aus engagierten Mitgliedern, die mit Leidenschaft und Engagement die Geschicke unserer Fechtabteilung lenken. Gemeinsam teilen wir die Vision, den Fechtsport zu f\u00f6rdern, die Gemeinschaft zu st\u00e4rken und f\u00fcr exzellente Erfahrungen auf und neben dem Planche zu sorgen. Hier stellen wir Ihnen unser Team vor:<\/p>\n\n\n\n<div style=\"height:20px\" aria-hidden=\"true\" class=\"wp-block-spacer\"><\/div>\n\n\n\n<p><strong>Heike D\u00fctsch &#8211; Abteilungsleiter<\/strong><\/p>\n\n\n\n<p>Heike ist ein erfahrener Ruderer und leitet unsere Abteilung mit Begeisterung. <br>Sie ist verantwortlich f\u00fcr die Gesamtleitung der Abteilung und Kommunikation mit den MTV Pr\u00e4sidium und nach au\u00dfen.<\/p>\n\n\n\n<p>Telefon:&nbsp;0162 9375288<\/p>\n\n\n\n<div style=\"height:20px\" aria-hidden=\"true\" class=\"wp-block-spacer\"><\/div>\n\n\n\n<p><strong>&nbsp;Cedric Arzul &#8211; Stellvertretender Abteilungsleiter<\/strong><\/p>\n\n\n\n<p>Als Stellvertretender Abteilungsleiter spielt Cedric eine entscheidende Rolle bei der Unterst\u00fctzung und Erg\u00e4nzung der Arbeit des Abteilungsleiters und tr\u00e4gt ma\u00dfgeblich zur Verwirklichung unserer Abteilungsziele bei.<\/p>\n\n\n\n<div style=\"height:20px\" aria-hidden=\"true\" class=\"wp-block-spacer\"><\/div>\n\n\n\n<p><strong>Dirk Marko &#8211; Kassenwart<\/strong><\/p>\n\n\n\n<p>Dirk hat das Finanzielle im Blick und sorgt f\u00fcr eine gesunde finanzielle Basis unserer Abteilung. <br>Er k\u00fcmmert sich um die Verwaltung unserer Finanzen und Ressourcen.<\/p>\n\n\n\n<div style=\"height:20px\" aria-hidden=\"true\" class=\"wp-block-spacer\"><\/div>\n\n\n\n<p><strong>Stefan Koppenhofer &#8211; Jugendleiter<\/strong><\/p>\n\n\n\n<p>Als Sportlicher Leiter ist Stefan f\u00fcr die Koordination von Trainingseinheiten, Wettk\u00e4mpfen und sportlichen Programmen verantwortlich. Er arbeitet auch als Cheftrainer eng mit unseren Trainern und Athleten zusammen, um sportliche Exzellenz zu f\u00f6rdern.<\/p>\n\n\n\n<div style=\"height:20px\" aria-hidden=\"true\" class=\"wp-block-spacer\"><\/div>\n\n\n\n<p><strong>Kevin Nieporte &#8211; Schriftf\u00fchrer<\/strong><\/p>\n\n\n\n<p>Unser Schriftf\u00fchrer Kevin sorgt daf\u00fcr, dass Sie immer auf dem Laufenden sind. Er verwaltet unsere&nbsp; Webseite, um Informationen \u00fcber Veranstaltungen und Aktivit\u00e4ten zu teilen.<\/p>\n\n\n\n<div style=\"height:20px\" aria-hidden=\"true\" class=\"wp-block-spacer\"><\/div>\n\n\n\n<p><strong>Arno Steinbinder &#8211; Waffenwart<\/strong><\/p>\n\n\n\n<p>Fechten ist mit viel Technik verbunden, geht etwas kaputt, macht es Arno wieder funktionsf\u00e4hig.<\/p>\n\n\n\n<div style=\"height:20px\" aria-hidden=\"true\" class=\"wp-block-spacer\"><\/div>\n\n\n\n<p><strong>Zhenge Lou &#8211; Materialwart&nbsp;<\/strong><\/p>\n\n\n\n<p>Zhenge verwaltet unsere Materiallisten und ist verantwortlich f\u00fcr neue Anschaffungen und die Ausleihvertr\u00e4ge.<\/p>\n\n\n\n<div style=\"height:40px\" aria-hidden=\"true\" class=\"wp-block-spacer\"><\/div>\n\n\n\n<p><strong>Kontakt:<\/strong><\/p>\n\n\n\n<p>Alle Funktionstr\u00e4ger k\u00f6nnen unter der E-Mail-Adresse <a href=\"javascript:DeCryptX('3p0t3y0-3l1o3j3r0l2u0t0a0d0t2\/1g0e0c3k3w0e1o2B0w1f3e311e1f')\">mtv-ingolstadt-fechten [at] web [dot] de<\/a> kontaktiert werden.<\/p>\n\n\n\n<div style=\"height:50px\" aria-hidden=\"true\" class=\"wp-block-spacer\"><\/div>\n\n\n\n<div class=\"wp-block-buttons is-content-justification-center is-layout-flex wp-container-core-buttons-is-layout-16018d1d wp-block-buttons-is-layout-flex\">\n<div class=\"wp-block-button\"><a class=\"wp-block-button__link has-white-color has-vivid-purple-background-color has-text-color has-background has-link-color wp-element-button\" href=\"https:\/\/www.mtv-in.de\/fechten\/ueber-uns\/kontakt\/\">Zum Kontaktformular<\/a><\/div>\n<\/div>\n\n\n\n<p><\/p>\n","protected":false},"excerpt":{"rendered":"<p>Abteilungsleitung: Unser Team Unsere Abteilungsleitung besteht aus engagierten Mitgliedern, die mit Leidenschaft und Engagement die Geschicke unserer Fechtabteilung lenken. Gemeinsam teilen wir die Vision, den Fechtsport zu f\u00f6rdern, die Gemeinschaft zu st\u00e4rken und f\u00fcr exzellente Erfahrungen auf und neben dem Planche zu sorgen. Hier stellen wir Ihnen unser Team vor: Heike D\u00fctsch &#8211; Abteilungsleiter Heike [&hellip;]<\/p>\n","protected":false},"author":305,"featured_media":0,"parent":782,"menu_order":0,"comment_status":"closed","ping_status":"closed","template":"","meta":{"footnotes":""},"class_list":["post-806","page","type-page","status-publish","hentry"],"_links":{"self":[{"href":"https:\/\/www.mtv-in.de\/fechten\/wp-json\/wp\/v2\/pages\/806","targetHints":{"allow":["GET"]}}],"collection":[{"href":"https:\/\/www.mtv-in.de\/fechten\/wp-json\/wp\/v2\/pages"}],"about":[{"href":"https:\/\/www.mtv-in.de\/fechten\/wp-json\/wp\/v2\/types\/page"}],"author":[{"embeddable":true,"href":"https:\/\/www.mtv-in.de\/fechten\/wp-json\/wp\/v2\/users\/305"}],"replies":[{"embeddable":true,"href":"https:\/\/www.mtv-in.de\/fechten\/wp-json\/wp\/v2\/comments?post=806"}],"version-history":[{"count":11,"href":"https:\/\/www.mtv-in.de\/fechten\/wp-json\/wp\/v2\/pages\/806\/revisions"}],"predecessor-version":[{"id":1780,"href":"https:\/\/www.mtv-in.de\/fechten\/wp-json\/wp\/v2\/pages\/806\/revisions\/1780"}],"up":[{"embeddable":true,"href":"https:\/\/www.mtv-in.de\/fechten\/wp-json\/wp\/v2\/pages\/782"}],"wp:attachment":[{"href":"https:\/\/www.mtv-in.de\/fechten\/wp-json\/wp\/v2\/media?parent=806"}],"curies":[{"name":"wp","href":"https:\/\/api.w.org\/{rel}","templated":true}]}}

<p><strong>Abteilungsleitung: Unser Team</strong></p>



<p>Unsere Abteilungsleitung besteht aus engagierten Mitgliedern, die mit Leidenschaft und Engagement die Geschicke unserer Fechtabteilung lenken. Gemeinsam teilen wir die Vision, den Fechtsport zu fördern, die Gemeinschaft zu stärken und für exzellente Erfahrungen auf und neben dem Planche zu sorgen. Hier stellen wir Ihnen unser Team vor:</p>



<div style="height:20px" aria-hidden="true" class="wp-block-spacer"></div>



<p><strong>Heike Dütsch &#8211; Abteilungsleiter</strong></p>



<p>Heike ist ein erfahrener Ruderer und leitet unsere Abteilung mit Begeisterung. <br>Sie ist verantwortlich für die Gesamtleitung der Abteilung und Kommunikation mit den MTV Präsidium und nach außen.</p>



<p>Telefon:&nbsp;0162 9375288</p>



<div style="height:20px" aria-hidden="true" class="wp-block-spacer"></div>



<p><strong>&nbsp;Cedric Arzul &#8211; Stellvertretender Abteilungsleiter</strong></p>



<p>Als Stellvertretender Abteilungsleiter spielt Cedric eine entscheidende Rolle bei der Unterstützung und Ergänzung der Arbeit des Abteilungsleiters und trägt maßgeblich zur Verwirklichung unserer Abteilungsziele bei.</p>



<div style="height:20px" aria-hidden="true" class="wp-block-spacer"></div>



<p><strong>Dirk Marko &#8211; Kassenwart</strong></p>



<p>Dirk hat das Finanzielle im Blick und sorgt für eine gesunde finanzielle Basis unserer Abteilung. <br>Er kümmert sich um die Verwaltung unserer Finanzen und Ressourcen.</p>



<div style="height:20px" aria-hidden="true" class="wp-block-spacer"></div>



<p><strong>Stefan Koppenhofer &#8211; Jugendleiter</strong></p>



<p>Als Sportlicher Leiter ist Stefan für die Koordination von Trainingseinheiten, Wettkämpfen und sportlichen Programmen verantwortlich. Er arbeitet auch als Cheftrainer eng mit unseren Trainern und Athleten zusammen, um sportliche Exzellenz zu fördern.</p>



<div style="height:20px" aria-hidden="true" class="wp-block-spacer"></div>



<p><strong>Kevin Nieporte &#8211; Schriftführer</strong></p>



<p>Unser Schriftführer Kevin sorgt dafür, dass Sie immer auf dem Laufenden sind. Er verwaltet unsere&nbsp; Webseite, um Informationen über Veranstaltungen und Aktivitäten zu teilen.</p>



<div style="height:20px" aria-hidden="true" class="wp-block-spacer"></div>



<p><strong>Arno Steinbinder &#8211; Waffenwart</strong></p>



<p>Fechten ist mit viel Technik verbunden, geht etwas kaputt, macht es Arno wieder funktionsfähig.</p>



<div style="height:20px" aria-hidden="true" class="wp-block-spacer"></div>



<p><strong>Zhenge Lou &#8211; Materialwart&nbsp;</strong></p>



<p>Zhenge verwaltet unsere Materiallisten und ist verantwortlich für neue Anschaffungen und die Ausleihverträge.</p>



<div style="height:40px" aria-hidden="true" class="wp-block-spacer"></div>



<p><strong>Kontakt:</strong></p>



<p>Alle Funktionsträger können unter der E-Mail-Adresse <a href="javascript:DeCryptX('3p0t3y0-3l1o3j3r0l2u0t0a0d0t2/1g0e0c3k3w0e1o2B0w1f3e311e1f')">mtv-ingolstadt-fechten [at] web [dot] de</a> kontaktiert werden.</p>



<div style="height:50px" aria-hidden="true" class="wp-block-spacer"></div>



<div class="wp-block-buttons is-content-justification-center is-layout-flex wp-container-core-buttons-is-layout-16018d1d wp-block-buttons-is-layout-flex">
<div class="wp-block-button"><a class="wp-block-button__link has-white-color has-vivid-purple-background-color has-text-color has-background has-link-color wp-element-button" href="https://www.mtv-in.de/fechten/ueber-uns/kontakt/">Zum Kontaktformular</a></div>
</div>



<p></p>

<p>Abteilungsleitung: Unser Team Unsere Abteilungsleitung besteht aus engagierten Mitgliedern, die mit Leidenschaft und Engagement die Geschicke unserer Fechtabteilung lenken. Gemeinsam teilen wir die Vision, den Fechtsport zu fördern, die Gemeinschaft zu stärken und für exzellente Erfahrungen auf und neben dem Planche zu sorgen. Hier stellen wir Ihnen unser Team vor: Heike Dütsch &#8211; Abteilungsleiter Heike [&hellip;]</p>
