{"id":66,"date":"2011-07-25T23:52:15","date_gmt":"2011-07-25T21:52:15","guid":{"rendered":"http:\/\/www.mtv-in.de\/judo\/?page_id=66"},"modified":"2025-12-17T10:35:00","modified_gmt":"2025-12-17T09:35:00","slug":"kontakt","status":"publish","type":"page","link":"https:\/\/www.mtv-in.de\/judo\/kontakt\/","title":{"rendered":"Kontakt"},"content":{"rendered":"<p>Abteilungsleiter Judo<br \/>\nReiner Jupke<br \/>\nGlonnweg 3a<br \/>\n85238 Petershausen<br \/>\nTel. 0170-2466653<br \/>\nE-Mail: <a href=\"javascript:DeCryptX('3U3h2k2p0e1s202L0u3s0k3h0@2o1f201d3r1n')\">Reiner [dot] Jupke [at] me [dot] com<\/a><\/p>\n<p>Beauftragte Pr\u00e4vention sexualisierter Gewalt (PSG)<br \/>\nSimone Walter<br \/>\nSchulthei\u00dfstra\u00dfe 85 a<br \/>\n85049\u00a0Ingolstadt<br \/>\nTel: 0841\/85409<br \/>\nE- Mail:\u00a0<a>simone [dot] walter [at] judoingolstadt [dot] de<\/a><\/p>\n","protected":false},"excerpt":{"rendered":"<p>Abteilungsleiter Judo Reiner Jupke Glonnweg 3a 85238 Petershausen Tel. 0170-2466653 E-Mail: Reiner [dot] Jupke [at] me [dot] com Beauftragte Pr\u00e4vention sexualisierter Gewalt (PSG) Simone Walter Schulthei\u00dfstra\u00dfe 85 a 85049\u00a0Ingolstadt Tel: 0841\/85409 E- Mail:\u00a0simone [dot] walter [at] judoingolstadt [dot] de<\/p>\n","protected":false},"author":1,"featured_media":0,"parent":0,"menu_order":0,"comment_status":"closed","ping_status":"open","template":"","meta":{"footnotes":""},"class_list":["post-66","page","type-page","status-publish","hentry"],"_links":{"self":[{"href":"https:\/\/www.mtv-in.de\/judo\/wp-json\/wp\/v2\/pages\/66","targetHints":{"allow":["GET"]}}],"collection":[{"href":"https:\/\/www.mtv-in.de\/judo\/wp-json\/wp\/v2\/pages"}],"about":[{"href":"https:\/\/www.mtv-in.de\/judo\/wp-json\/wp\/v2\/types\/page"}],"author":[{"embeddable":true,"href":"https:\/\/www.mtv-in.de\/judo\/wp-json\/wp\/v2\/users\/1"}],"replies":[{"embeddable":true,"href":"https:\/\/www.mtv-in.de\/judo\/wp-json\/wp\/v2\/comments?post=66"}],"version-history":[{"count":10,"href":"https:\/\/www.mtv-in.de\/judo\/wp-json\/wp\/v2\/pages\/66\/revisions"}],"predecessor-version":[{"id":2049,"href":"https:\/\/www.mtv-in.de\/judo\/wp-json\/wp\/v2\/pages\/66\/revisions\/2049"}],"wp:attachment":[{"href":"https:\/\/www.mtv-in.de\/judo\/wp-json\/wp\/v2\/media?parent=66"}],"curies":[{"name":"wp","href":"https:\/\/api.w.org\/{rel}","templated":true}]}}

<p>Abteilungsleiter Judo<br />
Reiner Jupke<br />
Glonnweg 3a<br />
85238 Petershausen<br />
Tel. 0170-2466653<br />
E-Mail: <a href="javascript:DeCryptX('3U3h2k2p0e1s202L0u3s0k3h0@2o1f201d3r1n')">Reiner [dot] Jupke [at] me [dot] com</a></p>
<p>Beauftragte Prävention sexualisierter Gewalt (PSG)<br />
Simone Walter<br />
Schultheißstraße 85 a<br />
85049 Ingolstadt<br />
Tel: 0841/85409<br />
E- Mail: <a>simone [dot] walter [at] judoingolstadt [dot] de</a></p>

<p>Abteilungsleiter Judo Reiner Jupke Glonnweg 3a 85238 Petershausen Tel. 0170-2466653 E-Mail: Reiner [dot] Jupke [at] me [dot] com Beauftragte Prävention sexualisierter Gewalt (PSG) Simone Walter Schultheißstraße 85 a 85049 Ingolstadt Tel: 0841/85409 E- Mail: simone [dot] walter [at] judoingolstadt [dot] de</p>
