{"id":112,"date":"2011-09-04T13:15:38","date_gmt":"2011-09-04T13:15:38","guid":{"rendered":"http:\/\/www.mtv-in.de\/karate\/?page_id=112"},"modified":"2026-04-14T18:32:24","modified_gmt":"2026-04-14T16:32:24","slug":"trainingszeiten-taichi","status":"publish","type":"page","link":"https:\/\/www.mtv-in.de\/karate\/trainingszeiten\/trainingszeiten-taichi\/","title":{"rendered":"Trainingszeiten Tai Chi &amp; Qigong"},"content":{"rendered":"<table width=\"100%\">\n<tbody>\n<tr align=\"center\" bgcolor=\"#c0c0c0\">\n<td width=\"48%\"><strong>Anf\u00e4nger<\/strong><\/td>\n<td width=\"52%\"><a href=\"https:\/\/www.mtv-in.de\/karate\/files\/2026\/04\/Infoblatt-Tai-Chi_2026-03.pdf\" target=\"_blank\" rel=\"noopener noreferrer\"> [+ Handzettel zum Download +]<\/a><\/td>\n<\/tr>\n<\/tbody>\n<\/table>\n<table width=\"100%\">\n<tbody>\n<tr>\n<td width=\"10%\"><strong>Tag<\/strong><\/td>\n<td width=\"18%\"><strong>Uhrzeit<\/strong><\/td>\n<td width=\"20%\"><strong>Trainer<\/strong><\/td>\n<td width=\"52%\"><strong>Ort<\/strong><\/td>\n<\/tr>\n<tr valign=\"top\">\n<td>Dienstag<\/td>\n<td>19:30 &#8211; 20:30<\/td>\n<td>Siegfried H\u00fcbner<br \/>\nRichard Grad<\/td>\n<td>MTV Bezirkssportanlage Mitte<br \/>\nkleine Gymnastikhalle<br \/>\nVon-der-Tann-Stra\u00dfe 1<br \/>\n(Zugang \u00fcber Parkplatz Ickstatt-Realschule)<br \/>\n<a href=\"https:\/\/maps.app.goo.gl\/w4D8BGTzHGN21oqa7\" target=\"_blank\" rel=\"noopener noreferrer\">[+ Lageplan auf Google Maps +]<\/a><\/td>\n<\/tr>\n<\/tbody>\n<\/table>\n<p>&nbsp;<\/p>\n<table width=\"100%\">\n<tbody>\n<tr align=\"center\" bgcolor=\"#c0c0c0\">\n<td width=\"48%\"><strong>Fortgeschrittene<\/strong><\/td>\n<td width=\"52%\"><a href=\"https:\/\/www.mtv-in.de\/karate\/files\/2026\/04\/Infoblatt-Tai-Chi_2026-03.pdf\" target=\"_blank\" rel=\"noopener noreferrer\"> [+ Handzettel zum Download +]<\/a><\/td>\n<\/tr>\n<\/tbody>\n<\/table>\n<table width=\"100%\">\n<tbody>\n<tr>\n<td width=\"10%\"><strong>Tag<\/strong><\/td>\n<td width=\"18%\"><strong>Uhrzeit<\/strong><\/td>\n<td width=\"20%\"><strong>Trainer<\/strong><\/td>\n<td width=\"52%\"><strong>Ort<\/strong><\/td>\n<\/tr>\n<tr valign=\"top\">\n<td>Dienstag<\/td>\n<td>20:30 &#8211; 21:30<\/td>\n<td>Siegfried H\u00fcbner<br \/>\nRichard Grad<\/td>\n<td>MTV Bezirkssportanlage Mitte<br \/>\nkleine Gymnastikhalle<br \/>\nVon-der-Tann-Stra\u00dfe 1<br \/>\n(Zugang \u00fcber Parkplatz Ickstatt-Realschule)<br \/>\n<a href=\"https:\/\/maps.app.goo.gl\/w4D8BGTzHGN21oqa7\" target=\"_blank\" rel=\"noopener noreferrer\">[+ Lageplan auf Google Maps +]<\/a><\/td>\n<\/tr>\n<tr>\n<td><\/td>\n<td><\/td>\n<td><\/td>\n<td><\/td>\n<\/tr>\n<\/tbody>\n<\/table>\n<p>&nbsp;<\/p>\n\n\n<p><\/p>\n","protected":false},"excerpt":{"rendered":"<p>Anf\u00e4nger [+ Handzettel zum Download +] Tag Uhrzeit Trainer Ort Dienstag 19:30 &#8211; 20:30 Siegfried H\u00fcbner Richard Grad MTV Bezirkssportanlage Mitte kleine Gymnastikhalle Von-der-Tann-Stra\u00dfe 1 (Zugang \u00fcber Parkplatz Ickstatt-Realschule) [+ Lageplan auf Google Maps +] &nbsp; Fortgeschrittene [+ Handzettel zum &hellip; <a href=\"https:\/\/www.mtv-in.de\/karate\/trainingszeiten\/trainingszeiten-taichi\/\">Continue reading <span class=\"meta-nav\">&rarr;<\/span><\/a><\/p>\n","protected":false},"author":14,"featured_media":0,"parent":53,"menu_order":0,"comment_status":"closed","ping_status":"closed","template":"","meta":{"ngg_post_thumbnail":0,"footnotes":""},"class_list":["post-112","page","type-page","status-publish","hentry"],"_links":{"self":[{"href":"https:\/\/www.mtv-in.de\/karate\/wp-json\/wp\/v2\/pages\/112","targetHints":{"allow":["GET"]}}],"collection":[{"href":"https:\/\/www.mtv-in.de\/karate\/wp-json\/wp\/v2\/pages"}],"about":[{"href":"https:\/\/www.mtv-in.de\/karate\/wp-json\/wp\/v2\/types\/page"}],"author":[{"embeddable":true,"href":"https:\/\/www.mtv-in.de\/karate\/wp-json\/wp\/v2\/users\/14"}],"replies":[{"embeddable":true,"href":"https:\/\/www.mtv-in.de\/karate\/wp-json\/wp\/v2\/comments?post=112"}],"version-history":[{"count":45,"href":"https:\/\/www.mtv-in.de\/karate\/wp-json\/wp\/v2\/pages\/112\/revisions"}],"predecessor-version":[{"id":1591,"href":"https:\/\/www.mtv-in.de\/karate\/wp-json\/wp\/v2\/pages\/112\/revisions\/1591"}],"up":[{"embeddable":true,"href":"https:\/\/www.mtv-in.de\/karate\/wp-json\/wp\/v2\/pages\/53"}],"wp:attachment":[{"href":"https:\/\/www.mtv-in.de\/karate\/wp-json\/wp\/v2\/media?parent=112"}],"curies":[{"name":"wp","href":"https:\/\/api.w.org\/{rel}","templated":true}]}}

<table width="100%">
<tbody>
<tr align="center" bgcolor="#c0c0c0">
<td width="48%"><strong>Anfänger</strong></td>
<td width="52%"><a href="https://www.mtv-in.de/karate/files/2026/04/Infoblatt-Tai-Chi_2026-03.pdf" target="_blank" rel="noopener noreferrer"> [+ Handzettel zum Download +]</a></td>
</tr>
</tbody>
</table>
<table width="100%">
<tbody>
<tr>
<td width="10%"><strong>Tag</strong></td>
<td width="18%"><strong>Uhrzeit</strong></td>
<td width="20%"><strong>Trainer</strong></td>
<td width="52%"><strong>Ort</strong></td>
</tr>
<tr valign="top">
<td>Dienstag</td>
<td>19:30 &#8211; 20:30</td>
<td>Siegfried Hübner<br />
Richard Grad</td>
<td>MTV Bezirkssportanlage Mitte<br />
kleine Gymnastikhalle<br />
Von-der-Tann-Straße 1<br />
(Zugang über Parkplatz Ickstatt-Realschule)<br />
<a href="https://maps.app.goo.gl/w4D8BGTzHGN21oqa7" target="_blank" rel="noopener noreferrer">[+ Lageplan auf Google Maps +]</a></td>
</tr>
</tbody>
</table>
<p>&nbsp;</p>
<table width="100%">
<tbody>
<tr align="center" bgcolor="#c0c0c0">
<td width="48%"><strong>Fortgeschrittene</strong></td>
<td width="52%"><a href="https://www.mtv-in.de/karate/files/2026/04/Infoblatt-Tai-Chi_2026-03.pdf" target="_blank" rel="noopener noreferrer"> [+ Handzettel zum Download +]</a></td>
</tr>
</tbody>
</table>
<table width="100%">
<tbody>
<tr>
<td width="10%"><strong>Tag</strong></td>
<td width="18%"><strong>Uhrzeit</strong></td>
<td width="20%"><strong>Trainer</strong></td>
<td width="52%"><strong>Ort</strong></td>
</tr>
<tr valign="top">
<td>Dienstag</td>
<td>20:30 &#8211; 21:30</td>
<td>Siegfried Hübner<br />
Richard Grad</td>
<td>MTV Bezirkssportanlage Mitte<br />
kleine Gymnastikhalle<br />
Von-der-Tann-Straße 1<br />
(Zugang über Parkplatz Ickstatt-Realschule)<br />
<a href="https://maps.app.goo.gl/w4D8BGTzHGN21oqa7" target="_blank" rel="noopener noreferrer">[+ Lageplan auf Google Maps +]</a></td>
</tr>
<tr>
<td></td>
<td></td>
<td></td>
<td></td>
</tr>
</tbody>
</table>
<p>&nbsp;</p>


<p></p>

<p>Anfänger [+ Handzettel zum Download +] Tag Uhrzeit Trainer Ort Dienstag 19:30 &#8211; 20:30 Siegfried Hübner Richard Grad MTV Bezirkssportanlage Mitte kleine Gymnastikhalle Von-der-Tann-Straße 1 (Zugang über Parkplatz Ickstatt-Realschule) [+ Lageplan auf Google Maps +] &nbsp; Fortgeschrittene [+ Handzettel zum &hellip; <a href="https://www.mtv-in.de/karate/trainingszeiten/trainingszeiten-taichi/">Continue reading <span class="meta-nav">&rarr;</span></a></p>
