{"id":146,"date":"2011-09-04T19:16:42","date_gmt":"2011-09-04T19:16:42","guid":{"rendered":"http:\/\/www.mtv-in.de\/karate\/?page_id=146"},"modified":"2025-02-20T19:39:12","modified_gmt":"2025-02-20T18:39:12","slug":"bildergalerie","status":"publish","type":"page","link":"https:\/\/www.mtv-in.de\/karate\/bildergalerie\/","title":{"rendered":"Bildergalerie"},"content":{"rendered":"<p><strong>Nachfolgend k\u00f6nnen Sie Bilder von unseren Aktivit\u00e4ten in fr\u00fcheren Jahren betrachten.<\/strong><\/p>\n<p>Mit Klick auf das Startbild \u00f6ffnen sie die Bilderreihe<\/p>\nngg_shortcode_0_placeholder\n","protected":false},"excerpt":{"rendered":"<p>Nachfolgend k\u00f6nnen Sie Bilder von unseren Aktivit\u00e4ten in fr\u00fcheren Jahren betrachten. Mit Klick auf das Startbild \u00f6ffnen sie die Bilderreihe<\/p>\n","protected":false},"author":14,"featured_media":0,"parent":0,"menu_order":0,"comment_status":"closed","ping_status":"closed","template":"","meta":{"ngg_post_thumbnail":0,"footnotes":""},"class_list":["post-146","page","type-page","status-publish","hentry"],"_links":{"self":[{"href":"https:\/\/www.mtv-in.de\/karate\/wp-json\/wp\/v2\/pages\/146","targetHints":{"allow":["GET"]}}],"collection":[{"href":"https:\/\/www.mtv-in.de\/karate\/wp-json\/wp\/v2\/pages"}],"about":[{"href":"https:\/\/www.mtv-in.de\/karate\/wp-json\/wp\/v2\/types\/page"}],"author":[{"embeddable":true,"href":"https:\/\/www.mtv-in.de\/karate\/wp-json\/wp\/v2\/users\/14"}],"replies":[{"embeddable":true,"href":"https:\/\/www.mtv-in.de\/karate\/wp-json\/wp\/v2\/comments?post=146"}],"version-history":[{"count":2,"href":"https:\/\/www.mtv-in.de\/karate\/wp-json\/wp\/v2\/pages\/146\/revisions"}],"predecessor-version":[{"id":1485,"href":"https:\/\/www.mtv-in.de\/karate\/wp-json\/wp\/v2\/pages\/146\/revisions\/1485"}],"wp:attachment":[{"href":"https:\/\/www.mtv-in.de\/karate\/wp-json\/wp\/v2\/media?parent=146"}],"curies":[{"name":"wp","href":"https:\/\/api.w.org\/{rel}","templated":true}]}}

<p><strong>Nachfolgend können Sie Bilder von unseren Aktivitäten in früheren Jahren betrachten.</strong></p>
<p>Mit Klick auf das Startbild öffnen sie die Bilderreihe</p>
ngg_shortcode_0_placeholder

<p>Nachfolgend können Sie Bilder von unseren Aktivitäten in früheren Jahren betrachten. Mit Klick auf das Startbild öffnen sie die Bilderreihe</p>
