{"id":522,"date":"2013-07-20T14:39:17","date_gmt":"2013-07-20T12:39:17","guid":{"rendered":"http:\/\/www.mtv-in.de\/ski\/?page_id=522"},"modified":"2013-07-20T14:41:19","modified_gmt":"2013-07-20T12:41:19","slug":"faq","status":"publish","type":"page","link":"https:\/\/www.mtv-in.de\/ski\/faq\/","title":{"rendered":"FAQ"},"content":{"rendered":"<p><strong>1) Ich m\u00f6chte mein Kind am Skikurs anmelden &#8211; wie ist der allgemeine Ablauf?<\/strong><\/p>\n<p>Einfach und unkompliziert! Nachdem Sie sich f\u00fcr einen Skikurs entschieden haben, kontaktieren Sie Traudl und Klaus Schaffer und melden Ihr Kind zum Skikurs an. Die Mitgliedschaft in der MTV-Skiabteilung\u00a0ist dabei allein aus versicherungstechnischen Gr\u00fcnden sinnvoll (f\u00fcr Vereinsmitglieder greift im Falle eines Unfalls bei Aus\u00fcbung des Skisports im Verein die Sportversicherung des Landessportverbandes). Am Skikurstag fahren wir meist gegen sechs Uhr morgens am Wonnemarparkplatz ab und kommen zwischen 18 und 20 Uhr abends dort wieder an. Im Bus wird das Geld von den Teilnehmern eingesammelt und die Liftkarten verteilt.<\/p>\n<p><strong>2) Was kostet die Mitgliedschaft in der MTV Skiabteilung und was kostet ein Skikurstag?<\/strong><\/p>\n<p>Die Mitgliedschaft in der MTV Skiabteilung kostet j\u00e4hrlich 5,00\u20ac Aufpreis pro Mitglied zum normalen Vereinsbeitrag. N\u00e4here Details entnehmen sie bitte <a href=\"https:\/\/www.mtv-in.de\/gesamtverein\/mitgliedsbeitrage\/\" target=\"_blank\">https:\/\/www.mtv-in.de\/gesamtverein\/mitgliedsbeitrage\/<\/a> . Die Gesamtkosten f\u00fcr Busfahrt, Liftkarte und Skikurs (lediglich ein Unkostenbeitrag! Wir sind ein gemeinn\u00fctziger Verein und nicht darauf aus, Profit zu machen!) betragen in der Regel um die 50 Euro.<\/p>\n<p><strong>3) Kann ich auch als Privatperson bei einer Skifahrt mitfahren?<\/strong><\/p>\n<p>Selbstverst\u00e4ndlich. In diesem Falle greift bei Unf\u00e4llen jedoch nicht die LSB-Versicherung.<\/p>\n<h3>Related Images:<\/h3>","protected":false},"excerpt":{"rendered":"<p>1) Ich m\u00f6chte mein Kind am Skikurs anmelden &#8211; wie ist der allgemeine Ablauf? Einfach und unkompliziert! Nachdem Sie sich f\u00fcr einen Skikurs entschieden haben, kontaktieren Sie Traudl und Klaus Schaffer und melden Ihr Kind zum Skikurs an. Die Mitgliedschaft &hellip; <a href=\"https:\/\/www.mtv-in.de\/ski\/faq\/\">Continue reading <span class=\"meta-nav\">&rarr;<\/span><\/a><\/p>\n","protected":false},"author":1,"featured_media":0,"parent":0,"menu_order":0,"comment_status":"closed","ping_status":"closed","template":"","meta":{"ngg_post_thumbnail":0,"footnotes":""},"class_list":["post-522","page","type-page","status-publish","hentry"],"_links":{"self":[{"href":"https:\/\/www.mtv-in.de\/ski\/wp-json\/wp\/v2\/pages\/522","targetHints":{"allow":["GET"]}}],"collection":[{"href":"https:\/\/www.mtv-in.de\/ski\/wp-json\/wp\/v2\/pages"}],"about":[{"href":"https:\/\/www.mtv-in.de\/ski\/wp-json\/wp\/v2\/types\/page"}],"author":[{"embeddable":true,"href":"https:\/\/www.mtv-in.de\/ski\/wp-json\/wp\/v2\/users\/1"}],"replies":[{"embeddable":true,"href":"https:\/\/www.mtv-in.de\/ski\/wp-json\/wp\/v2\/comments?post=522"}],"version-history":[{"count":6,"href":"https:\/\/www.mtv-in.de\/ski\/wp-json\/wp\/v2\/pages\/522\/revisions"}],"predecessor-version":[{"id":540,"href":"https:\/\/www.mtv-in.de\/ski\/wp-json\/wp\/v2\/pages\/522\/revisions\/540"}],"wp:attachment":[{"href":"https:\/\/www.mtv-in.de\/ski\/wp-json\/wp\/v2\/media?parent=522"}],"curies":[{"name":"wp","href":"https:\/\/api.w.org\/{rel}","templated":true}]}}