{"id":84,"date":"2011-10-15T23:53:48","date_gmt":"2011-10-15T21:53:48","guid":{"rendered":"http:\/\/www.mtv-in.de\/ski\/?page_id=84"},"modified":"2021-10-12T22:25:25","modified_gmt":"2021-10-12T20:25:25","slug":"renntermine","status":"publish","type":"page","link":"https:\/\/www.mtv-in.de\/ski\/veranstaltungen-2\/renntermine\/","title":{"rendered":"Renntermine 2020"},"content":{"rendered":"<p>An folgenden Terminen sind Rennen angesetzt. F\u00fcr die Mitglieder eines Skivereins besteht die M\u00f6glichkeit, daran teilzunehmen. Ein Helm ist Pflicht, ein R\u00fcckenprotektor wird empfohlen.<img loading=\"lazy\" decoding=\"async\" class=\"wp-image-1550 alignright\" src=\"https:\/\/www.mtv-in.de\/ski\/files\/2019\/04\/IMG_1824-300x169.jpg\" alt=\"\" width=\"217\" height=\"126\" \/><\/p>\n<p>29.01.2022\u2013 <strong>Vereinsmeisterschaft<\/strong><\/p>\n<p>09.02.2022 \u2013 <strong>Nacht der Geschwindigkeit<\/strong> in Oberaudorf<\/p>\n<p>12.02.2022 \u2013 <strong>Ingolst\u00e4dter Stadtmeisterschaft<\/strong><\/p>\n<p>06.03.2022 \u2013\u00a0<strong>Bayern-offener Super-G<\/strong><img loading=\"lazy\" decoding=\"async\" class=\"wp-image-1459 alignright\" src=\"https:\/\/www.mtv-in.de\/ski\/files\/2019\/03\/Franz-Schmid-300x200.jpg\" alt=\"\" width=\"194\" height=\"134\" \/><\/p>\n<p>13.03.2022 \u2013 <strong>Regionsmeisterschaft\u00a0<\/strong><\/p>\n<p>26.-27.03-2022 \u2013 <strong>Seilrennen Hochf\u00fcgen<\/strong><a href=\"https:\/\/www.mtv-in.de\/ski\/files\/2019\/03\/Franz-Schmid.jpg\"><br \/>\n<\/a><\/p>\n<h3>Related Images:<\/h3>","protected":false},"excerpt":{"rendered":"<p>An folgenden Terminen sind Rennen angesetzt. F\u00fcr die Mitglieder eines Skivereins besteht die M\u00f6glichkeit, daran teilzunehmen. Ein Helm ist Pflicht, ein R\u00fcckenprotektor wird empfohlen. 29.01.2022\u2013 Vereinsmeisterschaft 09.02.2022 \u2013 Nacht der Geschwindigkeit in Oberaudorf 12.02.2022 \u2013 Ingolst\u00e4dter Stadtmeisterschaft 06.03.2022 \u2013\u00a0Bayern-offener Super-G &hellip; <a href=\"https:\/\/www.mtv-in.de\/ski\/veranstaltungen-2\/renntermine\/\">Continue reading <span class=\"meta-nav\">&rarr;<\/span><\/a><\/p>\n","protected":false},"author":97,"featured_media":0,"parent":234,"menu_order":2,"comment_status":"open","ping_status":"open","template":"","meta":{"ngg_post_thumbnail":0,"footnotes":""},"class_list":["post-84","page","type-page","status-publish","hentry"],"_links":{"self":[{"href":"https:\/\/www.mtv-in.de\/ski\/wp-json\/wp\/v2\/pages\/84","targetHints":{"allow":["GET"]}}],"collection":[{"href":"https:\/\/www.mtv-in.de\/ski\/wp-json\/wp\/v2\/pages"}],"about":[{"href":"https:\/\/www.mtv-in.de\/ski\/wp-json\/wp\/v2\/types\/page"}],"author":[{"embeddable":true,"href":"https:\/\/www.mtv-in.de\/ski\/wp-json\/wp\/v2\/users\/97"}],"replies":[{"embeddable":true,"href":"https:\/\/www.mtv-in.de\/ski\/wp-json\/wp\/v2\/comments?post=84"}],"version-history":[{"count":15,"href":"https:\/\/www.mtv-in.de\/ski\/wp-json\/wp\/v2\/pages\/84\/revisions"}],"predecessor-version":[{"id":2234,"href":"https:\/\/www.mtv-in.de\/ski\/wp-json\/wp\/v2\/pages\/84\/revisions\/2234"}],"up":[{"embeddable":true,"href":"https:\/\/www.mtv-in.de\/ski\/wp-json\/wp\/v2\/pages\/234"}],"wp:attachment":[{"href":"https:\/\/www.mtv-in.de\/ski\/wp-json\/wp\/v2\/media?parent=84"}],"curies":[{"name":"wp","href":"https:\/\/api.w.org\/{rel}","templated":true}]}}