{"id":6663,"date":"2017-08-04T18:28:41","date_gmt":"2017-08-04T16:28:41","guid":{"rendered":"http:\/\/www.mtv-in.de\/tennis\/?page_id=6663"},"modified":"2023-10-22T09:03:39","modified_gmt":"2023-10-22T07:03:39","slug":"mitglied-werden","status":"publish","type":"page","link":"https:\/\/www.mtv-in.de\/tennis\/mitglied-werden\/","title":{"rendered":"Mitglied werden !"},"content":{"rendered":"<p><img fetchpriority=\"high\" decoding=\"async\" class=\"aligncenter size-full wp-image-6918\" src=\"https:\/\/www.mtv-in.de\/tennis\/files\/2017\/08\/werde-Mitglied.jpg\" alt=\"\" width=\"6968\" height=\"1448\" srcset=\"https:\/\/www.mtv-in.de\/tennis\/files\/2017\/08\/werde-Mitglied.jpg 6968w, https:\/\/www.mtv-in.de\/tennis\/files\/2017\/08\/werde-Mitglied-280x58.jpg 280w, https:\/\/www.mtv-in.de\/tennis\/files\/2017\/08\/werde-Mitglied-768x160.jpg 768w, https:\/\/www.mtv-in.de\/tennis\/files\/2017\/08\/werde-Mitglied-1024x213.jpg 1024w\" sizes=\"(max-width: 6968px) 100vw, 6968px\" \/><\/p>\n<p><strong>SCHON VORFREUDE AUF DEINE MITGLIEDSCHAFT BEI UNS?\u00a0\u00a0<\/strong><br \/>\nWir MTV\u00b4ler pflegen das sportliche Du. Ab hier ist es nur noch ein Schritt zu Deiner Mitgliedschaft beim MTV-Ingolstadt-Tennis, auf unserer sch\u00f6nen Tennisanlagen mit 12 Au\u00dfenpl\u00e4tzen und 2 Hallenpl\u00e4tzen ist Tennisvergn\u00fcgen garantiert. Wir bieten Dir Team-Tennis genauso wie Freizeittennis. J\u00e4hrliche Veranstaltungen wie Saison-Er\u00f6ffnungsturnier, BTV-Medenspiele, Freizeitturniere, LK-Turniere, Tennis-Camps, Tennisurlaub, Charity-Turnier in Zusammenhang mit unserem Kooperationspartner Tennisschule Tennis4You Wir bieten Familientennis und Tennis f\u00fcr jedes Alter.<\/p>\n<p><span style=\"color: #339966\"><strong>JETZT LOSLEGEN :<\/strong><\/span><\/p>\n<ul>\n<li><a href=\"https:\/\/www.mtv-in.de\/tennis\/abteilungsvideo-tennis\/\"><span style=\"color: #993366\">Video<\/span><\/a><\/li>\n<li><span style=\"color: #800080\"><a style=\"color: #800080\" href=\"https:\/\/www.mtv-in.de\/tennis\/informationsgespraech-ohne-schnupperstunde\/\">Informationsgespr\u00e4ch<\/a><\/span><\/li>\n<li><a href=\"https:\/\/www.mtv-in.de\/tennis\/mitgliedsbeitraege\/\"><span style=\"color: #800080\">Mitgliedsbeitr\u00e4ge<\/span><\/a><\/li>\n<li><span style=\"color: #800080\"><a style=\"color: #800080\" href=\"https:\/\/www.mtv-in.de\/tennis\/kontakte\/\">Kontakt<\/a><\/span><\/li>\n<li><a href=\"https:\/\/www.mtv-in.de\/tennis\/antrag-auf-mitgliedschaft\/\"><span style=\"color: #800080\">Antrag auf Mitgliedschaft<\/span><\/a><\/li>\n<\/ul>\n<p><span style=\"color: #339966\"><strong>TENNISPARTNER FINDEN :<\/strong><\/span><\/p>\n<p>Wenn Du Spielpartner suchst, hilft Dir dabei auch die Tennisschule Tennis4You als Kooperationspartner der Tennisabteilung.<br \/>\nSchreib einfach eine E-Mail an: <a href=\"javascript:DeCryptX('3e3h0n0@2v2g0n3q1j3v262{2q0u0.3g0e')\"><strong><span style=\"color: #800080\"><a href=\"javascript:DeCryptX('3e3h0n0@2v2g0n3q1j3v262{2q0u0.3g0e')\">ben [at] tennis4you [dot] de<\/a><\/span><\/strong><\/a><\/p>\n<p><span style=\"color: #339966\"><strong>ALLGEMEINE INFORMATIONEN:<\/strong><\/span><\/p>\n<ul>\n<li><span style=\"color: #3366ff\"><a style=\"color: #3366ff\" href=\"http:\/\/mtv-in.de\/tennis\/altersklassen\">Altersklassen<\/a><\/span><\/li>\n<li><span style=\"color: #3366ff\">LK <a style=\"color: #3366ff\" href=\"https:\/\/www.btv.de\/de\/spielbetrieb\/lk-system.html\">System<\/a><\/span><\/li>\n<li><span style=\"color: #3366ff\"><a style=\"color: #3366ff\" href=\"https:\/\/www.mtv-in.de\/tennis\/familiensport-tennis\/\">Familiensport Tennis<\/a><\/span><\/li>\n<li><span style=\"color: #3366ff\"><a style=\"color: #3366ff\" href=\"https:\/\/www.mtv-in.de\/tennis\/tennis-wirkt\/\">Tennis wirkt !<\/a><\/span><\/li>\n<li><span style=\"color: #3366ff\"><a style=\"color: #3366ff\" href=\"https:\/\/www.mtv-in.de\/tennis\/wie-gesund-ist-tennis\/\">Tennis ist gesund !<\/a><\/span><\/li>\n<\/ul>\n<h3>Related Images:<\/h3>","protected":false},"excerpt":{"rendered":"<p>SCHON VORFREUDE AUF DEINE MITGLIEDSCHAFT BEI UNS?\u00a0\u00a0 Wir MTV\u00b4ler pflegen das sportliche Du. Ab hier ist es nur noch ein Schritt zu Deiner Mitgliedschaft beim MTV-Ingolstadt-Tennis, auf unserer sch\u00f6nen Tennisanlagen mit 12 Au\u00dfenpl\u00e4tzen und 2 Hallenpl\u00e4tzen ist Tennisvergn\u00fcgen garantiert. Wir &hellip; <a href=\"https:\/\/www.mtv-in.de\/tennis\/mitglied-werden\/\">Continue reading <span class=\"meta-nav\">&rarr;<\/span><\/a><\/p>\n","protected":false},"author":73,"featured_media":0,"parent":0,"menu_order":0,"comment_status":"closed","ping_status":"closed","template":"","meta":{"ngg_post_thumbnail":0,"footnotes":""},"class_list":["post-6663","page","type-page","status-publish","hentry"],"_links":{"self":[{"href":"https:\/\/www.mtv-in.de\/tennis\/wp-json\/wp\/v2\/pages\/6663","targetHints":{"allow":["GET"]}}],"collection":[{"href":"https:\/\/www.mtv-in.de\/tennis\/wp-json\/wp\/v2\/pages"}],"about":[{"href":"https:\/\/www.mtv-in.de\/tennis\/wp-json\/wp\/v2\/types\/page"}],"author":[{"embeddable":true,"href":"https:\/\/www.mtv-in.de\/tennis\/wp-json\/wp\/v2\/users\/73"}],"replies":[{"embeddable":true,"href":"https:\/\/www.mtv-in.de\/tennis\/wp-json\/wp\/v2\/comments?post=6663"}],"version-history":[{"count":36,"href":"https:\/\/www.mtv-in.de\/tennis\/wp-json\/wp\/v2\/pages\/6663\/revisions"}],"predecessor-version":[{"id":9691,"href":"https:\/\/www.mtv-in.de\/tennis\/wp-json\/wp\/v2\/pages\/6663\/revisions\/9691"}],"wp:attachment":[{"href":"https:\/\/www.mtv-in.de\/tennis\/wp-json\/wp\/v2\/media?parent=6663"}],"curies":[{"name":"wp","href":"https:\/\/api.w.org\/{rel}","templated":true}]}}