{"id":9122,"date":"2021-06-01T15:54:34","date_gmt":"2021-06-01T13:54:34","guid":{"rendered":"http:\/\/www.mtv-in.de\/tennis\/?page_id=9122"},"modified":"2021-11-24T19:13:02","modified_gmt":"2021-11-24T18:13:02","slug":"courtbooking","status":"publish","type":"page","link":"https:\/\/www.mtv-in.de\/tennis\/courtbooking\/","title":{"rendered":"Online-Buchungssystem \u201ecourtbooking\u201c"},"content":{"rendered":"<p>Die Tennisabteilung des MTV 1881 Ingolstadt e.V. f\u00fchrt ab <strong>10. Juni&nbsp;2021<\/strong> das <strong>Online-Buchungssystem<\/strong> <strong>\u201ecourtbooking\u201c<\/strong> ein.<\/p>\n<ul>\n<li><strong>\u201ecourtbooking\u201c<\/strong> ersetzt die bisherigen Belegungstafeln im Tennisheim und ist von allen Mitgliedern und Nichtmitgliedern (G\u00e4sten) verbindlich zu verwenden.<\/li>\n<li><strong>Jedes Mitglied muss sich einmalig registrieren<\/strong>, um Pl\u00e4tze sowohl \u00fcber das Buchungsterminal auf der Tennisanlage als auch \u00fcber das Internet buchen zu k\u00f6nnen.<\/li>\n<li>Es ist grunds\u00e4tzlich vor jedem Spiel ein Platz mittels <strong>\u201ecourtbooking\u201c<\/strong> zu buchen.<\/li>\n<li>Auf Grund der Corona-Dokumentationspflicht zur Nachverfolgung von Kontakten m\u00fcssen sowohl alle Mitspieler als auch G\u00e4ste namentlich eingetragen werden.<\/li>\n<li>Die Spiel- und Platzordnung hat weiterhin G\u00fcltigkeit.<\/li>\n<\/ul>\n<p>Das Buchungssystem ist unter folgender Internetadresse erreichbar: <a href=\"https:\/\/mtv-in.courtbooking.de\/\"><strong>https:\/\/mtv-in.courtbooking.de<\/strong><\/a><\/p>\n<p>Wir m\u00f6chten mit der Einf\u00fchrung des Online-Buchungssystems niemanden vergraulen, aber trotzdem mit der Zeit gehen, und stellen deshalb Mitgliedern, die keine E-Mail-Adresse und\/oder Ber\u00fchrungs\u00e4ngste mit der Software haben, sogenannte Buchungspaten bei Seite, an die sich diese Mitglieder bei Buchung der Pl\u00e4tze oder bei Fragen zur Bedienung der Software wenden k\u00f6nnen:<\/p>\n<ul>\n<li>Eugen Schoch \u2013 0159-01967838 &#8211; <a href=\"javascript:DeCryptX('2g1203252B3y0o0d1b0f1p2p3h200d0e')\"><strong><a href=\"javascript:DeCryptX('2g1203252B3y0o0d1b0f1p2p3h200d0e')\">e133 [at] vodafone [dot] de<\/a><\/strong><\/a><\/li>\n<\/ul>\n<hr \/>\n<h1><strong>Dokumentation<\/strong><\/h1>\n<p><a href=\"https:\/\/www.mtv-in.de\/tennis\/files\/2021\/06\/Anleitung-Buchungssystem-courtbooking-MTV-Ingolstadt-Tennis.pdf\">Anleitung Buchungssystem courtbooking &nbsp;&#8211; MTV Ingolstadt Tennis.pdf<\/a><\/p>\n<hr \/>\n<h1><strong>Registrierung<\/strong><\/h1>\n<p>Vor der ersten Verwendung des Buchungssystems muss sich jedes Mitglied zun\u00e4chst registrieren.<\/p>\n<p><em><u>WICHTIGE HINWEISE VORAB: <\/u><\/em><\/p>\n<ul>\n<li><em>Es gibt die M\u00f6glichkeit unter <strong>einer<\/strong> E-Mail-Adresse <strong>mehrere<\/strong> Personen zu registrieren (<strong>Familien-Login<\/strong>)<\/em>\n<ul>\n<li><em>Bei <strong>gleicher<\/strong> <strong>E-Mail-Adresse<\/strong> und <strong>verschiedenen Passw\u00f6rtern<\/strong> wird das jeweilige Mitglied anhand des Passworts identifiziert.<\/em><\/li>\n<li><em>Bei <strong>gleicher E-Mail-Adresse<\/strong> und <strong>gleichem Passwort<\/strong> erscheint nach dem Login ein Auswahlfeld aller&nbsp;Familienmitglieder, die unter dieser E-Mail-Adresse und diesem Passwort registriert sind.<\/em><\/li>\n<\/ul>\n<\/li>\n<li><strong><em>Zustimmung der Erziehungsberechtigten <\/em><\/strong><strong><em>bei Kindern und Jugendlichen &lt; 16 Jahre<\/em><\/strong>\n<ul>\n<li><em>Seit 2018 d\u00fcrfen Online-Portale von Jugendlichen unter 16 Jahre nur mit der Zustimmung der Eltern genutzt werden. Aus diesem Grund ist systemseitig eine entsprechende Barriere eingebaut. Registriert sich ein Kind oder Jugendlicher unter 16 Jahre, erhalten wir als Verein eine Benachrichtigung.<\/em><\/li>\n<li><em>Nachdem die <strong>Erziehungsberechtigten ihre Zustimmung<\/strong> hierf\u00fcr gegeben haben, k\u00f6nnen wir dies entsprechend im System markieren. Anschlie\u00dfend kann sich das Kind\/der Jugendliche im System anmelden.<\/em><\/li>\n<li><em>Bitte die Zustimmung zeitnah per <strong>Mail an <\/strong><\/em><strong><em>Eugen Schoch <\/em><\/strong><a href=\"javascript:DeCryptX('3h0136361A1w0o3g1b3i0o1o3h0.0d1f')\"><strong><em><a href=\"javascript:DeCryptX('3h0136361A1w0o3g1b3i0o1o3h0.0d1f')\">e133 [at] vodafone [dot] de<\/a><\/em><\/strong><\/a><\/li>\n<\/ul>\n<\/li>\n<\/ul>\n<h1 class=\"has-text-align-left\"><strong>Anleitung zur Registrierung<\/strong><\/h1>\n<ol>\n<li>Aufruf der Seite <a href=\"https:\/\/mtv-in.courtbooking.de\/\"><strong>https:\/\/mtv-in.courtbooking.de<\/strong><\/a><\/li>\n<li>Auf <strong>REGISTRIEREN <\/strong>klicken<\/li>\n<li>Die pers\u00f6nlichen Daten eintragen\n<ul>\n<li>Die mit &#8222;*&#8220; gekennzeichneten Felder sind Pflichtfelder.<\/li>\n<li>Sofern die Angaben zu Vornamen, Namen und Geburtsdatum mit den von uns vorab eingetragenen Daten \u00fcbereinstimmen, erkennt einen das System automatisch als Mitglied und man kann sofort Tennisstunden buchen.<br \/>\nIst dies nicht der Fall, ist man bis auf Weiteres als <strong>NICHTMITGLIED<\/strong> registriert und kann sich nur f\u00fcr freigegebenen Veranstaltungen f\u00fcr Nichtmitglieder registrieren.<br \/>\nWenn dieser Fall auftritt, m\u00fcssen wir kontaktiert werden um die jeweilige Person als Mitglied freizuschalten:<br \/>\n&#8211; Eugen Schoch \u2013 0159-01967838 &#8211; <a href=\"javascript:DeCryptX('0e2303032B3y3r1e3d3i3r2p0e0.0d0e')\">e133 [at] vodafone [dot] de<\/a><\/li>\n<\/ul>\n<\/li>\n<\/ol>\n<ol start=\"4\">\n<li>Pers\u00f6nliches Passwort ausw\u00e4hlen und best\u00e4tigen. Dieses wird f\u00fcr die weitere Benutzung des Buchungssystems ben\u00f6tigt.<\/li>\n<li>Lesen&nbsp;und akzeptieren der&nbsp;Nutzungsbedingungen.<\/li>\n<li>Anschlie\u00dfend auf <strong>REGISTRIEREN <\/strong> Ein Hinweisdialog erscheint.<\/li>\n<li>Eine Best\u00e4tigungsmail wurde versendet (evtl. Spam-Ordner pr\u00fcfen). In dieser Mail unbedingt auf den <strong>Best\u00e4tigungslink klicken<\/strong>, damit die Registrierung abgeschlossen werden kann.<\/li>\n<\/ol>\n<p>Bitte nehmt Eure Registrierung zeitnah vor, da Ihr ansonsten Gefahr lauft nicht spielen zu k\u00f6nnen.<\/p>\n<hr \/>\n<h1><strong>Anmelden<\/strong><\/h1>\n<p>Ihr k\u00f6nnt Euch nach der Registrierung auf drei verschiedene Arten am System anmelden:<\/p>\n<ul>\n<li><strong>E-Mail-Adresse und Passwort<\/strong><\/li>\n<li><strong>Mitgliedsnummer und Passwort<\/strong><br \/>\nDie Mitgliedsnummer ist in den pers\u00f6nlichen Daten hinterlegt (2-4-stellige Nummer)&nbsp; &nbsp;<\/li>\n<li><strong>RFID-Chip<\/strong> (Elektronischer Zugangsschl\u00fcssel ohne Passworteingabe) &nbsp; &nbsp; &nbsp; &nbsp; &nbsp; &nbsp; &nbsp; &nbsp; &nbsp; &nbsp; &nbsp;&nbsp;\n<ul>\n<li>Der Login mit dem <strong>RFID-Chip ist nur am Buchungsterminal im Tennisheim <\/strong>m\u00f6glich.<\/li>\n<li>Der RFID-Chip kann gegen eine Schutzgeb\u00fchr von 5,00 \u20ac bei der Tennisabteilung erworben werden.<\/li>\n<li>Den <strong>Bedarf<\/strong> an RFID-Chips bitte vorab per <strong>Mail an <\/strong><a href=\"javascript:DeCryptX('0e3425030@2x3r2f3d3i1p2p3h203g1f')\"><strong><a href=\"javascript:DeCryptX('0e3425030@2x3r2f3d3i1p2p3h203g1f')\">e133 [at] vodafone [dot] de<\/a><\/strong><\/a> <strong>anmelden<\/strong>, mit der Angabe, f\u00fcr welche Familienmitglieder ein RFID-Chip ben\u00f6tigt wird.<\/li>\n<li>Abgeholt werden k\u00f6nnen die RFID-Chips dann beim Wirt im Vereinsheim.<\/li>\n<\/ul>\n<\/li>\n<\/ul>\n<p><a href=\"https:\/\/www.mtv-in.de\/tennis\/files\/2021\/06\/Anleitung-Buchungssystem-courtbooking-MTV-Ingolstadt-Tennis-1.pdf\">Anleitung Buchungssystem courtbooking &nbsp;&#8211; MTV Ingolstadt Tennis.pdf<\/a><\/p>\n<h3>Related Images:<\/h3>","protected":false},"excerpt":{"rendered":"<p>Die Tennisabteilung des MTV 1881 Ingolstadt e.V. f\u00fchrt ab 10. Juni&nbsp;2021 das Online-Buchungssystem \u201ecourtbooking\u201c ein. \u201ecourtbooking\u201c ersetzt die bisherigen Belegungstafeln im Tennisheim und ist von allen Mitgliedern und Nichtmitgliedern (G\u00e4sten) verbindlich zu verwenden. Jedes Mitglied muss sich einmalig registrieren, um &hellip; <a href=\"https:\/\/www.mtv-in.de\/tennis\/courtbooking\/\">Continue reading <span class=\"meta-nav\">&rarr;<\/span><\/a><\/p>\n","protected":false},"author":1,"featured_media":0,"parent":0,"menu_order":0,"comment_status":"closed","ping_status":"closed","template":"","meta":{"ngg_post_thumbnail":0,"footnotes":""},"class_list":["post-9122","page","type-page","status-publish","hentry"],"_links":{"self":[{"href":"https:\/\/www.mtv-in.de\/tennis\/wp-json\/wp\/v2\/pages\/9122","targetHints":{"allow":["GET"]}}],"collection":[{"href":"https:\/\/www.mtv-in.de\/tennis\/wp-json\/wp\/v2\/pages"}],"about":[{"href":"https:\/\/www.mtv-in.de\/tennis\/wp-json\/wp\/v2\/types\/page"}],"author":[{"embeddable":true,"href":"https:\/\/www.mtv-in.de\/tennis\/wp-json\/wp\/v2\/users\/1"}],"replies":[{"embeddable":true,"href":"https:\/\/www.mtv-in.de\/tennis\/wp-json\/wp\/v2\/comments?post=9122"}],"version-history":[{"count":12,"href":"https:\/\/www.mtv-in.de\/tennis\/wp-json\/wp\/v2\/pages\/9122\/revisions"}],"predecessor-version":[{"id":9513,"href":"https:\/\/www.mtv-in.de\/tennis\/wp-json\/wp\/v2\/pages\/9122\/revisions\/9513"}],"wp:attachment":[{"href":"https:\/\/www.mtv-in.de\/tennis\/wp-json\/wp\/v2\/media?parent=9122"}],"curies":[{"name":"wp","href":"https:\/\/api.w.org\/{rel}","templated":true}]}}