{"id":3041,"date":"2025-04-12T15:13:23","date_gmt":"2025-04-12T13:13:23","guid":{"rendered":"https:\/\/www.mtv-in.de\/turnen\/?page_id=3041"},"modified":"2026-07-23T16:32:30","modified_gmt":"2026-07-23T14:32:30","slug":"breitensport","status":"publish","type":"page","link":"https:\/\/www.mtv-in.de\/turnen\/gruppen\/breitensport\/","title":{"rendered":"Breitensport"},"content":{"rendered":"\n<div style=\"height:100px\" aria-hidden=\"true\" class=\"wp-block-spacer\"><\/div>\n\n\n\n<div class=\"wp-block-columns is-layout-flex wp-container-core-columns-is-layout-28f84493 wp-block-columns-is-layout-flex\">\n<div class=\"wp-block-column is-layout-flow wp-block-column-is-layout-flow\" style=\"flex-basis:25%\">\n<figure class=\"wp-block-image size-large\"><a href=\"https:\/\/www.mtv-in.de\/turnen\/files\/2025\/05\/02_Gruppenfoto1-scaled.jpg\"><img loading=\"lazy\" decoding=\"async\" width=\"1024\" height=\"683\" src=\"https:\/\/www.mtv-in.de\/turnen\/files\/2025\/05\/02_Gruppenfoto1-1024x683.jpg\" alt=\"\" class=\"wp-image-3280\" srcset=\"https:\/\/www.mtv-in.de\/turnen\/files\/2025\/05\/02_Gruppenfoto1-1024x683.jpg 1024w, https:\/\/www.mtv-in.de\/turnen\/files\/2025\/05\/02_Gruppenfoto1-300x200.jpg 300w, https:\/\/www.mtv-in.de\/turnen\/files\/2025\/05\/02_Gruppenfoto1-768x512.jpg 768w, https:\/\/www.mtv-in.de\/turnen\/files\/2025\/05\/02_Gruppenfoto1-1536x1024.jpg 1536w, https:\/\/www.mtv-in.de\/turnen\/files\/2025\/05\/02_Gruppenfoto1-2048x1365.jpg 2048w\" sizes=\"auto, (max-width: 1024px) 100vw, 1024px\" \/><\/a><\/figure>\n<\/div>\n\n\n\n<div class=\"wp-block-column is-layout-flow wp-block-column-is-layout-flow\" style=\"flex-basis:50%\">\n<p class=\"has-black-color has-text-color has-link-color wp-elements-16a4a6e6891ccc3c67272c71d1d3ef6a\">Im Breitensport geht es vor allem um die Freunde an der Bewegung. Die Kinder und Jugendlichen lernen die Grundf\u00e4higkeiten, die es zum Turnen braucht, sowie die Basiselemente an den Ger\u00e4ten Boden, Balken, Sprung und Reck\/Stufenbarren sowie Trampolin. In der h\u00f6chsten Altersstufe ist dann auch die Teilnahme an Wettk\u00e4mpfen m\u00f6glich.<\/p>\n<\/div>\n\n\n\n<div class=\"wp-block-column is-layout-flow wp-block-column-is-layout-flow\" style=\"flex-basis:25%\">\n<figure class=\"wp-block-image size-large\"><a href=\"https:\/\/www.mtv-in.de\/turnen\/files\/2025\/05\/04_Jhg_2012_Rosalie_Gossmann_Nina_Zeitler_Elisa_Kucani_Platz_8_18_und_16_und_oben_Luisa_Schmuck_Platz171-scaled.jpg\"><img loading=\"lazy\" decoding=\"async\" width=\"1024\" height=\"683\" src=\"https:\/\/www.mtv-in.de\/turnen\/files\/2025\/05\/04_Jhg_2012_Rosalie_Gossmann_Nina_Zeitler_Elisa_Kucani_Platz_8_18_und_16_und_oben_Luisa_Schmuck_Platz171-1024x683.jpg\" alt=\"\" class=\"wp-image-3282\" srcset=\"https:\/\/www.mtv-in.de\/turnen\/files\/2025\/05\/04_Jhg_2012_Rosalie_Gossmann_Nina_Zeitler_Elisa_Kucani_Platz_8_18_und_16_und_oben_Luisa_Schmuck_Platz171-1024x683.jpg 1024w, https:\/\/www.mtv-in.de\/turnen\/files\/2025\/05\/04_Jhg_2012_Rosalie_Gossmann_Nina_Zeitler_Elisa_Kucani_Platz_8_18_und_16_und_oben_Luisa_Schmuck_Platz171-300x200.jpg 300w, https:\/\/www.mtv-in.de\/turnen\/files\/2025\/05\/04_Jhg_2012_Rosalie_Gossmann_Nina_Zeitler_Elisa_Kucani_Platz_8_18_und_16_und_oben_Luisa_Schmuck_Platz171-768x512.jpg 768w, https:\/\/www.mtv-in.de\/turnen\/files\/2025\/05\/04_Jhg_2012_Rosalie_Gossmann_Nina_Zeitler_Elisa_Kucani_Platz_8_18_und_16_und_oben_Luisa_Schmuck_Platz171-1536x1024.jpg 1536w, https:\/\/www.mtv-in.de\/turnen\/files\/2025\/05\/04_Jhg_2012_Rosalie_Gossmann_Nina_Zeitler_Elisa_Kucani_Platz_8_18_und_16_und_oben_Luisa_Schmuck_Platz171-2048x1365.jpg 2048w\" sizes=\"auto, (max-width: 1024px) 100vw, 1024px\" \/><\/a><\/figure>\n<\/div>\n<\/div>\n\n\n\n<div style=\"height:30px\" aria-hidden=\"true\" class=\"wp-block-spacer\"><\/div>\n\n\n\n<div class=\"wp-block-columns has-background is-layout-flex wp-container-core-columns-is-layout-28f84493 wp-block-columns-is-layout-flex\" style=\"background-color:#561d7f\">\n<div class=\"wp-block-column is-layout-flow wp-block-column-is-layout-flow\">\n<h3 class=\"wp-block-heading has-white-color has-text-color has-link-color wp-elements-dce09c384e1cbb7bb18a502e26a023e5\">Kontakt<\/h3>\n\n\n\n<h6 class=\"wp-block-heading has-white-color has-text-color has-link-color wp-elements-f69be37e4d8f33569dc5b53858dabdf3\">Kathrin Jessen<\/h6>\n\n\n\n<p class=\"has-white-color has-text-color has-link-color wp-elements-c4e185d998e3424d7ea599da95e08696\"><a href=\"javascript:DeCryptX('0k0a0t201k0e2u1t0@1h0m2z1\/2f0e')\">kat [dot] jess [at] gmx [dot] de<\/a><\/p>\n<\/div>\n\n\n\n<div class=\"wp-block-column is-layout-flow wp-block-column-is-layout-flow\">\n<h3 class=\"wp-block-heading has-white-color has-text-color has-link-color wp-elements-b2f17b7ce1008cdb7c4643aba63ae729\">!!Gesucht!!<\/h3>\n\n\n\n<p class=\"has-white-color has-text-color has-link-color wp-elements-af9e8177cdaca149e38b026c755f2d90\">Wir sind laufend auf der Suche nach <br>Trainern und Helfern<\/p>\n<\/div>\n<\/div>\n\n\n\n<div style=\"height:30px\" aria-hidden=\"true\" class=\"wp-block-spacer\"><\/div>\n\n\n\n<div class=\"wp-block-columns is-layout-flex wp-container-core-columns-is-layout-28f84493 wp-block-columns-is-layout-flex\">\n<div class=\"wp-block-column has-black-color has-startupzy-quote-background-color has-text-color has-background has-link-color wp-elements-a0f04c6d69f6cc437eb68e8249538588 is-layout-flow wp-block-column-is-layout-flow\" style=\"padding-right:var(--wp--preset--spacing--60);padding-left:var(--wp--preset--spacing--60)\">\n<h2 class=\"wp-block-heading has-text-color has-link-color wp-elements-211e73eb4022d8f5ff7e96e3457fbcb5\" style=\"color:#561d7f\">4 &#8211; 6 Jahre<br>weiblich<\/h2>\n\n\n\n<p>Erlernen motorischer Grundlagen<br>Boden | Reck | Schwebebalken | Sprung<br><\/p>\n\n\n\n<p class=\"has-black-color has-text-color has-link-color wp-elements-5fe5ff5e048046b5d5d49261a85604b4\"><strong>Dienstag<\/strong> 17:00 &#8211; 18:30 Uhr<br><br>Bezirkssporthalle Mitte <br><strong>Halle A<br><\/strong>Von-der-Tann Stra\u00dfe 1<br>85049 Ingolstadt<br><br><br><strong>Freitag<\/strong> 17:00 &#8211; 18:30 Uhr<br><br>Schulturnhalle Reuchlin Gymnasium<br>Auf der Schanz 28 a <br>85049 Ingolstadt<br><br>Nina Wolter<br><a href=\"javascript:DeCryptX('3n0a1s2k1o312d3d0u0e0r340@1u0-1p2p3o3l1o1f313g2g')\" data-type=\"mailto\" data-id=\"javascript:DeCryptX('3n0a1s2k1o312d3d0u0e0r340@1u0-1p2p3o3l1o1f313g2g')\">karin [dot] bauer1 [at] t-online [dot] de<\/a>  <br><br><strong>AUFNAHMESTOPP !!!<br><\/strong><\/p>\n<\/div>\n\n\n\n<div class=\"wp-block-column has-black-color has-startupzy-quote-background-color has-text-color has-background has-link-color wp-elements-e7e970bb813640317c1d854a1082e1b4 is-layout-flow wp-block-column-is-layout-flow\" style=\"padding-right:var(--wp--preset--spacing--60);padding-left:var(--wp--preset--spacing--60)\">\n<h2 class=\"wp-block-heading has-text-color has-link-color wp-elements-52d06ee5a5d0b2658b36d8f793075a2d\" style=\"color:#561d7f\">6 &#8211; 8 Jahre <br>weiblich<\/h2>\n\n\n\n<p class=\"has-black-color has-text-color has-link-color wp-elements-96f1221a6bebbb6856c23ad9b0394a5d\">Ger\u00e4teturnen ohne Wettk\u00e4mpfe<br>Boden | Reck | Schwebebalken | Sprung | Trampolin<br><\/p>\n\n\n\n<p><strong>Dienstag<\/strong> 17:00 &#8211; 18:30 Uhr<br><br>Bezirkssporthalle Mitte <br><strong>Halle A<br><\/strong>Von-der-Tann Stra\u00dfe 1<br>85049 Ingolstadt<br><br><br><strong>Freitag <\/strong> 17:00 &#8211; 18:30 Uhr<br><br>Schulturnhalle Reuchlin Gymnasium<br>Auf der Schanz 28 a<br>85049 Ingolstadt<br><br>Anette Kirchner<br><br><br><strong>AUFNAHMESTOPP !!!<\/strong><\/p>\n<\/div>\n\n\n\n<div class=\"wp-block-column has-startupzy-quote-background-color has-background is-layout-flow wp-block-column-is-layout-flow\" style=\"padding-right:var(--wp--preset--spacing--60);padding-left:var(--wp--preset--spacing--60)\">\n<h2 class=\"wp-block-heading has-text-color has-link-color wp-elements-3fdaff9e156453d5abc2e4d4b3b9d07c\" style=\"color:#561d7f\">9 &#8211; 12 Jahre <br>weiblich<\/h2>\n\n\n\n<p class=\"has-black-color has-text-color has-link-color wp-elements-f6adae2d6487fd1100e014d1902d7f3f\">Turn10 Wettk\u00e4mpfe<br>Boden | Reck\/Stufenbarren | Schwebebalken | Sprung | Trampolin<br><br><strong>Dienstag<\/strong> 17:00 &#8211; 19:00 Uhr<br><br>Bezirkssporthalle Mitte <br><strong>Halle A<br><\/strong>Von-der-Tann Stra\u00dfe 1<br>85049 Ingolstadt<br><br><br><strong>Freitag<\/strong> 17:00 &#8211; 19:00 Uhr<br><br>Schulturnhalle Reuchlin Gymnasium<br>Auf der Schanz 28 a<br>85049 Ingolstadt<br><br>Katrin Jessen, Manuela Schulze-Schwering<br><a href=\"http:\/\/DeCryptX('1l1b3w312l0e2u2u1A0g3p1y1\/3g0e')\">kat [dot] jess [at] gmx [dot] de<\/a><\/p>\n<\/div>\n<\/div>\n\n\n\n<div style=\"height:51px\" aria-hidden=\"true\" class=\"wp-block-spacer\"><\/div>\n\n\n\n<div class=\"wp-block-columns is-layout-flex wp-container-core-columns-is-layout-28f84493 wp-block-columns-is-layout-flex\">\n<div class=\"wp-block-column is-layout-flow wp-block-column-is-layout-flow\" style=\"padding-right:var(--wp--preset--spacing--60);padding-left:var(--wp--preset--spacing--60)\">\n<h2 class=\"wp-block-heading has-text-color has-link-color wp-elements-33592968547bb061315a2c9253df1719\" style=\"color:#561d7f\">10 &#8211; 15 Jahre<br>weiblich<\/h2>\n\n\n\n<p class=\"has-black-color has-text-color has-link-color wp-elements-f6adae2d6487fd1100e014d1902d7f3f\">Turn10 Wettk\u00e4mpfe<br>Boden | Reck\/Stufenbarren | Schwebebalken | Sprung | Trampolin<br><br><strong>Dienstag<\/strong> 17:00 &#8211; 19:00 Uhr<br><br>Bezirkssporthalle Mitte <br><strong>Halle A<br><\/strong>Von-der-Tann Stra\u00dfe 1<br>85049 Ingolstadt<br><br><br><strong>Freitag<\/strong> 17:00 &#8211; 19:00 Uhr<br><br>Schulturnhalle Reuchlin Gymnasium<br>Auf der Schanz 28 a<br>85049 Ingolstadt<br><br>Katrin Jessen, Manuela Schulze-Schwering<br><a href=\"http:\/\/DeCryptX('1l1b3w312l0e2u2u1A0g3p1y1\/3g0e')\">kat [dot] jess [at] gmx [dot] de<\/a><\/p>\n<\/div>\n\n\n\n<div class=\"wp-block-column is-layout-flow wp-block-column-is-layout-flow\"><\/div>\n\n\n\n<div class=\"wp-block-column is-layout-flow wp-block-column-is-layout-flow\"><\/div>\n<\/div>\n\n\n\n<div style=\"height:100px\" aria-hidden=\"true\" class=\"wp-block-spacer\"><\/div>\n\n\n\n<div class=\"wp-block-buttons has-custom-font-size has-large-font-size is-content-justification-center is-layout-flex wp-container-core-buttons-is-layout-a89b3969 wp-block-buttons-is-layout-flex\">\n<div class=\"wp-block-button\"><a class=\"wp-block-button__link has-background wp-element-button\" href=\"https:\/\/www.mtv-in.de\/turnen\/gruppen\/leistungsturnen\/\" style=\"background-color:#561d7f\">Zum Leistungsturnen<\/a><\/div>\n<\/div>\n\n\n\n<div style=\"height:100px\" aria-hidden=\"true\" class=\"wp-block-spacer\"><\/div>\n","protected":false},"excerpt":{"rendered":"<p>Im Breitensport geht es vor allem um die Freunde an der Bewegung. Die Kinder und Jugendlichen lernen die Grundf\u00e4higkeiten, die es zum Turnen braucht, sowie die Basiselemente an den Ger\u00e4ten Boden, Balken, Sprung und Reck\/Stufenbarren sowie Trampolin. In der h\u00f6chsten Altersstufe ist dann auch die Teilnahme an Wettk\u00e4mpfen m\u00f6glich. Kontakt Kathrin Jessen kat [dot] jess [&hellip;]<\/p>\n","protected":false},"author":1,"featured_media":0,"parent":3039,"menu_order":0,"comment_status":"closed","ping_status":"closed","template":"","meta":{"footnotes":""},"class_list":["post-3041","page","type-page","status-publish","hentry"],"_links":{"self":[{"href":"https:\/\/www.mtv-in.de\/turnen\/wp-json\/wp\/v2\/pages\/3041","targetHints":{"allow":["GET"]}}],"collection":[{"href":"https:\/\/www.mtv-in.de\/turnen\/wp-json\/wp\/v2\/pages"}],"about":[{"href":"https:\/\/www.mtv-in.de\/turnen\/wp-json\/wp\/v2\/types\/page"}],"author":[{"embeddable":true,"href":"https:\/\/www.mtv-in.de\/turnen\/wp-json\/wp\/v2\/users\/1"}],"replies":[{"embeddable":true,"href":"https:\/\/www.mtv-in.de\/turnen\/wp-json\/wp\/v2\/comments?post=3041"}],"version-history":[{"count":29,"href":"https:\/\/www.mtv-in.de\/turnen\/wp-json\/wp\/v2\/pages\/3041\/revisions"}],"predecessor-version":[{"id":3561,"href":"https:\/\/www.mtv-in.de\/turnen\/wp-json\/wp\/v2\/pages\/3041\/revisions\/3561"}],"up":[{"embeddable":true,"href":"https:\/\/www.mtv-in.de\/turnen\/wp-json\/wp\/v2\/pages\/3039"}],"wp:attachment":[{"href":"https:\/\/www.mtv-in.de\/turnen\/wp-json\/wp\/v2\/media?parent=3041"}],"curies":[{"name":"wp","href":"https:\/\/api.w.org\/{rel}","templated":true}]}}

<div style="height:100px" aria-hidden="true" class="wp-block-spacer"></div>



<div class="wp-block-columns is-layout-flex wp-container-core-columns-is-layout-28f84493 wp-block-columns-is-layout-flex">
<div class="wp-block-column is-layout-flow wp-block-column-is-layout-flow" style="flex-basis:25%">
<figure class="wp-block-image size-large"><a href="https://www.mtv-in.de/turnen/files/2025/05/02_Gruppenfoto1-scaled.jpg"><img loading="lazy" decoding="async" width="1024" height="683" src="https://www.mtv-in.de/turnen/files/2025/05/02_Gruppenfoto1-1024x683.jpg" alt="" class="wp-image-3280" srcset="https://www.mtv-in.de/turnen/files/2025/05/02_Gruppenfoto1-1024x683.jpg 1024w, https://www.mtv-in.de/turnen/files/2025/05/02_Gruppenfoto1-300x200.jpg 300w, https://www.mtv-in.de/turnen/files/2025/05/02_Gruppenfoto1-768x512.jpg 768w, https://www.mtv-in.de/turnen/files/2025/05/02_Gruppenfoto1-1536x1024.jpg 1536w, https://www.mtv-in.de/turnen/files/2025/05/02_Gruppenfoto1-2048x1365.jpg 2048w" sizes="auto, (max-width: 1024px) 100vw, 1024px" /></a></figure>
</div>



<div class="wp-block-column is-layout-flow wp-block-column-is-layout-flow" style="flex-basis:50%">
<p class="has-black-color has-text-color has-link-color wp-elements-16a4a6e6891ccc3c67272c71d1d3ef6a">Im Breitensport geht es vor allem um die Freunde an der Bewegung. Die Kinder und Jugendlichen lernen die Grundfähigkeiten, die es zum Turnen braucht, sowie die Basiselemente an den Geräten Boden, Balken, Sprung und Reck/Stufenbarren sowie Trampolin. In der höchsten Altersstufe ist dann auch die Teilnahme an Wettkämpfen möglich.</p>
</div>



<div class="wp-block-column is-layout-flow wp-block-column-is-layout-flow" style="flex-basis:25%">
<figure class="wp-block-image size-large"><a href="https://www.mtv-in.de/turnen/files/2025/05/04_Jhg_2012_Rosalie_Gossmann_Nina_Zeitler_Elisa_Kucani_Platz_8_18_und_16_und_oben_Luisa_Schmuck_Platz171-scaled.jpg"><img loading="lazy" decoding="async" width="1024" height="683" src="https://www.mtv-in.de/turnen/files/2025/05/04_Jhg_2012_Rosalie_Gossmann_Nina_Zeitler_Elisa_Kucani_Platz_8_18_und_16_und_oben_Luisa_Schmuck_Platz171-1024x683.jpg" alt="" class="wp-image-3282" srcset="https://www.mtv-in.de/turnen/files/2025/05/04_Jhg_2012_Rosalie_Gossmann_Nina_Zeitler_Elisa_Kucani_Platz_8_18_und_16_und_oben_Luisa_Schmuck_Platz171-1024x683.jpg 1024w, https://www.mtv-in.de/turnen/files/2025/05/04_Jhg_2012_Rosalie_Gossmann_Nina_Zeitler_Elisa_Kucani_Platz_8_18_und_16_und_oben_Luisa_Schmuck_Platz171-300x200.jpg 300w, https://www.mtv-in.de/turnen/files/2025/05/04_Jhg_2012_Rosalie_Gossmann_Nina_Zeitler_Elisa_Kucani_Platz_8_18_und_16_und_oben_Luisa_Schmuck_Platz171-768x512.jpg 768w, https://www.mtv-in.de/turnen/files/2025/05/04_Jhg_2012_Rosalie_Gossmann_Nina_Zeitler_Elisa_Kucani_Platz_8_18_und_16_und_oben_Luisa_Schmuck_Platz171-1536x1024.jpg 1536w, https://www.mtv-in.de/turnen/files/2025/05/04_Jhg_2012_Rosalie_Gossmann_Nina_Zeitler_Elisa_Kucani_Platz_8_18_und_16_und_oben_Luisa_Schmuck_Platz171-2048x1365.jpg 2048w" sizes="auto, (max-width: 1024px) 100vw, 1024px" /></a></figure>
</div>
</div>



<div style="height:30px" aria-hidden="true" class="wp-block-spacer"></div>



<div class="wp-block-columns has-background is-layout-flex wp-container-core-columns-is-layout-28f84493 wp-block-columns-is-layout-flex" style="background-color:#561d7f">
<div class="wp-block-column is-layout-flow wp-block-column-is-layout-flow">
<h3 class="wp-block-heading has-white-color has-text-color has-link-color wp-elements-dce09c384e1cbb7bb18a502e26a023e5">Kontakt</h3>



<h6 class="wp-block-heading has-white-color has-text-color has-link-color wp-elements-f69be37e4d8f33569dc5b53858dabdf3">Kathrin Jessen</h6>



<p class="has-white-color has-text-color has-link-color wp-elements-c4e185d998e3424d7ea599da95e08696"><a href="javascript:DeCryptX('0k0a0t201k0e2u1t0@1h0m2z1/2f0e')">kat [dot] jess [at] gmx [dot] de</a></p>
</div>



<div class="wp-block-column is-layout-flow wp-block-column-is-layout-flow">
<h3 class="wp-block-heading has-white-color has-text-color has-link-color wp-elements-b2f17b7ce1008cdb7c4643aba63ae729">!!Gesucht!!</h3>



<p class="has-white-color has-text-color has-link-color wp-elements-af9e8177cdaca149e38b026c755f2d90">Wir sind laufend auf der Suche nach <br>Trainern und Helfern</p>
</div>
</div>



<div style="height:30px" aria-hidden="true" class="wp-block-spacer"></div>



<div class="wp-block-columns is-layout-flex wp-container-core-columns-is-layout-28f84493 wp-block-columns-is-layout-flex">
<div class="wp-block-column has-black-color has-startupzy-quote-background-color has-text-color has-background has-link-color wp-elements-a0f04c6d69f6cc437eb68e8249538588 is-layout-flow wp-block-column-is-layout-flow" style="padding-right:var(--wp--preset--spacing--60);padding-left:var(--wp--preset--spacing--60)">
<h2 class="wp-block-heading has-text-color has-link-color wp-elements-211e73eb4022d8f5ff7e96e3457fbcb5" style="color:#561d7f">4 &#8211; 6 Jahre<br>weiblich</h2>



<p>Erlernen motorischer Grundlagen<br>Boden | Reck | Schwebebalken | Sprung<br></p>



<p class="has-black-color has-text-color has-link-color wp-elements-5fe5ff5e048046b5d5d49261a85604b4"><strong>Dienstag</strong> 17:00 &#8211; 18:30 Uhr<br><br>Bezirkssporthalle Mitte <br><strong>Halle A<br></strong>Von-der-Tann Straße 1<br>85049 Ingolstadt<br><br><br><strong>Freitag</strong> 17:00 &#8211; 18:30 Uhr<br><br>Schulturnhalle Reuchlin Gymnasium<br>Auf der Schanz 28 a <br>85049 Ingolstadt<br><br>Nina Wolter<br><a href="javascript:DeCryptX('3n0a1s2k1o312d3d0u0e0r340@1u0-1p2p3o3l1o1f313g2g')" data-type="mailto" data-id="javascript:DeCryptX('3n0a1s2k1o312d3d0u0e0r340@1u0-1p2p3o3l1o1f313g2g')">karin [dot] bauer1 [at] t-online [dot] de</a>  <br><br><strong>AUFNAHMESTOPP !!!<br></strong></p>
</div>



<div class="wp-block-column has-black-color has-startupzy-quote-background-color has-text-color has-background has-link-color wp-elements-e7e970bb813640317c1d854a1082e1b4 is-layout-flow wp-block-column-is-layout-flow" style="padding-right:var(--wp--preset--spacing--60);padding-left:var(--wp--preset--spacing--60)">
<h2 class="wp-block-heading has-text-color has-link-color wp-elements-52d06ee5a5d0b2658b36d8f793075a2d" style="color:#561d7f">6 &#8211; 8 Jahre <br>weiblich</h2>



<p class="has-black-color has-text-color has-link-color wp-elements-96f1221a6bebbb6856c23ad9b0394a5d">Geräteturnen ohne Wettkämpfe<br>Boden | Reck | Schwebebalken | Sprung | Trampolin<br></p>



<p><strong>Dienstag</strong> 17:00 &#8211; 18:30 Uhr<br><br>Bezirkssporthalle Mitte <br><strong>Halle A<br></strong>Von-der-Tann Straße 1<br>85049 Ingolstadt<br><br><br><strong>Freitag </strong> 17:00 &#8211; 18:30 Uhr<br><br>Schulturnhalle Reuchlin Gymnasium<br>Auf der Schanz 28 a<br>85049 Ingolstadt<br><br>Anette Kirchner<br><br><br><strong>AUFNAHMESTOPP !!!</strong></p>
</div>



<div class="wp-block-column has-startupzy-quote-background-color has-background is-layout-flow wp-block-column-is-layout-flow" style="padding-right:var(--wp--preset--spacing--60);padding-left:var(--wp--preset--spacing--60)">
<h2 class="wp-block-heading has-text-color has-link-color wp-elements-3fdaff9e156453d5abc2e4d4b3b9d07c" style="color:#561d7f">9 &#8211; 12 Jahre <br>weiblich</h2>



<p class="has-black-color has-text-color has-link-color wp-elements-f6adae2d6487fd1100e014d1902d7f3f">Turn10 Wettkämpfe<br>Boden | Reck/Stufenbarren | Schwebebalken | Sprung | Trampolin<br><br><strong>Dienstag</strong> 17:00 &#8211; 19:00 Uhr<br><br>Bezirkssporthalle Mitte <br><strong>Halle A<br></strong>Von-der-Tann Straße 1<br>85049 Ingolstadt<br><br><br><strong>Freitag</strong> 17:00 &#8211; 19:00 Uhr<br><br>Schulturnhalle Reuchlin Gymnasium<br>Auf der Schanz 28 a<br>85049 Ingolstadt<br><br>Katrin Jessen, Manuela Schulze-Schwering<br><a href="http://DeCryptX('1l1b3w312l0e2u2u1A0g3p1y1/3g0e')">kat [dot] jess [at] gmx [dot] de</a></p>
</div>
</div>



<div style="height:51px" aria-hidden="true" class="wp-block-spacer"></div>



<div class="wp-block-columns is-layout-flex wp-container-core-columns-is-layout-28f84493 wp-block-columns-is-layout-flex">
<div class="wp-block-column is-layout-flow wp-block-column-is-layout-flow" style="padding-right:var(--wp--preset--spacing--60);padding-left:var(--wp--preset--spacing--60)">
<h2 class="wp-block-heading has-text-color has-link-color wp-elements-33592968547bb061315a2c9253df1719" style="color:#561d7f">10 &#8211; 15 Jahre<br>weiblich</h2>



<p class="has-black-color has-text-color has-link-color wp-elements-f6adae2d6487fd1100e014d1902d7f3f">Turn10 Wettkämpfe<br>Boden | Reck/Stufenbarren | Schwebebalken | Sprung | Trampolin<br><br><strong>Dienstag</strong> 17:00 &#8211; 19:00 Uhr<br><br>Bezirkssporthalle Mitte <br><strong>Halle A<br></strong>Von-der-Tann Straße 1<br>85049 Ingolstadt<br><br><br><strong>Freitag</strong> 17:00 &#8211; 19:00 Uhr<br><br>Schulturnhalle Reuchlin Gymnasium<br>Auf der Schanz 28 a<br>85049 Ingolstadt<br><br>Katrin Jessen, Manuela Schulze-Schwering<br><a href="http://DeCryptX('1l1b3w312l0e2u2u1A0g3p1y1/3g0e')">kat [dot] jess [at] gmx [dot] de</a></p>
</div>



<div class="wp-block-column is-layout-flow wp-block-column-is-layout-flow"></div>



<div class="wp-block-column is-layout-flow wp-block-column-is-layout-flow"></div>
</div>



<div style="height:100px" aria-hidden="true" class="wp-block-spacer"></div>



<div class="wp-block-buttons has-custom-font-size has-large-font-size is-content-justification-center is-layout-flex wp-container-core-buttons-is-layout-a89b3969 wp-block-buttons-is-layout-flex">
<div class="wp-block-button"><a class="wp-block-button__link has-background wp-element-button" href="https://www.mtv-in.de/turnen/gruppen/leistungsturnen/" style="background-color:#561d7f">Zum Leistungsturnen</a></div>
</div>



<div style="height:100px" aria-hidden="true" class="wp-block-spacer"></div>

<p>Im Breitensport geht es vor allem um die Freunde an der Bewegung. Die Kinder und Jugendlichen lernen die Grundfähigkeiten, die es zum Turnen braucht, sowie die Basiselemente an den Geräten Boden, Balken, Sprung und Reck/Stufenbarren sowie Trampolin. In der höchsten Altersstufe ist dann auch die Teilnahme an Wettkämpfen möglich. Kontakt Kathrin Jessen kat [dot] jess [&hellip;]</p>
