{"id":3043,"date":"2025-04-12T15:13:47","date_gmt":"2025-04-12T13:13:47","guid":{"rendered":"https:\/\/www.mtv-in.de\/turnen\/?page_id=3043"},"modified":"2026-03-25T21:32:14","modified_gmt":"2026-03-25T20:32:14","slug":"eltern-und-kind","status":"publish","type":"page","link":"https:\/\/www.mtv-in.de\/turnen\/gruppen\/eltern-und-kind\/","title":{"rendered":"Eltern und Kind"},"content":{"rendered":"\n<div style=\"height:100px\" aria-hidden=\"true\" class=\"wp-block-spacer\"><\/div>\n\n\n\n<div class=\"wp-block-columns is-layout-flex wp-container-core-columns-is-layout-28f84493 wp-block-columns-is-layout-flex\">\n<div class=\"wp-block-column is-layout-flow wp-block-column-is-layout-flow\" style=\"flex-basis:25%\">\n<figure class=\"wp-block-image aligncenter size-large is-resized\"><a href=\"https:\/\/www.mtv-in.de\/turnen\/files\/2025\/04\/04_IMG_20211122_1643191.jpeg\"><img loading=\"lazy\" decoding=\"async\" width=\"960\" height=\"960\" src=\"https:\/\/www.mtv-in.de\/turnen\/files\/2025\/04\/04_IMG_20211122_1643191-edited.jpeg\" alt=\"\" class=\"wp-image-3173\" style=\"width:328px;height:auto\" srcset=\"https:\/\/www.mtv-in.de\/turnen\/files\/2025\/04\/04_IMG_20211122_1643191-edited.jpeg 960w, https:\/\/www.mtv-in.de\/turnen\/files\/2025\/04\/04_IMG_20211122_1643191-edited-300x300.jpeg 300w, https:\/\/www.mtv-in.de\/turnen\/files\/2025\/04\/04_IMG_20211122_1643191-edited-150x150.jpeg 150w, https:\/\/www.mtv-in.de\/turnen\/files\/2025\/04\/04_IMG_20211122_1643191-edited-768x768.jpeg 768w\" sizes=\"auto, (max-width: 960px) 100vw, 960px\" \/><\/a><\/figure>\n<\/div>\n\n\n\n<div class=\"wp-block-column is-layout-flow wp-block-column-is-layout-flow\" style=\"flex-basis:50%\">\n<p class=\"has-startupzy-secondary-color has-text-color has-link-color wp-elements-621e0b415c0cd75d4b32515c7333e244\">Wie der Name schon sagt, wird in dieser \u00dcbungsstunde in Begleitung von Mama, Papa, Oma oder Opa&nbsp;geturnt und gespielt.<br>Die Kinder sind zwischen einem und vier Jahren alt und m\u00fcssen daher die ganze Zeit intensiv betreut werden.<\/p>\n\n\n\n<p class=\"has-startupzy-secondary-color has-text-color has-link-color wp-elements-0f31373789cb4e5d69d0f15aab3e3f5a\">Klettern, Springen, Laufen, Balancieren, Kleinger\u00e4te kennenlernen und Austoben stehen auf dem Programm.<br>Aber auch das soziale Miteinander steht im Mittelpunkt der Stunde. Es wird in einem Sitzkreis begonnen,&nbsp;indem wir das Lied \u201eHallo, sch\u00f6n, dass du das bist\u201c singen.<\/p>\n\n\n\n<p class=\"has-startupzy-secondary-color has-text-color has-link-color wp-elements-89d8563e2fdb90d0b978672450091f5c\">Danach w\u00e4rmen wir uns durch Laufspiele und T\u00e4nze mit Musik auf.<br>Im Hauptteil k\u00f6nnen die Kinder \u00fcber die aufgebaute Ger\u00e4telandschaft balancieren, klettern, rutschen und noch vieles mehr.<br>&nbsp;Zum Schluss der Stunde gibt es eine Mattenwagenfahrt durch die Halle und nach dem Lied \u201eAlle&nbsp;Leut\u2026\u201c verabschieden sich die Kinder.<\/p>\n<\/div>\n\n\n\n<div class=\"wp-block-column is-layout-flow wp-block-column-is-layout-flow\" style=\"flex-basis:25%\">\n<figure class=\"wp-block-image aligncenter size-large\"><a href=\"https:\/\/www.mtv-in.de\/turnen\/files\/2025\/04\/05_IMG_20211122_1644471.jpeg\"><img loading=\"lazy\" decoding=\"async\" width=\"1024\" height=\"769\" src=\"https:\/\/www.mtv-in.de\/turnen\/files\/2025\/04\/05_IMG_20211122_1644471-1024x769.jpeg\" alt=\"\" class=\"wp-image-3171\" srcset=\"https:\/\/www.mtv-in.de\/turnen\/files\/2025\/04\/05_IMG_20211122_1644471-1024x769.jpeg 1024w, https:\/\/www.mtv-in.de\/turnen\/files\/2025\/04\/05_IMG_20211122_1644471-300x225.jpeg 300w, https:\/\/www.mtv-in.de\/turnen\/files\/2025\/04\/05_IMG_20211122_1644471-768x576.jpeg 768w, https:\/\/www.mtv-in.de\/turnen\/files\/2025\/04\/05_IMG_20211122_1644471.jpeg 1279w\" sizes=\"auto, (max-width: 1024px) 100vw, 1024px\" \/><\/a><\/figure>\n<\/div>\n<\/div>\n\n\n\n<div style=\"height:50px\" aria-hidden=\"true\" class=\"wp-block-spacer\"><\/div>\n\n\n\n<div class=\"wp-block-columns has-startupzy-primary-background-color has-background is-layout-flex wp-container-core-columns-is-layout-28f84493 wp-block-columns-is-layout-flex\">\n<div class=\"wp-block-column is-layout-flow wp-block-column-is-layout-flow\">\n<h3 class=\"wp-block-heading has-startupzy-bgsoft-color has-text-color has-link-color wp-elements-d40ba423db2e8ba288a10a95cb69d390\">Kontakt<\/h3>\n\n\n\n<h6 class=\"wp-block-heading has-startupzy-bgsoft-color has-text-color has-link-color wp-elements-679d552f2f55f53577d567a7627da07b\">Nina Schiessl<\/h6>\n\n\n\n<p class=\"has-startupzy-bgsoft-color has-text-color has-link-color wp-elements-915366e5c61b96a931534729e8f3d3af\"><a href=\"javascript:DeCryptX('1o0i3q1b1\/3v3f0h3l0e1t0s2n2B2y0e1c200d0e')\">nina [dot] schiessl [at] web [dot] de<\/a><\/p>\n<\/div>\n\n\n\n<div class=\"wp-block-column is-layout-flow wp-block-column-is-layout-flow\">\n<h4 class=\"wp-block-heading has-startupzy-bgsoft-color has-text-color has-link-color wp-elements-1aef9ea63bf898a5ab47b5777843f1ca\">!! Gesucht !!<\/h4>\n\n\n\n<p class=\"has-startupzy-bgsoft-color has-text-color has-link-color wp-elements-f75248ba444cd9a3cf9f2b0e4864ef4f\">Wir sind laufend auf der Suche nach<br>Trainern und Helfern<\/p>\n<\/div>\n<\/div>\n\n\n\n<div style=\"height:50px\" aria-hidden=\"true\" class=\"wp-block-spacer\"><\/div>\n\n\n\n<div class=\"wp-block-columns is-layout-flex wp-container-core-columns-is-layout-28f84493 wp-block-columns-is-layout-flex\">\n<div class=\"wp-block-column has-startupzy-text-background-color has-background is-layout-flow wp-block-column-is-layout-flow\">\n<h2 class=\"wp-block-heading has-startupzy-secondary-color has-text-color has-link-color wp-elements-9a5064e2adba1b9f8bd7811f9db264ab\">EK 1<\/h2>\n\n\n\n<p class=\"has-startupzy-secondary-color has-text-color has-link-color wp-elements-87043c71983828cd979a3a5015c0f745\"><strong>Montag<\/strong> 16:00 &#8211; 17:00 Uhr<\/p>\n\n\n\n<p class=\"has-startupzy-secondary-color has-text-color has-link-color wp-elements-5a7d40ab118e5bbf8b1693f067c6b4e1\">Schulturnhalle Reuchlin Gymnasium &nbsp;<br>Auf der Schanz 28 a <br>85049 Ingolstadt&nbsp;<\/p>\n\n\n\n<p class=\"has-startupzy-secondary-color has-text-color has-link-color wp-elements-99df31415567a80e217ea80a39e7b368\"><a href=\"javascript:DeCryptX('3q2k2p3d203v2e0h3l2g2u2u2n1A1x2g1c1\/3g0e')\">nina [dot] schiessl [at] web [dot] de<\/a><\/p>\n<\/div>\n\n\n\n<div class=\"wp-block-column has-startupzy-bgsoft-background-color has-background is-layout-flow wp-block-column-is-layout-flow\">\n<h2 class=\"wp-block-heading has-startupzy-secondary-color has-text-color has-link-color wp-elements-b5eed7e833acb1ab5d0eed65471530a6\">EK 2<\/h2>\n\n\n\n<p class=\"has-startupzy-secondary-color has-text-color has-link-color wp-elements-1bd8f6fcea8a8d71d9d0f375cb27f553\"><strong>Montag<\/strong> 17:15 &#8211; 18:15 Uhr<\/p>\n\n\n\n<p class=\"has-startupzy-secondary-color has-text-color has-link-color wp-elements-2708daf3bb589768549be0979ed43f13\">Schulturnhalle Reuchlin Gymnasium &nbsp;&nbsp;<br>Auf der Schanz 28 a<br>85049 Ingolstadt&nbsp;<\/p>\n\n\n\n<p><a href=\"javascript:DeCryptX('2n3h2p0a0m1j2t3d0.2h3l1o2m3h2p3}2g1m1m2g3u0@0g2o0a1j3o0.3f0o1n')\">lenamira [dot] finkenzeller [at] gmail [dot] com<\/a><\/p>\n<\/div>\n\n\n\n<div class=\"wp-block-column has-startupzy-text-background-color has-background is-layout-flow wp-block-column-is-layout-flow\">\n<h2 class=\"wp-block-heading has-startupzy-secondary-color has-text-color has-link-color wp-elements-5309470a2a0b2f03deb3693e1c553c79\">EK 3<\/h2>\n\n\n\n<p class=\"has-startupzy-secondary-color has-text-color has-link-color wp-elements-4639829f25b3fb987d689a504ef93a19\"><strong>Freitag <\/strong>17:00 \u2013 18:00 Uhr<\/p>\n\n\n\n<p class=\"has-startupzy-secondary-color has-text-color has-link-color wp-elements-04f9efe8084348ed7baea7fbc2e198f1\">Bezirkssporthalle Mitte<br><strong>Halle B<br><\/strong>Von-der-Tann Stra\u00dfe 1<br>85049 Ingolstadt<\/p>\n\n\n\n<p class=\"has-startupzy-secondary-color has-text-color has-link-color wp-elements-6099e80fefe98eaa140693f04064e296\"><a href=\"javascript:DeCryptX('1N1U3Y301J3Q0_0K3L0T2W0@1n3d1j0l1\/1e1f')\">MTV-IN_KITU [at] mail [dot] de<\/a><\/p>\n<\/div>\n<\/div>\n\n\n\n<div style=\"height:30px\" aria-hidden=\"true\" class=\"wp-block-spacer\"><\/div>\n\n\n\n<h2 class=\"wp-block-heading has-text-align-center has-vivid-red-color has-text-color has-link-color wp-elements-c0b7c9366b17f1835a0f6219271445e9\"><\/h2>\n\n\n\n<div style=\"height:55px\" aria-hidden=\"true\" class=\"wp-block-spacer\"><\/div>\n\n\n\n<div class=\"wp-block-buttons is-content-justification-center is-layout-flex wp-container-core-buttons-is-layout-a89b3969 wp-block-buttons-is-layout-flex\">\n<div class=\"wp-block-button has-custom-width wp-block-button__width-25\"><a class=\"wp-block-button__link has-startupzy-primary-background-color has-background has-large-font-size has-custom-font-size wp-element-button\" href=\"https:\/\/www.mtv-in.de\/turnen\/gruppen\/breitensport\/\">Zum Breitensport<\/a><\/div>\n<\/div>\n\n\n\n<div style=\"height:100px\" aria-hidden=\"true\" class=\"wp-block-spacer\"><\/div>\n","protected":false},"excerpt":{"rendered":"<p>Wie der Name schon sagt, wird in dieser \u00dcbungsstunde in Begleitung von Mama, Papa, Oma oder Opa&nbsp;geturnt und gespielt.Die Kinder sind zwischen einem und vier Jahren alt und m\u00fcssen daher die ganze Zeit intensiv betreut werden. Klettern, Springen, Laufen, Balancieren, Kleinger\u00e4te kennenlernen und Austoben stehen auf dem Programm.Aber auch das soziale Miteinander steht im Mittelpunkt der Stunde. Es wird in einem Sitzkreis begonnen,&nbsp;indem wir das Lied \u201eHallo, sch\u00f6n, dass du das bist\u201c singen. Danach w\u00e4rmen wir uns durch Laufspiele und T\u00e4nze mit Musik auf.Im Hauptteil k\u00f6nnen die Kinder \u00fcber die aufgebaute Ger\u00e4telandschaft balancieren, klettern, rutschen und noch vieles mehr.&nbsp;Zum Schluss<\/p>\n","protected":false},"author":1,"featured_media":0,"parent":3039,"menu_order":0,"comment_status":"closed","ping_status":"closed","template":"","meta":{"footnotes":""},"class_list":["post-3043","page","type-page","status-publish","hentry"],"_links":{"self":[{"href":"https:\/\/www.mtv-in.de\/turnen\/wp-json\/wp\/v2\/pages\/3043","targetHints":{"allow":["GET"]}}],"collection":[{"href":"https:\/\/www.mtv-in.de\/turnen\/wp-json\/wp\/v2\/pages"}],"about":[{"href":"https:\/\/www.mtv-in.de\/turnen\/wp-json\/wp\/v2\/types\/page"}],"author":[{"embeddable":true,"href":"https:\/\/www.mtv-in.de\/turnen\/wp-json\/wp\/v2\/users\/1"}],"replies":[{"embeddable":true,"href":"https:\/\/www.mtv-in.de\/turnen\/wp-json\/wp\/v2\/comments?post=3043"}],"version-history":[{"count":24,"href":"https:\/\/www.mtv-in.de\/turnen\/wp-json\/wp\/v2\/pages\/3043\/revisions"}],"predecessor-version":[{"id":3397,"href":"https:\/\/www.mtv-in.de\/turnen\/wp-json\/wp\/v2\/pages\/3043\/revisions\/3397"}],"up":[{"embeddable":true,"href":"https:\/\/www.mtv-in.de\/turnen\/wp-json\/wp\/v2\/pages\/3039"}],"wp:attachment":[{"href":"https:\/\/www.mtv-in.de\/turnen\/wp-json\/wp\/v2\/media?parent=3043"}],"curies":[{"name":"wp","href":"https:\/\/api.w.org\/{rel}","templated":true}]}}