{"id":3047,"date":"2025-04-12T15:14:33","date_gmt":"2025-04-12T13:14:33","guid":{"rendered":"https:\/\/www.mtv-in.de\/turnen\/?page_id=3047"},"modified":"2026-07-23T16:30:28","modified_gmt":"2026-07-23T14:30:28","slug":"tgw","status":"publish","type":"page","link":"https:\/\/www.mtv-in.de\/turnen\/gruppen\/tgw\/","title":{"rendered":"Gruppenwettstreit"},"content":{"rendered":"\n<div style=\"height:50px\" aria-hidden=\"true\" class=\"wp-block-spacer\"><\/div>\n\n\n\n<div class=\"wp-block-columns is-layout-flex wp-container-core-columns-is-layout-28f84493 wp-block-columns-is-layout-flex\">\n<div class=\"wp-block-column is-layout-flow wp-block-column-is-layout-flow\" style=\"flex-basis:25%\">\n<figure class=\"wp-block-image size-large\"><a href=\"https:\/\/www.mtv-in.de\/turnen\/files\/2025\/05\/Gruppenwettstreit.jpg\"><img loading=\"lazy\" decoding=\"async\" width=\"1024\" height=\"473\" src=\"https:\/\/www.mtv-in.de\/turnen\/files\/2025\/05\/Gruppenwettstreit-1024x473.jpg\" alt=\"\" class=\"wp-image-3274\" srcset=\"https:\/\/www.mtv-in.de\/turnen\/files\/2025\/05\/Gruppenwettstreit-1024x473.jpg 1024w, https:\/\/www.mtv-in.de\/turnen\/files\/2025\/05\/Gruppenwettstreit-300x139.jpg 300w, https:\/\/www.mtv-in.de\/turnen\/files\/2025\/05\/Gruppenwettstreit-768x355.jpg 768w, https:\/\/www.mtv-in.de\/turnen\/files\/2025\/05\/Gruppenwettstreit-1536x710.jpg 1536w, https:\/\/www.mtv-in.de\/turnen\/files\/2025\/05\/Gruppenwettstreit-2048x946.jpg 2048w\" sizes=\"auto, (max-width: 1024px) 100vw, 1024px\" \/><\/a><\/figure>\n<\/div>\n\n\n\n<div class=\"wp-block-column has-black-color has-text-color has-link-color wp-elements-3d7f8558a6ba30c9963508396570b04b is-layout-flow wp-block-column-is-layout-flow\" style=\"flex-basis:50%\">\n<p>Kindergruppen-Wettkampf (KGW 6 &#8211; 12 Jahre), Turnergruppen-Wettkampf (TGW ab 12 Jahren) und<br>Turnergruppen-Meisterschaft (TGM ab 12 Jahren) &#8211; hier sind Teamwork, Kreativit\u00e4t und Vielseitigkeit<br>gefragt.<br>Folgende Wettkampfdisziplinen werden bei uns trainiert:<\/p>\n\n\n\n<ul class=\"wp-block-list\">\n<li>Gruppenturnen am Boden mit Kasten<\/li>\n\n\n\n<li>Tanzen in der Gruppe<\/li>\n\n\n\n<li>Pendelstaffel<\/li>\n\n\n\n<li>Medizin- und Schlagballweitwurf<\/li>\n<\/ul>\n\n\n\n<p>Die Wettk\u00e4mpfe finden bayernweit statt, teils mit \u00dcbernachtung. Im TGM\/TGW-Bereich sind Qualifikationen f\u00fcr Wettk\u00e4mpfe auf Bundesebene m\u00f6glich.<\/p>\n<\/div>\n\n\n\n<div class=\"wp-block-column is-layout-flow wp-block-column-is-layout-flow\" style=\"flex-basis:25%\">\n<figure class=\"wp-block-gallery has-nested-images columns-default is-cropped wp-block-gallery-1 is-layout-flex wp-block-gallery-is-layout-flex\">\n<figure class=\"wp-block-image size-large\"><img loading=\"lazy\" decoding=\"async\" width=\"1024\" height=\"576\" data-id=\"3237\" src=\"https:\/\/www.mtv-in.de\/turnen\/files\/2025\/04\/06_20150725_1301261-1024x576.jpg\" alt=\"\" class=\"wp-image-3237\" srcset=\"https:\/\/www.mtv-in.de\/turnen\/files\/2025\/04\/06_20150725_1301261-1024x576.jpg 1024w, https:\/\/www.mtv-in.de\/turnen\/files\/2025\/04\/06_20150725_1301261-300x169.jpg 300w, https:\/\/www.mtv-in.de\/turnen\/files\/2025\/04\/06_20150725_1301261-768x432.jpg 768w, https:\/\/www.mtv-in.de\/turnen\/files\/2025\/04\/06_20150725_1301261-1536x864.jpg 1536w, https:\/\/www.mtv-in.de\/turnen\/files\/2025\/04\/06_20150725_1301261-2048x1152.jpg 2048w\" sizes=\"auto, (max-width: 1024px) 100vw, 1024px\" \/><\/figure>\n<\/figure>\n<\/div>\n<\/div>\n\n\n\n<p style=\"margin-right:var(--wp--preset--spacing--40);margin-left:var(--wp--preset--spacing--40)\"><\/p>\n\n\n\n<div style=\"height:50px\" aria-hidden=\"true\" class=\"wp-block-spacer\"><\/div>\n\n\n\n<div class=\"wp-block-columns has-background is-layout-flex wp-container-core-columns-is-layout-28f84493 wp-block-columns-is-layout-flex\" style=\"background-color:#561d7f\">\n<div class=\"wp-block-column is-layout-flow wp-block-column-is-layout-flow\">\n<h3 class=\"wp-block-heading has-startupzy-bgsoft-color has-text-color has-link-color wp-elements-d40ba423db2e8ba288a10a95cb69d390\">Kontakt<\/h3>\n\n\n\n<h6 class=\"wp-block-heading has-startupzy-bgsoft-color has-text-color has-link-color wp-elements-969d7e2848efe8fec8a5052df468912c\">Emma Pollinger<\/h6>\n\n\n\n<p class=\"has-startupzy-bgsoft-color has-text-color has-link-color wp-elements-b374a8175df5cbc8194bef539ae38742\"><a href=\"javascript:DeCryptX('0e1n0m1b203s0o3o0l0i1o1h0e0r3C2o2v0v301j2p312f1f')\">emma [dot] pollinger [at] mtv-in [dot] de<\/a><\/p>\n<\/div>\n\n\n\n<div class=\"wp-block-column is-layout-flow wp-block-column-is-layout-flow\">\n<h4 class=\"wp-block-heading has-startupzy-bgsoft-color has-text-color has-link-color wp-elements-1aef9ea63bf898a5ab47b5777843f1ca\">!! Gesucht !!<\/h4>\n\n\n\n<p class=\"has-startupzy-bgsoft-color has-text-color has-link-color wp-elements-5ccc02731ee28a00dfb9ae12f94a9a1c\">Wir sind laufend auf der Suche nach          Trainern und Helfern<br><\/p>\n<\/div>\n<\/div>\n\n\n\n<div style=\"height:0px\" aria-hidden=\"true\" class=\"wp-block-spacer\"><\/div>\n\n\n\n<div style=\"height:50px\" aria-hidden=\"true\" class=\"wp-block-spacer\"><\/div>\n\n\n\n<div class=\"wp-block-columns is-layout-flex wp-container-core-columns-is-layout-28f84493 wp-block-columns-is-layout-flex\">\n<div class=\"wp-block-column is-layout-flow wp-block-column-is-layout-flow\">\n<div class=\"wp-block-columns is-layout-flex wp-container-core-columns-is-layout-28f84493 wp-block-columns-is-layout-flex\">\n<div class=\"wp-block-column has-black-color has-startupzy-quote-background-color has-text-color has-background has-link-color wp-elements-da7c798c6d83ec37f0e3f2a9b8061c6d is-layout-flow wp-block-column-is-layout-flow\" style=\"padding-right:var(--wp--preset--spacing--60);padding-left:var(--wp--preset--spacing--60)\">\n<h2 class=\"wp-block-heading has-text-color has-link-color wp-elements-dc6474e0d606544af665d7ec49304209\" style=\"color:#561d7f\">KGW 1<\/h2>\n\n\n\n<p>Jahrgang 2014 &#8211; 2015<br>Bodenturnen mit Kasten | Pendelstaffel 50m | Schlagball 80g | \u00dcberraschungsaufgabe<br><br><strong>Dienstag<\/strong> 17:00 &#8211; 19:00 Uhr<br><strong>Freitag<\/strong> 17:00 &#8211; 19:00 Uhr<br><br>Bezirkssporthalle Mitte <br><strong>Halle B<br><\/strong>Von-der-Tann Stra\u00dfe 1<br>85049 Ingolstadt<br><br>Karin Bauer, Sigi Fichtner<br><a href=\"javascript:DeCryptX('1l1b0r2k1o1\/1c2c2w2g1s011A0t1.3r1o1m3l0n2g203g2g')\">karin [dot] bauer1 [at] t-online [dot] de<\/a><\/p>\n<\/div>\n<\/div>\n<\/div>\n\n\n\n<div class=\"wp-block-column is-layout-flow wp-block-column-is-layout-flow\">\n<div class=\"wp-block-columns is-layout-flex wp-container-core-columns-is-layout-28f84493 wp-block-columns-is-layout-flex\">\n<div class=\"wp-block-column has-black-color has-startupzy-quote-background-color has-text-color has-background has-link-color wp-elements-fee7f64edc36f2f55454803f0e3a4270 is-layout-flow wp-block-column-is-layout-flow\" style=\"padding-right:var(--wp--preset--spacing--60);padding-left:var(--wp--preset--spacing--60)\">\n<h2 class=\"wp-block-heading has-text-color has-link-color wp-elements-031862b33e2b1d81ac6ca9e5d03c7e4c\" style=\"color:#561d7f\">KGW 2<\/h2>\n\n\n\n<p>Jahrgang 2019 &#8211; 2020<br>Bodenturnen mit Kasten | Pendelstaffel 50m | Schlagball 80g | \u00dcberraschungsaufgabe<br><br><strong>Dienstag <\/strong>17:00 &#8211; 19:00 Uhr<br><strong>Freitag <\/strong>17:00 &#8211; 19:00 Uhr<br><br>Bezirkssporthalle Mitte <br><strong>Halle B<\/strong><br>Von-der-Tann Stra\u00dfe 1<br>85049 Ingolstadt<br><br>Emma Pollinger<br><a href=\"javascript:DeCryptX('3h3p1n2c200p2q0l0l3l1o0g3h1s2B2o2v0v1.3l3q1\/2f2g')\">emma [dot] pollinger [at] mtv-in [dot] de<\/a><\/p>\n<\/div>\n<\/div>\n<\/div>\n<\/div>\n\n\n\n<div style=\"height:100px\" aria-hidden=\"true\" class=\"wp-block-spacer\"><\/div>\n\n\n\n<div style=\"height:50px\" aria-hidden=\"true\" class=\"wp-block-spacer\"><\/div>\n\n\n\n<div class=\"wp-block-buttons is-content-justification-center is-layout-flex wp-container-core-buttons-is-layout-a89b3969 wp-block-buttons-is-layout-flex\">\n<div class=\"wp-block-button has-custom-width wp-block-button__width-25\"><a class=\"wp-block-button__link has-background has-normal-font-size has-custom-font-size wp-element-button\" href=\"https:\/\/www.mtv-in.de\/turnen\/gruppen\/gymnastik\/\" style=\"background-color:#561d7f\">Zur Gymnastik<\/a><\/div>\n<\/div>\n\n\n\n<div style=\"height:100px\" aria-hidden=\"true\" class=\"wp-block-spacer\"><\/div>\n","protected":false},"excerpt":{"rendered":"<p>Kindergruppen-Wettkampf (KGW 6 &#8211; 12 Jahre), Turnergruppen-Wettkampf (TGW ab 12 Jahren) undTurnergruppen-Meisterschaft (TGM ab 12 Jahren) &#8211; hier sind Teamwork, Kreativit\u00e4t und Vielseitigkeitgefragt.Folgende Wettkampfdisziplinen werden bei uns trainiert: Die Wettk\u00e4mpfe finden bayernweit statt, teils mit \u00dcbernachtung. Im TGM\/TGW-Bereich sind Qualifikationen f\u00fcr Wettk\u00e4mpfe auf Bundesebene m\u00f6glich. Kontakt Emma Pollinger emma [dot] pollinger [at] mtv-in [dot] de [&hellip;]<\/p>\n","protected":false},"author":1,"featured_media":0,"parent":3039,"menu_order":0,"comment_status":"closed","ping_status":"closed","template":"","meta":{"footnotes":""},"class_list":["post-3047","page","type-page","status-publish","hentry"],"_links":{"self":[{"href":"https:\/\/www.mtv-in.de\/turnen\/wp-json\/wp\/v2\/pages\/3047","targetHints":{"allow":["GET"]}}],"collection":[{"href":"https:\/\/www.mtv-in.de\/turnen\/wp-json\/wp\/v2\/pages"}],"about":[{"href":"https:\/\/www.mtv-in.de\/turnen\/wp-json\/wp\/v2\/types\/page"}],"author":[{"embeddable":true,"href":"https:\/\/www.mtv-in.de\/turnen\/wp-json\/wp\/v2\/users\/1"}],"replies":[{"embeddable":true,"href":"https:\/\/www.mtv-in.de\/turnen\/wp-json\/wp\/v2\/comments?post=3047"}],"version-history":[{"count":16,"href":"https:\/\/www.mtv-in.de\/turnen\/wp-json\/wp\/v2\/pages\/3047\/revisions"}],"predecessor-version":[{"id":3554,"href":"https:\/\/www.mtv-in.de\/turnen\/wp-json\/wp\/v2\/pages\/3047\/revisions\/3554"}],"up":[{"embeddable":true,"href":"https:\/\/www.mtv-in.de\/turnen\/wp-json\/wp\/v2\/pages\/3039"}],"wp:attachment":[{"href":"https:\/\/www.mtv-in.de\/turnen\/wp-json\/wp\/v2\/media?parent=3047"}],"curies":[{"name":"wp","href":"https:\/\/api.w.org\/{rel}","templated":true}]}}

<div style="height:50px" aria-hidden="true" class="wp-block-spacer"></div>



<div class="wp-block-columns is-layout-flex wp-container-core-columns-is-layout-28f84493 wp-block-columns-is-layout-flex">
<div class="wp-block-column is-layout-flow wp-block-column-is-layout-flow" style="flex-basis:25%">
<figure class="wp-block-image size-large"><a href="https://www.mtv-in.de/turnen/files/2025/05/Gruppenwettstreit.jpg"><img loading="lazy" decoding="async" width="1024" height="473" src="https://www.mtv-in.de/turnen/files/2025/05/Gruppenwettstreit-1024x473.jpg" alt="" class="wp-image-3274" srcset="https://www.mtv-in.de/turnen/files/2025/05/Gruppenwettstreit-1024x473.jpg 1024w, https://www.mtv-in.de/turnen/files/2025/05/Gruppenwettstreit-300x139.jpg 300w, https://www.mtv-in.de/turnen/files/2025/05/Gruppenwettstreit-768x355.jpg 768w, https://www.mtv-in.de/turnen/files/2025/05/Gruppenwettstreit-1536x710.jpg 1536w, https://www.mtv-in.de/turnen/files/2025/05/Gruppenwettstreit-2048x946.jpg 2048w" sizes="auto, (max-width: 1024px) 100vw, 1024px" /></a></figure>
</div>



<div class="wp-block-column has-black-color has-text-color has-link-color wp-elements-3d7f8558a6ba30c9963508396570b04b is-layout-flow wp-block-column-is-layout-flow" style="flex-basis:50%">
<p>Kindergruppen-Wettkampf (KGW 6 &#8211; 12 Jahre), Turnergruppen-Wettkampf (TGW ab 12 Jahren) und<br>Turnergruppen-Meisterschaft (TGM ab 12 Jahren) &#8211; hier sind Teamwork, Kreativität und Vielseitigkeit<br>gefragt.<br>Folgende Wettkampfdisziplinen werden bei uns trainiert:</p>



<ul class="wp-block-list">
<li>Gruppenturnen am Boden mit Kasten</li>



<li>Tanzen in der Gruppe</li>



<li>Pendelstaffel</li>



<li>Medizin- und Schlagballweitwurf</li>
</ul>



<p>Die Wettkämpfe finden bayernweit statt, teils mit Übernachtung. Im TGM/TGW-Bereich sind Qualifikationen für Wettkämpfe auf Bundesebene möglich.</p>
</div>



<div class="wp-block-column is-layout-flow wp-block-column-is-layout-flow" style="flex-basis:25%">
<figure class="wp-block-gallery has-nested-images columns-default is-cropped wp-block-gallery-1 is-layout-flex wp-block-gallery-is-layout-flex">
<figure class="wp-block-image size-large"><img loading="lazy" decoding="async" width="1024" height="576" data-id="3237" src="https://www.mtv-in.de/turnen/files/2025/04/06_20150725_1301261-1024x576.jpg" alt="" class="wp-image-3237" srcset="https://www.mtv-in.de/turnen/files/2025/04/06_20150725_1301261-1024x576.jpg 1024w, https://www.mtv-in.de/turnen/files/2025/04/06_20150725_1301261-300x169.jpg 300w, https://www.mtv-in.de/turnen/files/2025/04/06_20150725_1301261-768x432.jpg 768w, https://www.mtv-in.de/turnen/files/2025/04/06_20150725_1301261-1536x864.jpg 1536w, https://www.mtv-in.de/turnen/files/2025/04/06_20150725_1301261-2048x1152.jpg 2048w" sizes="auto, (max-width: 1024px) 100vw, 1024px" /></figure>
</figure>
</div>
</div>



<p style="margin-right:var(--wp--preset--spacing--40);margin-left:var(--wp--preset--spacing--40)"></p>



<div style="height:50px" aria-hidden="true" class="wp-block-spacer"></div>



<div class="wp-block-columns has-background is-layout-flex wp-container-core-columns-is-layout-28f84493 wp-block-columns-is-layout-flex" style="background-color:#561d7f">
<div class="wp-block-column is-layout-flow wp-block-column-is-layout-flow">
<h3 class="wp-block-heading has-startupzy-bgsoft-color has-text-color has-link-color wp-elements-d40ba423db2e8ba288a10a95cb69d390">Kontakt</h3>



<h6 class="wp-block-heading has-startupzy-bgsoft-color has-text-color has-link-color wp-elements-969d7e2848efe8fec8a5052df468912c">Emma Pollinger</h6>



<p class="has-startupzy-bgsoft-color has-text-color has-link-color wp-elements-b374a8175df5cbc8194bef539ae38742"><a href="javascript:DeCryptX('0e1n0m1b203s0o3o0l0i1o1h0e0r3C2o2v0v301j2p312f1f')">emma [dot] pollinger [at] mtv-in [dot] de</a></p>
</div>



<div class="wp-block-column is-layout-flow wp-block-column-is-layout-flow">
<h4 class="wp-block-heading has-startupzy-bgsoft-color has-text-color has-link-color wp-elements-1aef9ea63bf898a5ab47b5777843f1ca">!! Gesucht !!</h4>



<p class="has-startupzy-bgsoft-color has-text-color has-link-color wp-elements-5ccc02731ee28a00dfb9ae12f94a9a1c">Wir sind laufend auf der Suche nach          Trainern und Helfern<br></p>
</div>
</div>



<div style="height:0px" aria-hidden="true" class="wp-block-spacer"></div>



<div style="height:50px" aria-hidden="true" class="wp-block-spacer"></div>



<div class="wp-block-columns is-layout-flex wp-container-core-columns-is-layout-28f84493 wp-block-columns-is-layout-flex">
<div class="wp-block-column is-layout-flow wp-block-column-is-layout-flow">
<div class="wp-block-columns is-layout-flex wp-container-core-columns-is-layout-28f84493 wp-block-columns-is-layout-flex">
<div class="wp-block-column has-black-color has-startupzy-quote-background-color has-text-color has-background has-link-color wp-elements-da7c798c6d83ec37f0e3f2a9b8061c6d is-layout-flow wp-block-column-is-layout-flow" style="padding-right:var(--wp--preset--spacing--60);padding-left:var(--wp--preset--spacing--60)">
<h2 class="wp-block-heading has-text-color has-link-color wp-elements-dc6474e0d606544af665d7ec49304209" style="color:#561d7f">KGW 1</h2>



<p>Jahrgang 2014 &#8211; 2015<br>Bodenturnen mit Kasten | Pendelstaffel 50m | Schlagball 80g | Überraschungsaufgabe<br><br><strong>Dienstag</strong> 17:00 &#8211; 19:00 Uhr<br><strong>Freitag</strong> 17:00 &#8211; 19:00 Uhr<br><br>Bezirkssporthalle Mitte <br><strong>Halle B<br></strong>Von-der-Tann Straße 1<br>85049 Ingolstadt<br><br>Karin Bauer, Sigi Fichtner<br><a href="javascript:DeCryptX('1l1b0r2k1o1/1c2c2w2g1s011A0t1.3r1o1m3l0n2g203g2g')">karin [dot] bauer1 [at] t-online [dot] de</a></p>
</div>
</div>
</div>



<div class="wp-block-column is-layout-flow wp-block-column-is-layout-flow">
<div class="wp-block-columns is-layout-flex wp-container-core-columns-is-layout-28f84493 wp-block-columns-is-layout-flex">
<div class="wp-block-column has-black-color has-startupzy-quote-background-color has-text-color has-background has-link-color wp-elements-fee7f64edc36f2f55454803f0e3a4270 is-layout-flow wp-block-column-is-layout-flow" style="padding-right:var(--wp--preset--spacing--60);padding-left:var(--wp--preset--spacing--60)">
<h2 class="wp-block-heading has-text-color has-link-color wp-elements-031862b33e2b1d81ac6ca9e5d03c7e4c" style="color:#561d7f">KGW 2</h2>



<p>Jahrgang 2019 &#8211; 2020<br>Bodenturnen mit Kasten | Pendelstaffel 50m | Schlagball 80g | Überraschungsaufgabe<br><br><strong>Dienstag </strong>17:00 &#8211; 19:00 Uhr<br><strong>Freitag </strong>17:00 &#8211; 19:00 Uhr<br><br>Bezirkssporthalle Mitte <br><strong>Halle B</strong><br>Von-der-Tann Straße 1<br>85049 Ingolstadt<br><br>Emma Pollinger<br><a href="javascript:DeCryptX('3h3p1n2c200p2q0l0l3l1o0g3h1s2B2o2v0v1.3l3q1/2f2g')">emma [dot] pollinger [at] mtv-in [dot] de</a></p>
</div>
</div>
</div>
</div>



<div style="height:100px" aria-hidden="true" class="wp-block-spacer"></div>



<div style="height:50px" aria-hidden="true" class="wp-block-spacer"></div>



<div class="wp-block-buttons is-content-justification-center is-layout-flex wp-container-core-buttons-is-layout-a89b3969 wp-block-buttons-is-layout-flex">
<div class="wp-block-button has-custom-width wp-block-button__width-25"><a class="wp-block-button__link has-background has-normal-font-size has-custom-font-size wp-element-button" href="https://www.mtv-in.de/turnen/gruppen/gymnastik/" style="background-color:#561d7f">Zur Gymnastik</a></div>
</div>



<div style="height:100px" aria-hidden="true" class="wp-block-spacer"></div>

<p>Kindergruppen-Wettkampf (KGW 6 &#8211; 12 Jahre), Turnergruppen-Wettkampf (TGW ab 12 Jahren) undTurnergruppen-Meisterschaft (TGM ab 12 Jahren) &#8211; hier sind Teamwork, Kreativität und Vielseitigkeitgefragt.Folgende Wettkampfdisziplinen werden bei uns trainiert: Die Wettkämpfe finden bayernweit statt, teils mit Übernachtung. Im TGM/TGW-Bereich sind Qualifikationen für Wettkämpfe auf Bundesebene möglich. Kontakt Emma Pollinger emma [dot] pollinger [at] mtv-in [dot] de [&hellip;]</p>
