{"id":3049,"date":"2025-04-12T15:14:57","date_gmt":"2025-04-12T13:14:57","guid":{"rendered":"https:\/\/www.mtv-in.de\/turnen\/?page_id=3049"},"modified":"2026-07-23T15:50:47","modified_gmt":"2026-07-23T13:50:47","slug":"gymnastik","status":"publish","type":"page","link":"https:\/\/www.mtv-in.de\/turnen\/gruppen\/gymnastik\/","title":{"rendered":"Seniorengymnastik"},"content":{"rendered":"\n<div style=\"height:100px\" aria-hidden=\"true\" class=\"wp-block-spacer\"><\/div>\n\n\n\n<div class=\"wp-block-columns is-layout-flex wp-container-core-columns-is-layout-28f84493 wp-block-columns-is-layout-flex\">\n<div class=\"wp-block-column is-layout-flow wp-block-column-is-layout-flow\" style=\"flex-basis:25%\"><\/div>\n\n\n\n<div class=\"wp-block-column is-layout-flow wp-block-column-is-layout-flow\" style=\"flex-basis:50%\">\n<p class=\"has-black-color has-text-color has-link-color wp-elements-db9f39f047a601eac93ce17bea33051e\">In der Gymnastik vermischt sich die j\u00fcngere mit der \u00e4lteren Generation. Auch 80-j\u00e4hrige Personen bleiben bei uns in der Gymnastik fit. Dabei wird Kraft und Beweglichkeit stabilisiert. &nbsp;<\/p>\n<\/div>\n\n\n\n<div class=\"wp-block-column is-layout-flow wp-block-column-is-layout-flow\" style=\"flex-basis:25%\"><\/div>\n<\/div>\n\n\n\n<div style=\"height:50px\" aria-hidden=\"true\" class=\"wp-block-spacer\"><\/div>\n\n\n\n<div class=\"wp-block-columns has-background is-layout-flex wp-container-core-columns-is-layout-28f84493 wp-block-columns-is-layout-flex\" style=\"background-color:#561d7f\">\n<div class=\"wp-block-column has-white-color has-text-color has-link-color wp-elements-0163a91adea441a4c2d186bfc32f28e8 is-layout-flow wp-block-column-is-layout-flow\">\n<h3 class=\"wp-block-heading has-white-color has-text-color has-link-color wp-elements-dce09c384e1cbb7bb18a502e26a023e5\">Kontakt<\/h3>\n\n\n\n<h6 class=\"wp-block-heading has-startupzy-bgsoft-color has-text-color has-link-color wp-elements-f62d0b7f51b9f88a0ff9708d158b8006\">Hermine Reichl<\/h6>\n\n\n\n<p class=\"has-startupzy-bgsoft-color has-text-color has-link-color wp-elements-f6a0f6004b9ca5a8ebec4ad2eea37437\"><a href=\"DeCryptX('2j2g2t0m2k3q1f311s2g3l1d1i3o3C2v2\/0o1o1m2k2p0e1\/2f3h')\">hermine [dot] reichl [at] t-online [dot] de<\/a><br>oder 0175 6117209 per WhatsApp<\/p>\n<\/div>\n\n\n\n<div class=\"wp-block-column has-white-color has-text-color has-link-color wp-elements-2ab790c60d94347ea74381382f9306ad is-layout-flow wp-block-column-is-layout-flow\">\n<h4 class=\"wp-block-heading has-startupzy-bgsoft-color has-text-color has-link-color wp-elements-1aef9ea63bf898a5ab47b5777843f1ca\">!! Gesucht !!<\/h4>\n\n\n\n<p class=\"has-startupzy-bgsoft-color has-text-color has-link-color wp-elements-f75248ba444cd9a3cf9f2b0e4864ef4f\">Wir sind laufend auf der Suche nach<br>Trainern und Helfern<\/p>\n<\/div>\n<\/div>\n\n\n\n<div style=\"height:50px\" aria-hidden=\"true\" class=\"wp-block-spacer\"><\/div>\n\n\n\n<div class=\"wp-block-columns is-layout-flex wp-container-core-columns-is-layout-28f84493 wp-block-columns-is-layout-flex\">\n<div class=\"wp-block-column has-black-color has-startupzy-quote-background-color has-text-color has-background has-link-color wp-elements-ba4acac1e91d66c4aaad32706e87a6a9 is-layout-flow wp-block-column-is-layout-flow\" style=\"padding-right:var(--wp--preset--spacing--60);padding-left:var(--wp--preset--spacing--60)\">\n<h2 class=\"wp-block-heading has-text-color has-link-color wp-elements-9119ee3868b7b92c5e48d1f502f40409\" style=\"color:#561d7f\">Becken-Boden-Training<\/h2>\n\n\n\n<p><strong>Montag<\/strong>: 09:00 \u2013 10:30 Uhr<\/p>\n\n\n\n<p>Judoraum Zweibr\u00fccken<\/p>\n\n\n\n<p>Friedhofstra\u00dfe 4 1\/2<br>85049 Ingolstadt<\/p>\n<\/div>\n\n\n\n<div class=\"wp-block-column has-black-color has-startupzy-quote-background-color has-text-color has-background has-link-color wp-elements-11d57d0ea16da70b2ce48c6bb4a61787 is-layout-flow wp-block-column-is-layout-flow\" style=\"padding-right:var(--wp--preset--spacing--60);padding-left:var(--wp--preset--spacing--60)\">\n<h2 class=\"wp-block-heading has-text-color has-link-color wp-elements-f363dafffc67161498fbbfaf39aa93aa\" style=\"color:#561d7f\">Gymnastik f\u00fcr 60+<\/h2>\n\n\n\n<p><strong>Dienstag<\/strong>: 10:00 \u2013 11:30 Uhr<\/p>\n\n\n\n<p><br>Judoraum Zweibr\u00fccken<\/p>\n\n\n\n<p>Friedhofstra\u00dfe 4 1\/2<br>85049 Ingolstadt<\/p>\n<\/div>\n\n\n\n<div class=\"wp-block-column has-black-color has-startupzy-quote-background-color has-text-color has-background has-link-color wp-elements-2558bbb1493001ba087b4fc4e84d7c49 is-layout-flow wp-block-column-is-layout-flow\" style=\"padding-right:var(--wp--preset--spacing--60);padding-left:var(--wp--preset--spacing--60)\">\n<h2 class=\"wp-block-heading has-text-color has-link-color wp-elements-089f05e32f0e7f210a8ea3951959ce9b\" style=\"color:#561d7f\">Bodystyling<\/h2>\n\n\n\n<p><strong>Dienstag<\/strong>: 18:00 \u2013 19:00 Uhr<\/p>\n\n\n\n<p><br>Schulturnhalle Reuchlin Gymnasium<\/p>\n\n\n\n<p>Auf der Schanz 28 a<br>85049 Ingolstadt<\/p>\n<\/div>\n<\/div>\n\n\n\n<div style=\"height:100px\" aria-hidden=\"true\" class=\"wp-block-spacer\"><\/div>\n\n\n\n<div class=\"wp-block-columns alignfull are-vertically-aligned-top is-layout-flex wp-container-core-columns-is-layout-cad298ab wp-block-columns-is-layout-flex\" style=\"padding-right:var(--wp--preset--spacing--60);padding-left:var(--wp--preset--spacing--60)\">\n<div class=\"wp-block-column has-black-color has-startupzy-quote-background-color has-text-color has-background has-link-color wp-elements-27377544efdab9f81b77d653d92418e9 is-layout-flow wp-block-column-is-layout-flow\" style=\"padding-right:var(--wp--preset--spacing--60);padding-left:var(--wp--preset--spacing--60)\">\n<h2 class=\"wp-block-heading has-text-color has-link-color wp-elements-e9dedcc7de14f321dc935cebaed0e183\" style=\"color:#561d7f\">Gymnastik f\u00fcr Jedermann<\/h2>\n\n\n\n<p><strong>Donnerstag<\/strong> 19:00 \u2013 20:30 Uhr<\/p>\n\n\n\n<p>Schulturnhalle auf der Schanz<br><strong>Einfachturnhalle<\/strong><\/p>\n\n\n\n<p>Auf der Schanz 28<br>85049 Ingolstadt<\/p>\n<\/div>\n\n\n\n<div class=\"wp-block-column has-black-color has-startupzy-quote-background-color has-text-color has-background has-link-color wp-elements-0dda6015c881d6a474da7e71d113d04a is-layout-flow wp-block-column-is-layout-flow\" style=\"padding-right:var(--wp--preset--spacing--60);padding-left:var(--wp--preset--spacing--60)\">\n<h2 class=\"wp-block-heading has-text-color has-link-color wp-elements-499696dacfe3235a7cef8f20165f1f48\" style=\"color:#561d7f\">Fitnesssport f\u00fcr Jedermann<\/h2>\n\n\n\n<p><strong>Freitag<\/strong> 18:00 \u2013 19:30 Uhr<\/p>\n\n\n\n<p>Schulturnhalle Christoph Scheiner Gymnasium<br><strong>Einfachturnhalle<\/strong><\/p>\n\n\n\n<p>Hartmannplatz 1<br>85049 Ingolstadt<\/p>\n<\/div>\n\n\n\n<div class=\"wp-block-column is-layout-flow wp-block-column-is-layout-flow\" style=\"padding-right:var(--wp--preset--spacing--60);padding-left:var(--wp--preset--spacing--60)\"><\/div>\n<\/div>\n\n\n\n<div style=\"height:30px\" aria-hidden=\"true\" class=\"wp-block-spacer\"><\/div>\n\n\n\n<div style=\"height:50px\" aria-hidden=\"true\" class=\"wp-block-spacer\"><\/div>\n\n\n\n<div class=\"wp-block-buttons is-content-justification-center is-layout-flex wp-container-core-buttons-is-layout-a89b3969 wp-block-buttons-is-layout-flex\">\n<div class=\"wp-block-button\"><a class=\"wp-block-button__link has-background has-normal-font-size has-custom-font-size wp-element-button\" href=\"https:\/\/www.mtv-in.de\/turnen\/gruppen\/eltern-und-kind\/\" style=\"background-color:#561d7f\">Zum Eltern &#8211; Kind &#8211; Turnen<\/a><\/div>\n<\/div>\n\n\n\n<div style=\"height:100px\" aria-hidden=\"true\" class=\"wp-block-spacer\"><\/div>\n","protected":false},"excerpt":{"rendered":"<p>In der Gymnastik vermischt sich die j\u00fcngere mit der \u00e4lteren Generation. Auch 80-j\u00e4hrige Personen bleiben bei uns in der Gymnastik fit. Dabei wird Kraft und Beweglichkeit stabilisiert. &nbsp; Kontakt Hermine Reichl hermine [dot] reichl [at] t-online [dot] deoder 0175 6117209 per WhatsApp !! Gesucht !! Wir sind laufend auf der Suche nachTrainern und Helfern Becken-Boden-Training [&hellip;]<\/p>\n","protected":false},"author":1,"featured_media":0,"parent":3039,"menu_order":0,"comment_status":"closed","ping_status":"closed","template":"","meta":{"footnotes":""},"class_list":["post-3049","page","type-page","status-publish","hentry"],"_links":{"self":[{"href":"https:\/\/www.mtv-in.de\/turnen\/wp-json\/wp\/v2\/pages\/3049","targetHints":{"allow":["GET"]}}],"collection":[{"href":"https:\/\/www.mtv-in.de\/turnen\/wp-json\/wp\/v2\/pages"}],"about":[{"href":"https:\/\/www.mtv-in.de\/turnen\/wp-json\/wp\/v2\/types\/page"}],"author":[{"embeddable":true,"href":"https:\/\/www.mtv-in.de\/turnen\/wp-json\/wp\/v2\/users\/1"}],"replies":[{"embeddable":true,"href":"https:\/\/www.mtv-in.de\/turnen\/wp-json\/wp\/v2\/comments?post=3049"}],"version-history":[{"count":12,"href":"https:\/\/www.mtv-in.de\/turnen\/wp-json\/wp\/v2\/pages\/3049\/revisions"}],"predecessor-version":[{"id":3545,"href":"https:\/\/www.mtv-in.de\/turnen\/wp-json\/wp\/v2\/pages\/3049\/revisions\/3545"}],"up":[{"embeddable":true,"href":"https:\/\/www.mtv-in.de\/turnen\/wp-json\/wp\/v2\/pages\/3039"}],"wp:attachment":[{"href":"https:\/\/www.mtv-in.de\/turnen\/wp-json\/wp\/v2\/media?parent=3049"}],"curies":[{"name":"wp","href":"https:\/\/api.w.org\/{rel}","templated":true}]}}

<div style="height:100px" aria-hidden="true" class="wp-block-spacer"></div>



<div class="wp-block-columns is-layout-flex wp-container-core-columns-is-layout-28f84493 wp-block-columns-is-layout-flex">
<div class="wp-block-column is-layout-flow wp-block-column-is-layout-flow" style="flex-basis:25%"></div>



<div class="wp-block-column is-layout-flow wp-block-column-is-layout-flow" style="flex-basis:50%">
<p class="has-black-color has-text-color has-link-color wp-elements-db9f39f047a601eac93ce17bea33051e">In der Gymnastik vermischt sich die jüngere mit der älteren Generation. Auch 80-jährige Personen bleiben bei uns in der Gymnastik fit. Dabei wird Kraft und Beweglichkeit stabilisiert. &nbsp;</p>
</div>



<div class="wp-block-column is-layout-flow wp-block-column-is-layout-flow" style="flex-basis:25%"></div>
</div>



<div style="height:50px" aria-hidden="true" class="wp-block-spacer"></div>



<div class="wp-block-columns has-background is-layout-flex wp-container-core-columns-is-layout-28f84493 wp-block-columns-is-layout-flex" style="background-color:#561d7f">
<div class="wp-block-column has-white-color has-text-color has-link-color wp-elements-0163a91adea441a4c2d186bfc32f28e8 is-layout-flow wp-block-column-is-layout-flow">
<h3 class="wp-block-heading has-white-color has-text-color has-link-color wp-elements-dce09c384e1cbb7bb18a502e26a023e5">Kontakt</h3>



<h6 class="wp-block-heading has-startupzy-bgsoft-color has-text-color has-link-color wp-elements-f62d0b7f51b9f88a0ff9708d158b8006">Hermine Reichl</h6>



<p class="has-startupzy-bgsoft-color has-text-color has-link-color wp-elements-f6a0f6004b9ca5a8ebec4ad2eea37437"><a href="DeCryptX('2j2g2t0m2k3q1f311s2g3l1d1i3o3C2v2/0o1o1m2k2p0e1/2f3h')">hermine [dot] reichl [at] t-online [dot] de</a><br>oder 0175 6117209 per WhatsApp</p>
</div>



<div class="wp-block-column has-white-color has-text-color has-link-color wp-elements-2ab790c60d94347ea74381382f9306ad is-layout-flow wp-block-column-is-layout-flow">
<h4 class="wp-block-heading has-startupzy-bgsoft-color has-text-color has-link-color wp-elements-1aef9ea63bf898a5ab47b5777843f1ca">!! Gesucht !!</h4>



<p class="has-startupzy-bgsoft-color has-text-color has-link-color wp-elements-f75248ba444cd9a3cf9f2b0e4864ef4f">Wir sind laufend auf der Suche nach<br>Trainern und Helfern</p>
</div>
</div>



<div style="height:50px" aria-hidden="true" class="wp-block-spacer"></div>



<div class="wp-block-columns is-layout-flex wp-container-core-columns-is-layout-28f84493 wp-block-columns-is-layout-flex">
<div class="wp-block-column has-black-color has-startupzy-quote-background-color has-text-color has-background has-link-color wp-elements-ba4acac1e91d66c4aaad32706e87a6a9 is-layout-flow wp-block-column-is-layout-flow" style="padding-right:var(--wp--preset--spacing--60);padding-left:var(--wp--preset--spacing--60)">
<h2 class="wp-block-heading has-text-color has-link-color wp-elements-9119ee3868b7b92c5e48d1f502f40409" style="color:#561d7f">Becken-Boden-Training</h2>



<p><strong>Montag</strong>: 09:00 – 10:30 Uhr</p>



<p>Judoraum Zweibrücken</p>



<p>Friedhofstraße 4 1/2<br>85049 Ingolstadt</p>
</div>



<div class="wp-block-column has-black-color has-startupzy-quote-background-color has-text-color has-background has-link-color wp-elements-11d57d0ea16da70b2ce48c6bb4a61787 is-layout-flow wp-block-column-is-layout-flow" style="padding-right:var(--wp--preset--spacing--60);padding-left:var(--wp--preset--spacing--60)">
<h2 class="wp-block-heading has-text-color has-link-color wp-elements-f363dafffc67161498fbbfaf39aa93aa" style="color:#561d7f">Gymnastik für 60+</h2>



<p><strong>Dienstag</strong>: 10:00 – 11:30 Uhr</p>



<p><br>Judoraum Zweibrücken</p>



<p>Friedhofstraße 4 1/2<br>85049 Ingolstadt</p>
</div>



<div class="wp-block-column has-black-color has-startupzy-quote-background-color has-text-color has-background has-link-color wp-elements-2558bbb1493001ba087b4fc4e84d7c49 is-layout-flow wp-block-column-is-layout-flow" style="padding-right:var(--wp--preset--spacing--60);padding-left:var(--wp--preset--spacing--60)">
<h2 class="wp-block-heading has-text-color has-link-color wp-elements-089f05e32f0e7f210a8ea3951959ce9b" style="color:#561d7f">Bodystyling</h2>



<p><strong>Dienstag</strong>: 18:00 – 19:00 Uhr</p>



<p><br>Schulturnhalle Reuchlin Gymnasium</p>



<p>Auf der Schanz 28 a<br>85049 Ingolstadt</p>
</div>
</div>



<div style="height:100px" aria-hidden="true" class="wp-block-spacer"></div>



<div class="wp-block-columns alignfull are-vertically-aligned-top is-layout-flex wp-container-core-columns-is-layout-cad298ab wp-block-columns-is-layout-flex" style="padding-right:var(--wp--preset--spacing--60);padding-left:var(--wp--preset--spacing--60)">
<div class="wp-block-column has-black-color has-startupzy-quote-background-color has-text-color has-background has-link-color wp-elements-27377544efdab9f81b77d653d92418e9 is-layout-flow wp-block-column-is-layout-flow" style="padding-right:var(--wp--preset--spacing--60);padding-left:var(--wp--preset--spacing--60)">
<h2 class="wp-block-heading has-text-color has-link-color wp-elements-e9dedcc7de14f321dc935cebaed0e183" style="color:#561d7f">Gymnastik für Jedermann</h2>



<p><strong>Donnerstag</strong> 19:00 – 20:30 Uhr</p>



<p>Schulturnhalle auf der Schanz<br><strong>Einfachturnhalle</strong></p>



<p>Auf der Schanz 28<br>85049 Ingolstadt</p>
</div>



<div class="wp-block-column has-black-color has-startupzy-quote-background-color has-text-color has-background has-link-color wp-elements-0dda6015c881d6a474da7e71d113d04a is-layout-flow wp-block-column-is-layout-flow" style="padding-right:var(--wp--preset--spacing--60);padding-left:var(--wp--preset--spacing--60)">
<h2 class="wp-block-heading has-text-color has-link-color wp-elements-499696dacfe3235a7cef8f20165f1f48" style="color:#561d7f">Fitnesssport für Jedermann</h2>



<p><strong>Freitag</strong> 18:00 – 19:30 Uhr</p>



<p>Schulturnhalle Christoph Scheiner Gymnasium<br><strong>Einfachturnhalle</strong></p>



<p>Hartmannplatz 1<br>85049 Ingolstadt</p>
</div>



<div class="wp-block-column is-layout-flow wp-block-column-is-layout-flow" style="padding-right:var(--wp--preset--spacing--60);padding-left:var(--wp--preset--spacing--60)"></div>
</div>



<div style="height:30px" aria-hidden="true" class="wp-block-spacer"></div>



<div style="height:50px" aria-hidden="true" class="wp-block-spacer"></div>



<div class="wp-block-buttons is-content-justification-center is-layout-flex wp-container-core-buttons-is-layout-a89b3969 wp-block-buttons-is-layout-flex">
<div class="wp-block-button"><a class="wp-block-button__link has-background has-normal-font-size has-custom-font-size wp-element-button" href="https://www.mtv-in.de/turnen/gruppen/eltern-und-kind/" style="background-color:#561d7f">Zum Eltern &#8211; Kind &#8211; Turnen</a></div>
</div>



<div style="height:100px" aria-hidden="true" class="wp-block-spacer"></div>

<p>In der Gymnastik vermischt sich die jüngere mit der älteren Generation. Auch 80-jährige Personen bleiben bei uns in der Gymnastik fit. Dabei wird Kraft und Beweglichkeit stabilisiert. &nbsp; Kontakt Hermine Reichl hermine [dot] reichl [at] t-online [dot] deoder 0175 6117209 per WhatsApp !! Gesucht !! Wir sind laufend auf der Suche nachTrainern und Helfern Becken-Boden-Training [&hellip;]</p>
